{"id":6594,"date":"2025-06-28T17:57:59","date_gmt":"2025-06-28T15:57:59","guid":{"rendered":"https:\/\/uj.adatbank.ro\/lexikon\/termek\/david-mozes-antal\/"},"modified":"2025-06-28T17:57:59","modified_gmt":"2025-06-28T15:57:59","slug":"david-mozes-antal","status":"publish","type":"product","link":"https:\/\/uj.adatbank.ro\/lexikon\/termek\/david-mozes-antal\/","title":{"rendered":"D\u00c1VID M\u00f3zes Antal"},"content":{"rendered":"<p>Gyergy\u00f3remete, ? \u2020 1848 : t\u00e1blab\u00edr\u00f3, mv.-i polg\u00e1r, j\u00f3sz\u00e1gigazgat\u00f3, alap\u00edtv\u00e1nytev\u0151. \u2013 Gyergy\u00f3remetei sz\u00e1rmaz\u00e1s\u00fa, aki t\u00f6bb marossz\u00e9ki uradalom j\u00f3sz\u00e1gigazgat\u00f3ja. T. t\u00e1blab\u00edr\u00f3nak v\u00e1lasztott\u00e1k (1847). Tekint\u00e9lyes vagyont szerzett \u00e9s annak egy r\u00e9sz\u00e9t olyan int\u00e9zm\u00e9ny l\u00e9tes\u00edt\u00e9s\u00e9re akarta ford\u00edtani, amely a sz\u00e9kelys\u00e9g felemel\u00e9s\u00e9t szolg\u00e1lja: 4000 ez\u00fcst r\u00e9nes forint alap\u00edtv\u00e1nyt tett sz\u00e9kely ipariskola, vagy egy sz\u00e9kely re\u00e1liskola l\u00e9tes\u00edt\u00e9s\u00e9re, aminek nagy haszna lenne Mv., a sz\u00e9kelys\u00e9g \u00e9s eg\u00e9sz orsz\u00e1g sz\u00e1m\u00e1ra (Erd\u00e9lyi H\u00edrad\u00f3, 1845. j\u00fan. 13.). Alap\u00edtv\u00e1nya l\u00e9trej\u00f6tt (1846). Mozgalmat ind\u00edtott tov\u00e1bbi hozz\u00e1j\u00e1rul\u00e1sok gy\u0171jt\u00e9s\u00e9re. A beind\u00edtott akci\u00f3 eleinte sikerrel indult, de az 1848-as id\u0151k a tov\u00e1bbi gy\u0171jt\u00e9st meg\u00e1ll\u00edtott\u00e1k. A p\u00e9nz kamatozott, de iskola nem l\u00e9tes\u00fclt. D\u00e1vid hal\u00e1la ut\u00e1n veszend\u0151be ment a j\u00f3c\u00e9l\u00fa alap\u00edtv\u00e1ny, a felel\u0151tlen gazd\u00e1lkod\u00e1s miatt. <br \/><strong>Irod.:<\/strong> B\u00e9nyei; Kr\u00f3n. F\u00fcz. (1939. 4\/6); V\u00edg Albert: Mo. iparoktat\u00e1s\u00e1nak t\u00f6rt\u00e9nete az utols\u00f3 sz\u00e1z \u00e9vben, k\u00fcl\u00f6n\u00f6sen 1867 \u00f3ta (Bp., 1932)<\/br><\/p>\n","protected":false},"excerpt":{"rendered":"<p>Gyergy\u00f3remete, ? \u2020 1848 : t\u00e1blab\u00edr\u00f3, mv.-i polg\u00e1r, j\u00f3sz\u00e1gigazgat\u00f3, alap\u00edtv\u00e1nytev\u0151. \u2013 Gyergy\u00f3remetei sz\u00e1rmaz\u00e1s\u00fa, aki t\u00f6bb marossz\u00e9ki uradalom j\u00f3sz\u00e1gigazgat\u00f3ja. T. t\u00e1blab\u00edr\u00f3nak v\u00e1lasztott\u00e1k (1847). Tekint\u00e9lyes vagyont szerzett \u00e9s annak egy r\u00e9sz\u00e9t olyan int\u00e9zm\u00e9ny l\u00e9tes\u00edt\u00e9s\u00e9re akarta ford\u00edtani, amely a sz\u00e9kelys\u00e9g felemel\u00e9s\u00e9t szolg\u00e1lja: 4000 ez\u00fcst r\u00e9nes forint alap\u00edtv\u00e1nyt tett sz\u00e9kely ipariskola, vagy egy sz\u00e9kely re\u00e1liskola l\u00e9tes\u00edt\u00e9s\u00e9re, aminek nagy haszna [&hellip;]<\/p>\n","protected":false},"featured_media":0,"comment_status":"open","ping_status":"closed","template":"","meta":[],"product_brand":[],"product_cat":[137],"product_tag":[],"class_list":{"0":"post-6594","1":"product","2":"type-product","3":"status-publish","5":"product_cat-maros-megyei-eletrajzi-lexikon","7":"first","8":"instock","9":"shipping-taxable","10":"product-type-simple"},"_links":{"self":[{"href":"https:\/\/uj.adatbank.ro\/lexikon\/wp-json\/wp\/v2\/product\/6594","targetHints":{"allow":["GET"]}}],"collection":[{"href":"https:\/\/uj.adatbank.ro\/lexikon\/wp-json\/wp\/v2\/product"}],"about":[{"href":"https:\/\/uj.adatbank.ro\/lexikon\/wp-json\/wp\/v2\/types\/product"}],"replies":[{"embeddable":true,"href":"https:\/\/uj.adatbank.ro\/lexikon\/wp-json\/wp\/v2\/comments?post=6594"}],"wp:attachment":[{"href":"https:\/\/uj.adatbank.ro\/lexikon\/wp-json\/wp\/v2\/media?parent=6594"}],"wp:term":[{"taxonomy":"product_brand","embeddable":true,"href":"https:\/\/uj.adatbank.ro\/lexikon\/wp-json\/wp\/v2\/product_brand?post=6594"},{"taxonomy":"product_cat","embeddable":true,"href":"https:\/\/uj.adatbank.ro\/lexikon\/wp-json\/wp\/v2\/product_cat?post=6594"},{"taxonomy":"product_tag","embeddable":true,"href":"https:\/\/uj.adatbank.ro\/lexikon\/wp-json\/wp\/v2\/product_tag?post=6594"}],"curies":[{"name":"wp","href":"https:\/\/api.w.org\/{rel}","templated":true}]}}

DÁVID Mózes Antal

<p>Gyergyóremete, ? † 1848 : táblabíró, mv.-i polgár, jószágigazgató, alapítványtevő. – Gyergyóremetei származású, aki több marosszéki uradalom jószágigazgatója. T. táblabírónak választották (1847). Tekintélyes vagyont szerzett és annak egy részét olyan intézmény létesítésére akarta fordítani, amely a székelység felemelését szolgálja: 4000 ezüst rénes forint alapítványt tett székely ipariskola, vagy egy székely reáliskola létesítésére, aminek nagy haszna lenne Mv., a székelység és egész ország számára (Erdélyi Híradó, 1845. jún. 13.). Alapítványa létrejött (1846). Mozgalmat indított további hozzájárulások gyűjtésére. A beindított akció eleinte sikerrel indult, de az 1848-as idők a további gyűjtést megállították. A pénz kamatozott, de iskola nem létesült. Dávid halála után veszendőbe ment a jócélú alapítvány, a felelőtlen gazdálkodás miatt. <br /><strong>Irod.:</strong> Bényei; Krón. Füz. (1939. 4/6); Víg Albert: Mo. iparoktatásának története az utolsó száz évben, különösen 1867 óta (Bp., 1932)</br></p>

<p>Gyergyóremete, ? † 1848 : táblabíró, mv.-i polgár, jószágigazgató, alapítványtevő. – Gyergyóremetei származású, aki több marosszéki uradalom jószágigazgatója. T. táblabírónak választották (1847). Tekintélyes vagyont szerzett és annak egy részét olyan intézmény létesítésére akarta fordítani, amely a székelység felemelését szolgálja: 4000 ezüst rénes forint alapítványt tett székely ipariskola, vagy egy székely reáliskola létesítésére, aminek nagy haszna [&hellip;]</p>
