{"id":6597,"date":"2025-06-28T17:58:06","date_gmt":"2025-06-28T15:58:06","guid":{"rendered":"https:\/\/uj.adatbank.ro\/lexikon\/termek\/david-sandor-david-alexandru\/"},"modified":"2025-06-28T17:58:06","modified_gmt":"2025-06-28T15:58:06","slug":"david-sandor-david-alexandru","status":"publish","type":"product","link":"https:\/\/uj.adatbank.ro\/lexikon\/termek\/david-sandor-david-alexandru\/","title":{"rendered":"D\u00c1VID S\u00e1ndor, David Alexandru"},"content":{"rendered":"<p>M\u00e1ramarossziget, 1908. aug. 12. \u2020 ? : tisztvisel\u0151. \u2013 Nyolc gimn. -t v\u00e9gzett. Mv.-i lakos. M. katonatiszt volt kapit\u00e1nyi rangban. T\u00e1voll\u00e9t\u00e9ben 20 \u00e9v b\u00f6rt\u00f6nre \u00edt\u00e9lt\u00e9k (1949), a v\u00e1d ellene: atrocit\u00e1sokat k\u00f6vetett el a b\u00e9lbori rom\u00e1nok ellen (1941\u201342). Kegyelemben r\u00e9szes\u00fclt (1955). A mv.-i Ipari \u00e9s \u00c9p\u00edtkez\u00e9si V\u00e1llalatn\u00e1l kapott munk\u00e1t. Kilenctag\u00fa csoportot szervezett, amely intenz\u00edv propagand\u00e1t fejtett ki a rendszer ellen, helytelen\u00fcl komment\u00e1lt\u00e1k a mo.-i esem\u00e9nyeket (1956), gyal\u00e1zt\u00e1k a p\u00e1rt \u00e9s \u00e1llami vezet\u0151ket, stb. Letart\u00f3ztatt\u00e1k Mv.-en (1961. j\u00fan. 12.). Meghalt a b\u00f6rt\u00f6nben. <br \/><strong>Irod.:<\/strong> \u00c1ldozatok; Bartos 2012<\/br><\/p>\n","protected":false},"excerpt":{"rendered":"<p>M\u00e1ramarossziget, 1908. aug. 12. \u2020 ? : tisztvisel\u0151. \u2013 Nyolc gimn. -t v\u00e9gzett. Mv.-i lakos. M. katonatiszt volt kapit\u00e1nyi rangban. T\u00e1voll\u00e9t\u00e9ben 20 \u00e9v b\u00f6rt\u00f6nre \u00edt\u00e9lt\u00e9k (1949), a v\u00e1d ellene: atrocit\u00e1sokat k\u00f6vetett el a b\u00e9lbori rom\u00e1nok ellen (1941\u201342). Kegyelemben r\u00e9szes\u00fclt (1955). A mv.-i Ipari \u00e9s \u00c9p\u00edtkez\u00e9si V\u00e1llalatn\u00e1l kapott munk\u00e1t. Kilenctag\u00fa csoportot szervezett, amely intenz\u00edv propagand\u00e1t fejtett [&hellip;]<\/p>\n","protected":false},"featured_media":0,"comment_status":"open","ping_status":"closed","template":"","meta":[],"product_brand":[],"product_cat":[137],"product_tag":[],"class_list":{"0":"post-6597","1":"product","2":"type-product","3":"status-publish","5":"product_cat-maros-megyei-eletrajzi-lexikon","7":"first","8":"instock","9":"shipping-taxable","10":"product-type-simple"},"_links":{"self":[{"href":"https:\/\/uj.adatbank.ro\/lexikon\/wp-json\/wp\/v2\/product\/6597","targetHints":{"allow":["GET"]}}],"collection":[{"href":"https:\/\/uj.adatbank.ro\/lexikon\/wp-json\/wp\/v2\/product"}],"about":[{"href":"https:\/\/uj.adatbank.ro\/lexikon\/wp-json\/wp\/v2\/types\/product"}],"replies":[{"embeddable":true,"href":"https:\/\/uj.adatbank.ro\/lexikon\/wp-json\/wp\/v2\/comments?post=6597"}],"wp:attachment":[{"href":"https:\/\/uj.adatbank.ro\/lexikon\/wp-json\/wp\/v2\/media?parent=6597"}],"wp:term":[{"taxonomy":"product_brand","embeddable":true,"href":"https:\/\/uj.adatbank.ro\/lexikon\/wp-json\/wp\/v2\/product_brand?post=6597"},{"taxonomy":"product_cat","embeddable":true,"href":"https:\/\/uj.adatbank.ro\/lexikon\/wp-json\/wp\/v2\/product_cat?post=6597"},{"taxonomy":"product_tag","embeddable":true,"href":"https:\/\/uj.adatbank.ro\/lexikon\/wp-json\/wp\/v2\/product_tag?post=6597"}],"curies":[{"name":"wp","href":"https:\/\/api.w.org\/{rel}","templated":true}]}}

DÁVID Sándor, David Alexandru

<p>Máramarossziget, 1908. aug. 12. † ? : tisztviselő. – Nyolc gimn. -t végzett. Mv.-i lakos. M. katonatiszt volt kapitányi rangban. Távollétében 20 év börtönre ítélték (1949), a vád ellene: atrocitásokat követett el a bélbori románok ellen (1941–42). Kegyelemben részesült (1955). A mv.-i Ipari és Építkezési Vállalatnál kapott munkát. Kilenctagú csoportot szervezett, amely intenzív propagandát fejtett ki a rendszer ellen, helytelenül kommentálták a mo.-i eseményeket (1956), gyalázták a párt és állami vezetőket, stb. Letartóztatták Mv.-en (1961. jún. 12.). Meghalt a börtönben. <br /><strong>Irod.:</strong> Áldozatok; Bartos 2012</br></p>

<p>Máramarossziget, 1908. aug. 12. † ? : tisztviselő. – Nyolc gimn. -t végzett. Mv.-i lakos. M. katonatiszt volt kapitányi rangban. Távollétében 20 év börtönre ítélték (1949), a vád ellene: atrocitásokat követett el a bélbori románok ellen (1941–42). Kegyelemben részesült (1955). A mv.-i Ipari és Építkezési Vállalatnál kapott munkát. Kilenctagú csoportot szervezett, amely intenzív propagandát fejtett [&hellip;]</p>
