{"id":6600,"date":"2025-06-28T17:58:10","date_gmt":"2025-06-28T15:58:10","guid":{"rendered":"https:\/\/uj.adatbank.ro\/lexikon\/termek\/dayka-janos-keserui-dajka-janos-keserui-dajka-janos\/"},"modified":"2025-06-28T17:58:10","modified_gmt":"2025-06-28T15:58:10","slug":"dayka-janos-keserui-dajka-janos-keserui-dajka-janos","status":"publish","type":"product","link":"https:\/\/uj.adatbank.ro\/lexikon\/termek\/dayka-janos-keserui-dajka-janos-keserui-dajka-janos\/","title":{"rendered":"DAYKA J\u00e1nos, keser\u0171i, Dajka J\u00e1nos, Keser\u0171i Dajka J\u00e1nos"},"content":{"rendered":"<p>?, \u2020\u00a0? : nemes. \u2013 C\u00edmeres nemeslevelet nyert Bethlen G\u00e1bort\u00f3l (1617. aug. 2.). \u2013 <strong>F. m.:<\/strong> Halotti besz\u00e9d Hod\u00e1szi Luk\u00e1cs felett, 1613. m\u00e1j. 19. (Debrecen, 1613); Halotti besz\u00e9d K\u00e1rolyi Zsuzsanna, Bethlen G\u00e1bor h\u00e1zast\u00e1rsa felett, 1622. m\u00e1j. 19. (Gyulafeh\u00e9rv\u00e1r, 1624). <br \/><strong>Irod.:<\/strong> Halotti besz\u00e9dek; P\u00e1lmay<\/br><\/p>\n","protected":false},"excerpt":{"rendered":"<p>?, \u2020\u00a0? : nemes. \u2013 C\u00edmeres nemeslevelet nyert Bethlen G\u00e1bort\u00f3l (1617. aug. 2.). \u2013 F. m.: Halotti besz\u00e9d Hod\u00e1szi Luk\u00e1cs felett, 1613. m\u00e1j. 19. (Debrecen, 1613); Halotti besz\u00e9d K\u00e1rolyi Zsuzsanna, Bethlen G\u00e1bor h\u00e1zast\u00e1rsa felett, 1622. m\u00e1j. 19. (Gyulafeh\u00e9rv\u00e1r, 1624). Irod.: Halotti besz\u00e9dek; P\u00e1lmay<\/p>\n","protected":false},"featured_media":0,"comment_status":"open","ping_status":"closed","template":"","meta":[],"product_brand":[],"product_cat":[137],"product_tag":[],"class_list":{"0":"post-6600","1":"product","2":"type-product","3":"status-publish","5":"product_cat-maros-megyei-eletrajzi-lexikon","7":"first","8":"instock","9":"shipping-taxable","10":"product-type-simple"},"_links":{"self":[{"href":"https:\/\/uj.adatbank.ro\/lexikon\/wp-json\/wp\/v2\/product\/6600","targetHints":{"allow":["GET"]}}],"collection":[{"href":"https:\/\/uj.adatbank.ro\/lexikon\/wp-json\/wp\/v2\/product"}],"about":[{"href":"https:\/\/uj.adatbank.ro\/lexikon\/wp-json\/wp\/v2\/types\/product"}],"replies":[{"embeddable":true,"href":"https:\/\/uj.adatbank.ro\/lexikon\/wp-json\/wp\/v2\/comments?post=6600"}],"wp:attachment":[{"href":"https:\/\/uj.adatbank.ro\/lexikon\/wp-json\/wp\/v2\/media?parent=6600"}],"wp:term":[{"taxonomy":"product_brand","embeddable":true,"href":"https:\/\/uj.adatbank.ro\/lexikon\/wp-json\/wp\/v2\/product_brand?post=6600"},{"taxonomy":"product_cat","embeddable":true,"href":"https:\/\/uj.adatbank.ro\/lexikon\/wp-json\/wp\/v2\/product_cat?post=6600"},{"taxonomy":"product_tag","embeddable":true,"href":"https:\/\/uj.adatbank.ro\/lexikon\/wp-json\/wp\/v2\/product_tag?post=6600"}],"curies":[{"name":"wp","href":"https:\/\/api.w.org\/{rel}","templated":true}]}}