{"id":6601,"date":"2025-06-28T17:58:12","date_gmt":"2025-06-28T15:58:12","guid":{"rendered":"https:\/\/uj.adatbank.ro\/lexikon\/termek\/dayka-margit\/"},"modified":"2025-06-28T17:58:12","modified_gmt":"2025-06-28T15:58:12","slug":"dayka-margit","status":"publish","type":"product","link":"https:\/\/uj.adatbank.ro\/lexikon\/termek\/dayka-margit\/","title":{"rendered":"DAYKA Margit"},"content":{"rendered":"<p>Nagyv\u00e1rad, 1907. okt. 13., \u2020\u00a0Bp., 1986. m\u00e1j. 24.: sz\u00edn\u00e9sz. \u2013 Fell\u00e9pett Mv.-en, Sz\u00e1szr\u00e9genben, Marosludason Feh\u00e9r Imre t\u00e1rsulat\u00e1val (1925\u201326); Mv.-en vend\u00e9gszerepelt a V\u00edgsz\u00ednh\u00e1z tagjak\u00e9nt V\u00edgh Endre t\u00e1rsulat\u00e1n\u00e1l (1933. m\u00e1j. 25-aug. 25). <br \/><strong>Irod.:<\/strong> K\u00f6t\u0151<\/br><\/p>\n","protected":false},"excerpt":{"rendered":"<p>Nagyv\u00e1rad, 1907. okt. 13., \u2020\u00a0Bp., 1986. m\u00e1j. 24.: sz\u00edn\u00e9sz. \u2013 Fell\u00e9pett Mv.-en, Sz\u00e1szr\u00e9genben, Marosludason Feh\u00e9r Imre t\u00e1rsulat\u00e1val (1925\u201326); Mv.-en vend\u00e9gszerepelt a V\u00edgsz\u00ednh\u00e1z tagjak\u00e9nt V\u00edgh Endre t\u00e1rsulat\u00e1n\u00e1l (1933. m\u00e1j. 25-aug. 25). Irod.: K\u00f6t\u0151<\/p>\n","protected":false},"featured_media":0,"comment_status":"open","ping_status":"closed","template":"","meta":[],"product_brand":[],"product_cat":[137],"product_tag":[],"class_list":{"0":"post-6601","1":"product","2":"type-product","3":"status-publish","5":"product_cat-maros-megyei-eletrajzi-lexikon","7":"first","8":"instock","9":"shipping-taxable","10":"product-type-simple"},"_links":{"self":[{"href":"https:\/\/uj.adatbank.ro\/lexikon\/wp-json\/wp\/v2\/product\/6601","targetHints":{"allow":["GET"]}}],"collection":[{"href":"https:\/\/uj.adatbank.ro\/lexikon\/wp-json\/wp\/v2\/product"}],"about":[{"href":"https:\/\/uj.adatbank.ro\/lexikon\/wp-json\/wp\/v2\/types\/product"}],"replies":[{"embeddable":true,"href":"https:\/\/uj.adatbank.ro\/lexikon\/wp-json\/wp\/v2\/comments?post=6601"}],"wp:attachment":[{"href":"https:\/\/uj.adatbank.ro\/lexikon\/wp-json\/wp\/v2\/media?parent=6601"}],"wp:term":[{"taxonomy":"product_brand","embeddable":true,"href":"https:\/\/uj.adatbank.ro\/lexikon\/wp-json\/wp\/v2\/product_brand?post=6601"},{"taxonomy":"product_cat","embeddable":true,"href":"https:\/\/uj.adatbank.ro\/lexikon\/wp-json\/wp\/v2\/product_cat?post=6601"},{"taxonomy":"product_tag","embeddable":true,"href":"https:\/\/uj.adatbank.ro\/lexikon\/wp-json\/wp\/v2\/product_tag?post=6601"}],"curies":[{"name":"wp","href":"https:\/\/api.w.org\/{rel}","templated":true}]}}