{"id":6603,"date":"2025-06-28T17:58:18","date_gmt":"2025-06-28T15:58:18","guid":{"rendered":"https:\/\/uj.adatbank.ro\/lexikon\/termek\/de-villa-erno\/"},"modified":"2025-06-28T17:58:18","modified_gmt":"2025-06-28T15:58:18","slug":"de-villa-erno","status":"publish","type":"product","link":"https:\/\/uj.adatbank.ro\/lexikon\/termek\/de-villa-erno\/","title":{"rendered":"DE VILLA Ern\u0151"},"content":{"rendered":"<p>T\u00f6vis, 1922. szept. 29., \u2020 Mv., 2000.: d\u00edsz\u00edt\u0151m\u0171v\u00e9sz, \u00fcvegm\u0171v\u00e9sz. \u2013 A mv.-i Bolyai Farkas L\u00edc.-ban \u00e9retts\u00e9gizett. Olaszo.-ban tanulta az \u00fcveggy\u00e1rt\u00e1st (1936). \u00dcveg \u00e9s f\u00e9m t\u00e1rgyakat alkotott. Mv.-en a Prodcomplex gy\u00e1rban mesterk\u00e9nt \u00e9s igazgat\u00f3k\u00e9nt dolgozott. A K\u00e9pz\u0151m\u0171v\u00e9szek Maros Megyei Sz\u00f6vets\u00e9g\u00e9nek (KMMSZ) tagja, minden csoportos ki\u00e1ll\u00edt\u00e1s\u00e1n r\u00e9szt vett (1978\u2013), \u00e9s egy ideig a vezet\u0151s\u00e9g tagja is volt. D\u00edsz\u00edt\u0151m\u0171v\u00e9szeti t\u00e1rgyaival megyei I. \u00e9s orsz\u00e1gos III. d\u00edjat nyert (1985). <br \/><strong>Irod.:<\/strong> AAPM<\/br><\/p>\n","protected":false},"excerpt":{"rendered":"<p>T\u00f6vis, 1922. szept. 29., \u2020 Mv., 2000.: d\u00edsz\u00edt\u0151m\u0171v\u00e9sz, \u00fcvegm\u0171v\u00e9sz. \u2013 A mv.-i Bolyai Farkas L\u00edc.-ban \u00e9retts\u00e9gizett. Olaszo.-ban tanulta az \u00fcveggy\u00e1rt\u00e1st (1936). \u00dcveg \u00e9s f\u00e9m t\u00e1rgyakat alkotott. Mv.-en a Prodcomplex gy\u00e1rban mesterk\u00e9nt \u00e9s igazgat\u00f3k\u00e9nt dolgozott. A K\u00e9pz\u0151m\u0171v\u00e9szek Maros Megyei Sz\u00f6vets\u00e9g\u00e9nek (KMMSZ) tagja, minden csoportos ki\u00e1ll\u00edt\u00e1s\u00e1n r\u00e9szt vett (1978\u2013), \u00e9s egy ideig a vezet\u0151s\u00e9g tagja is volt. [&hellip;]<\/p>\n","protected":false},"featured_media":0,"comment_status":"open","ping_status":"closed","template":"","meta":[],"product_brand":[],"product_cat":[137],"product_tag":[],"class_list":{"0":"post-6603","1":"product","2":"type-product","3":"status-publish","5":"product_cat-maros-megyei-eletrajzi-lexikon","7":"first","8":"instock","9":"shipping-taxable","10":"product-type-simple"},"_links":{"self":[{"href":"https:\/\/uj.adatbank.ro\/lexikon\/wp-json\/wp\/v2\/product\/6603","targetHints":{"allow":["GET"]}}],"collection":[{"href":"https:\/\/uj.adatbank.ro\/lexikon\/wp-json\/wp\/v2\/product"}],"about":[{"href":"https:\/\/uj.adatbank.ro\/lexikon\/wp-json\/wp\/v2\/types\/product"}],"replies":[{"embeddable":true,"href":"https:\/\/uj.adatbank.ro\/lexikon\/wp-json\/wp\/v2\/comments?post=6603"}],"wp:attachment":[{"href":"https:\/\/uj.adatbank.ro\/lexikon\/wp-json\/wp\/v2\/media?parent=6603"}],"wp:term":[{"taxonomy":"product_brand","embeddable":true,"href":"https:\/\/uj.adatbank.ro\/lexikon\/wp-json\/wp\/v2\/product_brand?post=6603"},{"taxonomy":"product_cat","embeddable":true,"href":"https:\/\/uj.adatbank.ro\/lexikon\/wp-json\/wp\/v2\/product_cat?post=6603"},{"taxonomy":"product_tag","embeddable":true,"href":"https:\/\/uj.adatbank.ro\/lexikon\/wp-json\/wp\/v2\/product_tag?post=6603"}],"curies":[{"name":"wp","href":"https:\/\/api.w.org\/{rel}","templated":true}]}}

DE VILLA Ernő

<p>Tövis, 1922. szept. 29., † Mv., 2000.: díszítőművész, üvegművész. – A mv.-i Bolyai Farkas Líc.-ban érettségizett. Olaszo.-ban tanulta az üveggyártást (1936). Üveg és fém tárgyakat alkotott. Mv.-en a Prodcomplex gyárban mesterként és igazgatóként dolgozott. A Képzőművészek Maros Megyei Szövetségének (KMMSZ) tagja, minden csoportos kiállításán részt vett (1978–), és egy ideig a vezetőség tagja is volt. Díszítőművészeti tárgyaival megyei I. és országos III. díjat nyert (1985). <br /><strong>Irod.:</strong> AAPM</br></p>

<p>Tövis, 1922. szept. 29., † Mv., 2000.: díszítőművész, üvegművész. – A mv.-i Bolyai Farkas Líc.-ban érettségizett. Olaszo.-ban tanulta az üveggyártást (1936). Üveg és fém tárgyakat alkotott. Mv.-en a Prodcomplex gyárban mesterként és igazgatóként dolgozott. A Képzőművészek Maros Megyei Szövetségének (KMMSZ) tagja, minden csoportos kiállításán részt vett (1978–), és egy ideig a vezetőség tagja is volt. [&hellip;]</p>
