{"id":6604,"date":"2025-06-28T17:58:19","date_gmt":"2025-06-28T15:58:19","guid":{"rendered":"https:\/\/uj.adatbank.ro\/lexikon\/termek\/deac-ciril\/"},"modified":"2025-06-28T17:58:19","modified_gmt":"2025-06-28T15:58:19","slug":"deac-ciril","status":"publish","type":"product","link":"https:\/\/uj.adatbank.ro\/lexikon\/termek\/deac-ciril\/","title":{"rendered":"DEAC Ciril"},"content":{"rendered":"<p>Marosoroszfalu, 1848., \u2020 Nasz\u00f3d, 1909. okt. 6.: ort. pap, politikus. \u2013 Szamos\u00fajv\u00e1ron hallgatott teol\u00f3gi\u00e1t a Hat\u00e1r\u0151rs\u00e9g- Iskolai Alapok \u00f6szt\u00f6nd\u00edj\u00e1val (1869\u201372). Nasz\u00f3don tev\u00e9kenykenykedett, az ASTRA vezet\u0151s\u00e9gi tagja, helyi eln\u00f6ke (1905\u201309), munk\u00e1ja r\u00e9v\u00e9n fellend\u00fclt a vid\u00e9k kultur\u00e1lis \u00e9lete, el\u0151ad\u00e1sokat tartottak k\u00fcl\u00f6n\u00f6sen falun, n\u0151tt a n\u00e9pk\u00f6nyvt\u00e1rak sz\u00e1ma. A Bistri\u0163eana Bank alap\u00edt\u00f3, vezet\u0151s\u00e9gi tagja (1888\u20131909). <br \/><strong>Irod.:<\/strong> Tanco; Todea 2013<\/br><\/p>\n","protected":false},"excerpt":{"rendered":"<p>Marosoroszfalu, 1848., \u2020 Nasz\u00f3d, 1909. okt. 6.: ort. pap, politikus. \u2013 Szamos\u00fajv\u00e1ron hallgatott teol\u00f3gi\u00e1t a Hat\u00e1r\u0151rs\u00e9g- Iskolai Alapok \u00f6szt\u00f6nd\u00edj\u00e1val (1869\u201372). Nasz\u00f3don tev\u00e9kenykenykedett, az ASTRA vezet\u0151s\u00e9gi tagja, helyi eln\u00f6ke (1905\u201309), munk\u00e1ja r\u00e9v\u00e9n fellend\u00fclt a vid\u00e9k kultur\u00e1lis \u00e9lete, el\u0151ad\u00e1sokat tartottak k\u00fcl\u00f6n\u00f6sen falun, n\u0151tt a n\u00e9pk\u00f6nyvt\u00e1rak sz\u00e1ma. A Bistri\u0163eana Bank alap\u00edt\u00f3, vezet\u0151s\u00e9gi tagja (1888\u20131909). Irod.: Tanco; Todea 2013<\/p>\n","protected":false},"featured_media":0,"comment_status":"open","ping_status":"closed","template":"","meta":[],"product_brand":[],"product_cat":[137],"product_tag":[],"class_list":{"0":"post-6604","1":"product","2":"type-product","3":"status-publish","5":"product_cat-maros-megyei-eletrajzi-lexikon","7":"first","8":"instock","9":"shipping-taxable","10":"product-type-simple"},"_links":{"self":[{"href":"https:\/\/uj.adatbank.ro\/lexikon\/wp-json\/wp\/v2\/product\/6604","targetHints":{"allow":["GET"]}}],"collection":[{"href":"https:\/\/uj.adatbank.ro\/lexikon\/wp-json\/wp\/v2\/product"}],"about":[{"href":"https:\/\/uj.adatbank.ro\/lexikon\/wp-json\/wp\/v2\/types\/product"}],"replies":[{"embeddable":true,"href":"https:\/\/uj.adatbank.ro\/lexikon\/wp-json\/wp\/v2\/comments?post=6604"}],"wp:attachment":[{"href":"https:\/\/uj.adatbank.ro\/lexikon\/wp-json\/wp\/v2\/media?parent=6604"}],"wp:term":[{"taxonomy":"product_brand","embeddable":true,"href":"https:\/\/uj.adatbank.ro\/lexikon\/wp-json\/wp\/v2\/product_brand?post=6604"},{"taxonomy":"product_cat","embeddable":true,"href":"https:\/\/uj.adatbank.ro\/lexikon\/wp-json\/wp\/v2\/product_cat?post=6604"},{"taxonomy":"product_tag","embeddable":true,"href":"https:\/\/uj.adatbank.ro\/lexikon\/wp-json\/wp\/v2\/product_tag?post=6604"}],"curies":[{"name":"wp","href":"https:\/\/api.w.org\/{rel}","templated":true}]}}

<p>Marosoroszfalu, 1848., † Naszód, 1909. okt. 6.: ort. pap, politikus. – Szamosújváron hallgatott teológiát a Határőrség- Iskolai Alapok ösztöndíjával (1869–72). Naszódon tevékenykenykedett, az ASTRA vezetőségi tagja, helyi elnöke (1905–09), munkája révén fellendült a vidék kulturális élete, előadásokat tartottak különösen falun, nőtt a népkönyvtárak száma. A Bistriţeana Bank alapító, vezetőségi tagja (1888–1909). <br /><strong>Irod.:</strong> Tanco; Todea 2013</br></p>

<p>Marosoroszfalu, 1848., † Naszód, 1909. okt. 6.: ort. pap, politikus. – Szamosújváron hallgatott teológiát a Határőrség- Iskolai Alapok ösztöndíjával (1869–72). Naszódon tevékenykenykedett, az ASTRA vezetőségi tagja, helyi elnöke (1905–09), munkája révén fellendült a vidék kulturális élete, előadásokat tartottak különösen falun, nőtt a népkönyvtárak száma. A Bistriţeana Bank alapító, vezetőségi tagja (1888–1909). Irod.: Tanco; Todea 2013</p>
