{"id":6606,"date":"2025-06-28T17:58:23","date_gmt":"2025-06-28T15:58:23","guid":{"rendered":"https:\/\/uj.adatbank.ro\/lexikon\/termek\/deac-nicolae-grigore-%c2%a7-deacu-nicolae-grigore\/"},"modified":"2025-06-28T17:58:23","modified_gmt":"2025-06-28T15:58:23","slug":"deac-nicolae-grigore-%c2%a7-deacu-nicolae-grigore","status":"publish","type":"product","link":"https:\/\/uj.adatbank.ro\/lexikon\/termek\/deac-nicolae-grigore-%c2%a7-deacu-nicolae-grigore\/","title":{"rendered":"DEAC Nicolae Grigore, \u00a7 Deacu Nicolae Grigore"},"content":{"rendered":"<p>Dics\u0151szentm\u00e1rton, 1891. j\u00fal. 30., \u2020 Dics\u0151szentm\u00e1rton, 1967. aug. 18. S\u00edreml\u00e9ke a somostelki templom udvar\u00e1n tal\u00e1lhat\u00f3: g\u00f6r. kat. \/ ort. pap, politikus. \u2013 Tanult Beszterc\u00e9n (1899\u20131904), Bal\u00e1zsfalv\u00e1n a Sf. Vasile L\u00edc.-ban (1901\u201311) \u00e9s a Teol\u00f3giai Int\u00e9zetben (1911\u201314), papp\u00e1 szentelt\u00e9k (1914). Lelk\u00e9sz Somostelk\u00e9n (1914\u201367), Csergeden is szolg\u00e1lt (1918\u201323). A K\u00fck\u00fcll\u0151vid\u00e9k szellemi \u00e9s gazdas\u00e1gi \u00e9let\u00e9nek meghat\u00e1roz\u00f3 alakja. Balav\u00e1s\u00e1r hivatalos k\u00fcld\u00f6ttek\u00e9nt r\u00e9szt vett a gyulafeh\u00e9rv\u00e1ri nagygy\u0171l\u00e9sen (1918. dec. 1). A Kisk\u00fck\u00fcll\u0151 megyei K\u00f6zigazgat\u00e1si N\u00e9pbiztosi Hivatal parancsnokhelyettese, a H\u00e1bor\u00fas Rokkantak Sz\u00f6vets\u00e9ge kisk\u00fck\u00fcll\u0151megyei r\u00e9szleg\u00e9nek titk\u00e1ra, a K\u00f6zigazgat\u00e1si Bizotts\u00e1g Iskolai Alapj\u00e1nak tagja (1919\u2013), biztosa a Kisk\u00fck\u00fcll\u0151megyei \u00c9lelmez\u00e9si Bizotts\u00e1gnak (1919). Jelent\u0151s szerepe volt a somostelki \u00e9s erd\u0151aljai n\u00e9pbankok l\u00e9tes\u00edt\u00e9s\u00e9ben (1920\u2013). A somostelki templom torny\u00e1ba egy 55 kg-os harangot szereltetett (1921). A Nemzeti Liber\u00e1lis P\u00e1rt vezet\u0151 szem\u00e9lyis\u00e9ge (1923\u201347), a megyei tan\u00e1cs tagja (1934\u201337). A Nemzeti \u00dajj\u00e1sz\u00fclet\u00e9si Front tagja. F\u0151szerk.-je a T\u00e2rnava c. lapnak (1923. jan. 1. \u201336). R\u00e9szt vett sz\u00e1mos gazdas\u00e1gi, kultur\u00e1lis int\u00e9zm\u00e9ny vezet\u0151s\u00e9g\u00e9ben: az erd\u0151aljai Ajutorul N\u00e9pbank valamint, a somostelki Speran\u0163a Fogyaszt\u00e1si Sz\u00f6vetkezet eln\u00f6ke, tan\u00e1csosa a N\u00e9pbankok K\u00f6zponti H\u00e1z\u00e1nak, n\u00e9pbankokat l\u00e9tes\u00edtett K\u00fck\u00fcll\u0151sz\u00e9plakon \u00e9s Mez\u0151s\u00e1lyin, tagja a Gaz-Metan, a dics\u0151szentm\u00e1rtoni T\u00e2rn\u0103veana N\u00e9pbank, az \u00fcveggy\u00e1r vezet\u0151s\u00e9g\u00e9nek, a megyei iskolai alapnak, tan\u00e1csos Somostelke K\u00f6zs\u00e9gi Tan\u00e1cs\u00e1ban (1926\u201338). A g\u00f6r. kat egyh\u00e1z betilt\u00e1sa ut\u00e1n (1948) ortodox lelk\u00e9szk\u00e9nt m\u0171k\u00f6d\u00f6tt. Kit\u0171ntet\u00e9k a Rom\u00e1n Korona Renddel lovagi rangban (1922), \u00e9s a Munka\u00e9rdemrend 2. fokozat\u00e1val; a kulturmunka elismer\u00e9se \u00e9remmel, amelyet iskola \u00e9p\u00edt\u00e9s\u00e9rt kapott. (1926), tb. esperes (1946), restaur\u00e1lta a templom belsej\u00e9t (1954). <br \/><strong>Irod.:<\/strong> Bosoanc\u0103; Glasul Mure\u015fului (Nr. 7. 1998); \u015eincan 2006; T\u0103ureni; T\u00e2rn\u0103veni, cult. &#8211; ist.; Todea 2013<\/br><\/p>\n","protected":false},"excerpt":{"rendered":"<p>Dics\u0151szentm\u00e1rton, 1891. j\u00fal. 30., \u2020 Dics\u0151szentm\u00e1rton, 1967. aug. 18. S\u00edreml\u00e9ke a somostelki templom udvar\u00e1n tal\u00e1lhat\u00f3: g\u00f6r. kat. \/ ort. pap, politikus. \u2013 Tanult Beszterc\u00e9n (1899\u20131904), Bal\u00e1zsfalv\u00e1n a Sf. Vasile L\u00edc.-ban (1901\u201311) \u00e9s a Teol\u00f3giai Int\u00e9zetben (1911\u201314), papp\u00e1 szentelt\u00e9k (1914). Lelk\u00e9sz Somostelk\u00e9n (1914\u201367), Csergeden is szolg\u00e1lt (1918\u201323). A K\u00fck\u00fcll\u0151vid\u00e9k szellemi \u00e9s gazdas\u00e1gi \u00e9let\u00e9nek meghat\u00e1roz\u00f3 alakja. Balav\u00e1s\u00e1r [&hellip;]<\/p>\n","protected":false},"featured_media":0,"comment_status":"open","ping_status":"closed","template":"","meta":[],"product_brand":[],"product_cat":[137],"product_tag":[],"class_list":{"0":"post-6606","1":"product","2":"type-product","3":"status-publish","5":"product_cat-maros-megyei-eletrajzi-lexikon","7":"first","8":"instock","9":"shipping-taxable","10":"product-type-simple"},"_links":{"self":[{"href":"https:\/\/uj.adatbank.ro\/lexikon\/wp-json\/wp\/v2\/product\/6606","targetHints":{"allow":["GET"]}}],"collection":[{"href":"https:\/\/uj.adatbank.ro\/lexikon\/wp-json\/wp\/v2\/product"}],"about":[{"href":"https:\/\/uj.adatbank.ro\/lexikon\/wp-json\/wp\/v2\/types\/product"}],"replies":[{"embeddable":true,"href":"https:\/\/uj.adatbank.ro\/lexikon\/wp-json\/wp\/v2\/comments?post=6606"}],"wp:attachment":[{"href":"https:\/\/uj.adatbank.ro\/lexikon\/wp-json\/wp\/v2\/media?parent=6606"}],"wp:term":[{"taxonomy":"product_brand","embeddable":true,"href":"https:\/\/uj.adatbank.ro\/lexikon\/wp-json\/wp\/v2\/product_brand?post=6606"},{"taxonomy":"product_cat","embeddable":true,"href":"https:\/\/uj.adatbank.ro\/lexikon\/wp-json\/wp\/v2\/product_cat?post=6606"},{"taxonomy":"product_tag","embeddable":true,"href":"https:\/\/uj.adatbank.ro\/lexikon\/wp-json\/wp\/v2\/product_tag?post=6606"}],"curies":[{"name":"wp","href":"https:\/\/api.w.org\/{rel}","templated":true}]}}

<p>Dicsőszentmárton, 1891. júl. 30., † Dicsőszentmárton, 1967. aug. 18. Síremléke a somostelki templom udvarán található: gör. kat. / ort. pap, politikus. – Tanult Besztercén (1899–1904), Balázsfalván a Sf. Vasile Líc.-ban (1901–11) és a Teológiai Intézetben (1911–14), pappá szentelték (1914). Lelkész Somostelkén (1914–67), Csergeden is szolgált (1918–23). A Küküllővidék szellemi és gazdasági életének meghatározó alakja. Balavásár hivatalos küldötteként részt vett a gyulafehérvári nagygyűlésen (1918. dec. 1). A Kisküküllő megyei Közigazgatási Népbiztosi Hivatal parancsnokhelyettese, a Háborús Rokkantak Szövetsége kisküküllőmegyei részlegének titkára, a Közigazgatási Bizottság Iskolai Alapjának tagja (1919–), biztosa a Kisküküllőmegyei Élelmezési Bizottságnak (1919). Jelentős szerepe volt a somostelki és erdőaljai népbankok létesítésében (1920–). A somostelki templom tornyába egy 55 kg-os harangot szereltetett (1921). A Nemzeti Liberális Párt vezető személyisége (1923–47), a megyei tanács tagja (1934–37). A Nemzeti Újjászületési Front tagja. Főszerk.-je a Târnava c. lapnak (1923. jan. 1. –36). Részt vett számos gazdasági, kulturális intézmény vezetőségében: az erdőaljai Ajutorul Népbank valamint, a somostelki Speranţa Fogyasztási Szövetkezet elnöke, tanácsosa a Népbankok Központi Házának, népbankokat létesített Küküllőszéplakon és Mezősályin, tagja a Gaz-Metan, a dicsőszentmártoni Târnăveana Népbank, az üveggyár vezetőségének, a megyei iskolai alapnak, tanácsos Somostelke Községi Tanácsában (1926–38). A gör. kat egyház betiltása után (1948) ortodox lelkészként működött. Kitűnteték a Román Korona Renddel lovagi rangban (1922), és a Munkaérdemrend 2. fokozatával; a kulturmunka elismerése éremmel, amelyet iskola építésért kapott. (1926), tb. esperes (1946), restaurálta a templom belsejét (1954). <br /><strong>Irod.:</strong> Bosoancă; Glasul Mureşului (Nr. 7. 1998); Şincan 2006; Tăureni; Târnăveni, cult. &#8211; ist.; Todea 2013</br></p>

<p>Dicsőszentmárton, 1891. júl. 30., † Dicsőszentmárton, 1967. aug. 18. Síremléke a somostelki templom udvarán található: gör. kat. / ort. pap, politikus. – Tanult Besztercén (1899–1904), Balázsfalván a Sf. Vasile Líc.-ban (1901–11) és a Teológiai Intézetben (1911–14), pappá szentelték (1914). Lelkész Somostelkén (1914–67), Csergeden is szolgált (1918–23). A Küküllővidék szellemi és gazdasági életének meghatározó alakja. Balavásár [&hellip;]</p>
