{"id":6608,"date":"2025-06-28T17:58:26","date_gmt":"2025-06-28T15:58:26","guid":{"rendered":"https:\/\/uj.adatbank.ro\/lexikon\/termek\/deak-albert\/"},"modified":"2025-06-28T17:58:26","modified_gmt":"2025-06-28T15:58:26","slug":"deak-albert","status":"publish","type":"product","link":"https:\/\/uj.adatbank.ro\/lexikon\/termek\/deak-albert\/","title":{"rendered":"DE\u00c1K Albert"},"content":{"rendered":"<p>Makkfalva , 1901., \u2020\u00a0? : h\u00edrlap\u00edr\u00f3. \u2013 A k\u00f6z\u00e9piskol\u00e1t a kv.-i Ref. Gim.-ban v\u00e9gezte majd a bp-i M\u0171egyetem, \u00e9s a soproni Erd\u0151- \u00e9s B\u00e1nyam\u00e9rn\u00f6ki F\u0151iskola hallgat\u00f3ja. Sopronban kezdte h\u00edrlap\u00edr\u00f3i p\u00e1ly\u00e1j\u00e1t (1928\u2013) a Soproni H\u00edrlap-n\u00e1l. <br \/><strong>Irod.:<\/strong> Guly\u00e1s<\/br><\/p>\n","protected":false},"excerpt":{"rendered":"<p>Makkfalva , 1901., \u2020\u00a0? : h\u00edrlap\u00edr\u00f3. \u2013 A k\u00f6z\u00e9piskol\u00e1t a kv.-i Ref. Gim.-ban v\u00e9gezte majd a bp-i M\u0171egyetem, \u00e9s a soproni Erd\u0151- \u00e9s B\u00e1nyam\u00e9rn\u00f6ki F\u0151iskola hallgat\u00f3ja. Sopronban kezdte h\u00edrlap\u00edr\u00f3i p\u00e1ly\u00e1j\u00e1t (1928\u2013) a Soproni H\u00edrlap-n\u00e1l. Irod.: Guly\u00e1s<\/p>\n","protected":false},"featured_media":0,"comment_status":"open","ping_status":"closed","template":"","meta":[],"product_brand":[],"product_cat":[137],"product_tag":[],"class_list":{"0":"post-6608","1":"product","2":"type-product","3":"status-publish","5":"product_cat-maros-megyei-eletrajzi-lexikon","7":"first","8":"instock","9":"shipping-taxable","10":"product-type-simple"},"_links":{"self":[{"href":"https:\/\/uj.adatbank.ro\/lexikon\/wp-json\/wp\/v2\/product\/6608","targetHints":{"allow":["GET"]}}],"collection":[{"href":"https:\/\/uj.adatbank.ro\/lexikon\/wp-json\/wp\/v2\/product"}],"about":[{"href":"https:\/\/uj.adatbank.ro\/lexikon\/wp-json\/wp\/v2\/types\/product"}],"replies":[{"embeddable":true,"href":"https:\/\/uj.adatbank.ro\/lexikon\/wp-json\/wp\/v2\/comments?post=6608"}],"wp:attachment":[{"href":"https:\/\/uj.adatbank.ro\/lexikon\/wp-json\/wp\/v2\/media?parent=6608"}],"wp:term":[{"taxonomy":"product_brand","embeddable":true,"href":"https:\/\/uj.adatbank.ro\/lexikon\/wp-json\/wp\/v2\/product_brand?post=6608"},{"taxonomy":"product_cat","embeddable":true,"href":"https:\/\/uj.adatbank.ro\/lexikon\/wp-json\/wp\/v2\/product_cat?post=6608"},{"taxonomy":"product_tag","embeddable":true,"href":"https:\/\/uj.adatbank.ro\/lexikon\/wp-json\/wp\/v2\/product_tag?post=6608"}],"curies":[{"name":"wp","href":"https:\/\/api.w.org\/{rel}","templated":true}]}}