{"id":6609,"date":"2025-06-28T17:58:28","date_gmt":"2025-06-28T15:58:28","guid":{"rendered":"https:\/\/uj.adatbank.ro\/lexikon\/termek\/deak-albert-kopeci-alnevei-iro-diak-justus-dr-kopeczi-booz-albert-kopeczi-deak-albert\/"},"modified":"2025-06-28T17:58:28","modified_gmt":"2025-06-28T15:58:28","slug":"deak-albert-kopeci-alnevei-iro-diak-justus-dr-kopeczi-booz-albert-kopeczi-deak-albert","status":"publish","type":"product","link":"https:\/\/uj.adatbank.ro\/lexikon\/termek\/deak-albert-kopeci-alnevei-iro-diak-justus-dr-kopeczi-booz-albert-kopeczi-deak-albert\/","title":{"rendered":"DE\u00c1K Albert; k\u00f6peci, \u00e1lnevei: \u00cdr\u00f3 di\u00e1k, Justus dr., K\u00f6peczi Booz Albert, K\u00f6peczi De\u00e1k Albert"},"content":{"rendered":"<p>Mv., 1864. m\u00e1rc. 24., \u2020\u00a0Bar\u00f3t, 1924. aug. 24.: politikus, jog\u00e1sz, k\u00f6lt\u0151, \u00edr\u00f3. \u2013 A gimn. -ot sz\u00fcl\u0151v\u00e1ros\u00e1ban, az egyetemet Kv.-on v\u00e9gezte \u00e9s ott \u00fcgyv\u00e9di irod\u00e1t tartott fenn, az \u00fcgyv\u00e9di kamara eln\u00f6ke, Kv. f\u0151\u00fcgy\u00e9sze (1919-ig). A Kelet Irodalmi \u00e9s M\u0171v\u00e9szeti T\u00e1rsas\u00e1g eln\u00f6ke volt (1918). A Keleti \u00dajs\u00e1g egyik alap\u00edt\u00f3ja \u00e9s munkat\u00e1rsa. Bp. -re k\u00f6lt\u00f6z\u00f6tt. Rokonl\u00e1togat\u00e1s sor\u00e1n halt meg. Elbesz\u00e9l\u00e9seket, t\u00e1rc\u00e1kat vez\u00e9rcikkeket \u00edrt a M. Polg\u00e1r, Erd\u00e9lyi H\u00edrad\u00f3, Kv.-i K\u00f6zl\u00f6ny, \u00c9let \u00e9s Irodalom, Orsz\u00e1g Vil\u00e1g, Vas\u00e1rnapi \u00dajs\u00e1g-ban (1884\u201391), jogi szakcikkeket a Jogtudom\u00e1nyi K\u00f6zl\u00f6ny, M. \u00dajs\u00e1g-ban (1892). \u2013 <strong>F. m.:<\/strong> A piros als\u00f3 (elb., Kv., 1887); Harc a nemzet\u00e1llam ellen (Bp., 1894); Inform\u00e1l\u00f3 irat br. Wessel\u00e9nyi M\u00e1ria r\u00e1galmaz\u00e1si \u00fcgy\u00e9hez (Kv., 1894); Kv. v\u00e1ros rend\u00e9szeti \u00e9s \u00e9p\u00edt\u00e9szeti k\u00e9rd\u00e9s\u00e9hez (Kv., 1894); A t\u00f6bbs\u00e9g akarata- \u00e9s az obstrukci\u00f3 (Kv., 1903); Az \u00f6n\u00e1ll\u00f3 v\u00e1mter\u00fcletr\u0151l (Kv., 1904); Szendi Robinson vagy a fin de siecle h\u0151se (verses reg., Kv., 1906); A b\u00edr\u00f3i szervezet k\u00e9rd\u00e9se (Kv., 1910); A parlamenti korm\u00e1nyrendszer Magyarorsz\u00e1gon, 1\u20132. (Kv., 1912); \u00c9n. \u00e9s a nagyvil\u00e1g (Kv., 1917); Recueil des griefs de la minorit\u00e9 hongroise (Bp., 1922). <br \/><strong>Irod.:<\/strong> Marosi-KZST; Pomog\u00e1ts; R\u00daL; Szinnyei; \u00daM\u00c9L; \u00daMIL<\/br><\/p>\n","protected":false},"excerpt":{"rendered":"<p>Mv., 1864. m\u00e1rc. 24., \u2020\u00a0Bar\u00f3t, 1924. aug. 24.: politikus, jog\u00e1sz, k\u00f6lt\u0151, \u00edr\u00f3. \u2013 A gimn. -ot sz\u00fcl\u0151v\u00e1ros\u00e1ban, az egyetemet Kv.-on v\u00e9gezte \u00e9s ott \u00fcgyv\u00e9di irod\u00e1t tartott fenn, az \u00fcgyv\u00e9di kamara eln\u00f6ke, Kv. f\u0151\u00fcgy\u00e9sze (1919-ig). A Kelet Irodalmi \u00e9s M\u0171v\u00e9szeti T\u00e1rsas\u00e1g eln\u00f6ke volt (1918). A Keleti \u00dajs\u00e1g egyik alap\u00edt\u00f3ja \u00e9s munkat\u00e1rsa. Bp. -re k\u00f6lt\u00f6z\u00f6tt. Rokonl\u00e1togat\u00e1s sor\u00e1n [&hellip;]<\/p>\n","protected":false},"featured_media":0,"comment_status":"open","ping_status":"closed","template":"","meta":[],"product_brand":[],"product_cat":[137],"product_tag":[],"class_list":{"0":"post-6609","1":"product","2":"type-product","3":"status-publish","5":"product_cat-maros-megyei-eletrajzi-lexikon","7":"first","8":"instock","9":"shipping-taxable","10":"product-type-simple"},"_links":{"self":[{"href":"https:\/\/uj.adatbank.ro\/lexikon\/wp-json\/wp\/v2\/product\/6609","targetHints":{"allow":["GET"]}}],"collection":[{"href":"https:\/\/uj.adatbank.ro\/lexikon\/wp-json\/wp\/v2\/product"}],"about":[{"href":"https:\/\/uj.adatbank.ro\/lexikon\/wp-json\/wp\/v2\/types\/product"}],"replies":[{"embeddable":true,"href":"https:\/\/uj.adatbank.ro\/lexikon\/wp-json\/wp\/v2\/comments?post=6609"}],"wp:attachment":[{"href":"https:\/\/uj.adatbank.ro\/lexikon\/wp-json\/wp\/v2\/media?parent=6609"}],"wp:term":[{"taxonomy":"product_brand","embeddable":true,"href":"https:\/\/uj.adatbank.ro\/lexikon\/wp-json\/wp\/v2\/product_brand?post=6609"},{"taxonomy":"product_cat","embeddable":true,"href":"https:\/\/uj.adatbank.ro\/lexikon\/wp-json\/wp\/v2\/product_cat?post=6609"},{"taxonomy":"product_tag","embeddable":true,"href":"https:\/\/uj.adatbank.ro\/lexikon\/wp-json\/wp\/v2\/product_tag?post=6609"}],"curies":[{"name":"wp","href":"https:\/\/api.w.org\/{rel}","templated":true}]}}

DEÁK Albert; köpeci, álnevei: Író diák, Justus dr., Köpeczi Booz Albert, Köpeczi Deák Albert

<p>Mv., 1864. márc. 24., † Barót, 1924. aug. 24.: politikus, jogász, költő, író. – A gimn. -ot szülővárosában, az egyetemet Kv.-on végezte és ott ügyvédi irodát tartott fenn, az ügyvédi kamara elnöke, Kv. főügyésze (1919-ig). A Kelet Irodalmi és Művészeti Társaság elnöke volt (1918). A Keleti Újság egyik alapítója és munkatársa. Bp. -re költözött. Rokonlátogatás során halt meg. Elbeszéléseket, tárcákat vezércikkeket írt a M. Polgár, Erdélyi Híradó, Kv.-i Közlöny, Élet és Irodalom, Ország Világ, Vasárnapi Újság-ban (1884–91), jogi szakcikkeket a Jogtudományi Közlöny, M. Újság-ban (1892). – <strong>F. m.:</strong> A piros alsó (elb., Kv., 1887); Harc a nemzetállam ellen (Bp., 1894); Informáló irat br. Wesselényi Mária rágalmazási ügyéhez (Kv., 1894); Kv. város rendészeti és építészeti kérdéséhez (Kv., 1894); A többség akarata- és az obstrukció (Kv., 1903); Az önálló vámterületről (Kv., 1904); Szendi Robinson vagy a fin de siecle hőse (verses reg., Kv., 1906); A bírói szervezet kérdése (Kv., 1910); A parlamenti kormányrendszer Magyarországon, 1–2. (Kv., 1912); Én. és a nagyvilág (Kv., 1917); Recueil des griefs de la minorité hongroise (Bp., 1922). <br /><strong>Irod.:</strong> Marosi-KZST; Pomogáts; RÚL; Szinnyei; ÚMÉL; ÚMIL</br></p>

<p>Mv., 1864. márc. 24., † Barót, 1924. aug. 24.: politikus, jogász, költő, író. – A gimn. -ot szülővárosában, az egyetemet Kv.-on végezte és ott ügyvédi irodát tartott fenn, az ügyvédi kamara elnöke, Kv. főügyésze (1919-ig). A Kelet Irodalmi és Művészeti Társaság elnöke volt (1918). A Keleti Újság egyik alapítója és munkatársa. Bp. -re költözött. Rokonlátogatás során [&hellip;]</p>
