{"id":6610,"date":"2025-06-28T17:58:29","date_gmt":"2025-06-28T15:58:29","guid":{"rendered":"https:\/\/uj.adatbank.ro\/lexikon\/termek\/deak-arpad\/"},"modified":"2025-06-28T17:58:29","modified_gmt":"2025-06-28T15:58:29","slug":"deak-arpad","status":"publish","type":"product","link":"https:\/\/uj.adatbank.ro\/lexikon\/termek\/deak-arpad\/","title":{"rendered":"DE\u00c1K \u00c1rp\u00e1d"},"content":{"rendered":"<p>Mv., 1955. \u2020\u00a0?: grafikus, szobr\u00e1sz, fest\u0151. -Kv.-on V\u00e9gzett a K\u00e9pz\u0151m\u0171v\u00e9szeti F\u0151iskol\u00e1n. Nagyv\u00e1radon dolgozott mint rajzpedag\u00f3gus. Kedvenc m\u0171faja a portr\u00e9, az erd\u00e9lyi t\u00e1rlatokon szerepelt. <br \/><strong>Irod.:<\/strong> Szab\u00f3\u2013K\u00e1llai<\/br><\/p>\n","protected":false},"excerpt":{"rendered":"<p>Mv., 1955. \u2020\u00a0?: grafikus, szobr\u00e1sz, fest\u0151. -Kv.-on V\u00e9gzett a K\u00e9pz\u0151m\u0171v\u00e9szeti F\u0151iskol\u00e1n. Nagyv\u00e1radon dolgozott mint rajzpedag\u00f3gus. Kedvenc m\u0171faja a portr\u00e9, az erd\u00e9lyi t\u00e1rlatokon szerepelt. Irod.: Szab\u00f3\u2013K\u00e1llai<\/p>\n","protected":false},"featured_media":0,"comment_status":"open","ping_status":"closed","template":"","meta":[],"product_brand":[],"product_cat":[137],"product_tag":[],"class_list":{"0":"post-6610","1":"product","2":"type-product","3":"status-publish","5":"product_cat-maros-megyei-eletrajzi-lexikon","7":"first","8":"instock","9":"shipping-taxable","10":"product-type-simple"},"_links":{"self":[{"href":"https:\/\/uj.adatbank.ro\/lexikon\/wp-json\/wp\/v2\/product\/6610","targetHints":{"allow":["GET"]}}],"collection":[{"href":"https:\/\/uj.adatbank.ro\/lexikon\/wp-json\/wp\/v2\/product"}],"about":[{"href":"https:\/\/uj.adatbank.ro\/lexikon\/wp-json\/wp\/v2\/types\/product"}],"replies":[{"embeddable":true,"href":"https:\/\/uj.adatbank.ro\/lexikon\/wp-json\/wp\/v2\/comments?post=6610"}],"wp:attachment":[{"href":"https:\/\/uj.adatbank.ro\/lexikon\/wp-json\/wp\/v2\/media?parent=6610"}],"wp:term":[{"taxonomy":"product_brand","embeddable":true,"href":"https:\/\/uj.adatbank.ro\/lexikon\/wp-json\/wp\/v2\/product_brand?post=6610"},{"taxonomy":"product_cat","embeddable":true,"href":"https:\/\/uj.adatbank.ro\/lexikon\/wp-json\/wp\/v2\/product_cat?post=6610"},{"taxonomy":"product_tag","embeddable":true,"href":"https:\/\/uj.adatbank.ro\/lexikon\/wp-json\/wp\/v2\/product_tag?post=6610"}],"curies":[{"name":"wp","href":"https:\/\/api.w.org\/{rel}","templated":true}]}}