{"id":6612,"date":"2025-06-28T17:58:33","date_gmt":"2025-06-28T15:58:33","guid":{"rendered":"https:\/\/uj.adatbank.ro\/lexikon\/termek\/deak-farkas-kopeczi\/"},"modified":"2025-06-28T17:58:33","modified_gmt":"2025-06-28T15:58:33","slug":"deak-farkas-kopeczi","status":"publish","type":"product","link":"https:\/\/uj.adatbank.ro\/lexikon\/termek\/deak-farkas-kopeczi\/","title":{"rendered":"DE\u00c1K Farkas, k\u00f6peczi"},"content":{"rendered":"<p>Mv., 1832. \u00e1pr. 4., \u2020 Mv., 1888. j\u00fan. 4. apja mellett, Ny\u00e1r\u00e1dandr\u00e1sfalv\u00e1n a ref. temet\u0151ben van eltemetve. S\u00edrfelirat\u00e1n ez \u00e1ll: \u201e A Magyar Tud\u00f3s Akad. rendes tagja, miniszteri oszt\u00e1lytan\u00e1csos, vaskoronarend tulajdonosa\u201d: t\u00f6rt\u00e9n\u00e9sz, \u00edr\u00f3, h\u00edrlap\u00edr\u00f3. \u2013 D. Ferenc ismert \u00fcgyv\u00e9d \u00e9s Miske Anna fia. Testv\u00e9rei: D. Lajos; Berta; Ida Cs\u00edki Zsigmondn\u00e9. \u2013 A mv.-i Ref. Koll.-ban tanult, Bolyai Farkas tan\u00edtv\u00e1nya volt. Gr. Toldalagi Mih\u00e1ly \u0151rnagy mellett 1849-ben r\u00e9szt vett a szabads\u00e1gharcban; ism\u00e9t a Koll. n\u00f6vend\u00e9ke (1850\u201352); 17 \u00e9ves kor\u00e1ban belesodr\u00f3dott a T\u00f6r\u00f6k G\u00e1lffy-f\u00e9le \u00f6sszeesk\u00fcv\u00e9sbe, letart\u00f3ztatt\u00e1k (1852), 5 \u00e9vet \u00fclt b\u00f6rt\u00f6nben, ebb\u0151l Szebenben kett\u0151t \u00e9s h\u00e1rmat Kuffsteinban. Rabs\u00e1g\u00e1t r\u00e9szletesen le\u00edrta a Fogs\u00e1gom t\u00f6rt\u00e9nete c. m\u0171v\u00e9ben. Kiszabadul\u00e1sa ut\u00e1n elv\u00e9gezte a koll. -ot. \u00d6t \u00e9vig \u00f6nk\u00e9pz\u00e9ssel, tan\u00edt\u00e1ssal, nevel\u00e9ssel foglalkozott Mv.-en, majd Kv.-on (1857\u201361). Megtanulta a francia, angol nyelvet \u00e9s a latinban is t\u00f6k\u00e9letes\u00edtette tud\u00e1s\u00e1t. Rend\u0151ri ellen\u0151rz\u00e9s alatt \u00e1ltt (1860-ig). Pesten folytatta tanulm\u00e1nyait (1862\u2013), elv\u00e9gezte a jogtudom\u00e1nyi fakult\u00e1st, doktori ok\u00adlevelet szerzett. Az Igazs\u00e1g\u00fcgyi Min.-ban fogalmaz\u00f3 (1867), miniszteri titk\u00e1r (1870\u2013), majd oszt\u00e1lytan\u00e1csosi rangig emelkedett (1881). M\u00e1r egyetemista kor\u00e1ban megkezdte t\u00f6rt\u00e9nelmi kutat\u00f3munk\u00e1j\u00e1t. Els\u0151 \u00edr\u00e1sai h\u00edrlapokban jelentek meg, politikai, t\u00f6rt\u00e9nelmi jelleg\u0171ek (1858\u2013). Sz\u00e9pirodalommal is foglalkozott, r\u00f6vid elbesz\u00e9l\u00e9seket \u00edrt, 14 idegen nyelv\u0171 sz\u00ednm\u0171vet ford\u00edtott magyarra. F\u0151leg francia sz\u00edndarabokat ezzel ellens\u00falyozni k\u00edv\u00e1nva a n\u00e9met hat\u00e1st a m. irodalmi \u00e9letben, pl. V. Sardou \u00e9s O. Feuillet n\u00e9h\u00e1ny darabj\u00e1t, ezeket a Nemzeti Sz\u00ednh\u00e1zban j\u00e1tszott\u00e1k. \u00cdrt dalm\u0171 sz\u00f6vegeket is, melyhez Orczy B\u00f3dog kompon\u00e1lt zen\u00e9t, a Reneg\u00e1t c\u00edm\u0171t Londonban el\u0151 is adt\u00e1k (1880). A Nemzeti Sz\u00ednh\u00e1z dr\u00e1mab\u00edr\u00e1l\u00f3 bizotts\u00e1\u00adg\u00e1nak volt a tagja (1870\u201373), az igazgat\u00e1s\u00e1ban is kivette r\u00e9sz\u00e9t. F\u0151leg t\u00f6rt\u00e9net\u00edr\u00e1ssal foglalkozott (1875. k. \u2013), a XVII\u2014 XVIII. sz. &#8211; i erd\u00e9lyi t\u00f6rt\u00e9nelem volt a kutat\u00e1sai t\u00e1rgya. A t\u00f6r\u00f6k \u00e9s Habsburg k\u00f6z\u00f6tt verg\u0151d\u0151 \u00e9s szabads\u00e1guk\u00e9rt harcol\u00f3 d\u00e9lkeleteur\u00f3pai n\u00e9pek t\u00f6rt\u00e9nelm\u00e9t, a Habsburg ellenes t\u00e1bor t\u00f6rt\u00e9nrt\u00e9t kutatatta. T\u00f6bb k\u00f6nyvet \u00edrt \u00e9s k\u00f6z\u00f6lt e t\u00e1rgyk\u00f6rb\u0151l (Wessel\u00e9nyi-f\u00e9le \u00f6sszeesk\u00fcv\u00e9s, Th\u00f6k\u00f6ly Imre hadj\u00e1ratai). T\u00f6bbsz\u00e1z XVI-XVIII sz. levelet kutatott fel, m\u00e1solt le, Maroskereszt\u00faron egy \u00e1sat\u00e1s sor\u00e1n r\u00f3mai nyomokra bukkant (1882). Tev\u00e9kenyen r\u00e9szt vett a M. T\u00f6rt\u00e9nelmi T\u00e1rsulat alap\u00edt\u00e1s\u00e1ban (1867), 21 \u00e9vig igazgat\u00f3 v\u00e1lasztm\u00e1nyi tagja, sok \u00e9ven \u00e1t jegyz\u0151je volt; a Sz\u00e9kely M\u0171vel\u0151d\u00e9si Egyes\u00fcletnek szervez\u0151 v\u00e1lasztm\u00e1nyi tagja, aleln\u00f6ke; a MTA el\u0151bb levelez\u0151 (1876), majd rendes tagja (1885), t\u00f6bb bizotts\u00e1g\u00e1nak akt\u00edv tagja; r\u00e9szt vett a R\u00e9g\u00e9szeti, valamint a M. Heraldikai \u00e9s Genealogiai T\u00e1rsulatok alap\u00edt\u00e1s\u00e1ban, melyekben v\u00e1lasztm\u00e1nyi tag is. A hunyadmegyei R\u00e9g\u00e9szeti T\u00e1rsas\u00e1gnak tiszteletbeli, a mv.-i KZST egyik alap\u00edt\u00f3- rendes tagja, \u00e9s eln\u00f6ke (1885\u2013) volt. T\u00f6bb tanulm\u00e1nyutat tett N\u00e9meto-ba, Franciao. -ba, Sv\u00e1jcba, Belgiumba, Hollandi\u00e1ba, \u00fati \u00e9lm\u00e9nyeir\u0151l besz\u00e1molt a Pesti Nap\u00f3nba, F\u0151v\u00e1rosi Lapokba. Politikai, t\u00f6rt\u00e9nelmi cikkeket \u00e9s elbesz\u00e9l\u00e9seket \u00edrt a Kalauz, Vas\u00e1rnapi \u00dajs\u00e1g, Nefelejts, H\u00f6lgyfut\u00e1r, Bp.-i Szemle, F\u0151v\u00e1rosi Lapok, Haz\u00e1nk \u00e9s a K\u00fclf\u00f6ld, Csal\u00e1di K\u00f6r, Magyaro. K\u00e9pekben, Nagyvil\u00e1g, Pesti Napl\u00f3, Figyel\u0151, Sz\u00e1zadok, M. Nyelv\u0151r, Athenaeum, Archeol\u00f3giai \u00c9rtes\u00edt\u0151, Ellen\u0151r, Pet\u0151fi T\u00e1rsas\u00e1g Lapja, N\u00e9p Z\u00e1szl\u00f3ja, M. K\u00f6nyvszemle, T\u00f6rt. T\u00e1r., Orsz\u00e1g Vil\u00e1g, Hon, Kolozsv\u00e1r, Kolozsv\u00e1ri K\u00f6zl\u00f6ny, Esti Lapok, M. Sajt\u00f3 \u00e9s a mv.-i lapokban. A Vaskoronarend tulajdonosa. Hazaj\u00f6tt el\u0151ad\u00e1st tartani, megf\u00e1zott a vonaton, t\u00fcd\u0151gyullad\u00e1st kapott \u00e9s 56 \u00e9ves kor\u00e1ban meghalt. S\u00edrj\u00e1t minden m\u00e1rc. 15. -\u00e9n megkoszoruzz\u00e1k Ny\u00e1r\u00e1dszereda el\u0151lj\u00e1r\u00f3i. Ny\u00e1r\u00e1dszered\u00e1ban \u00e1ltal\u00e1nos iskola viseli a nev\u00e9t (2010. nov. 5.). Az iskola el\u0151tti t\u00e9ren, sz\u00fclet\u00e9s\u00e9nek 180. \u00e9vfordul\u00f3j\u00e1n felavatt\u00e1k bronz mellszobr\u00e1t, Bocskay Vince szov\u00e1tai szobr\u00e1szm\u0171v\u00e9sz alkot\u00e1s\u00e1t (2011. m\u00e1rc. 15.). Mv.-en az utc\u00e1t amelyben sz\u00fcletett (Fogh\u00e1z utca) r\u00f3la nevezte el a v\u00e1rosi tan\u00e1cs (1911\u20131920, 1941\u20131995), ma m\u00e1r nem viseli a nev\u00e9t. \u2013 <strong>F. m.:<\/strong> \u0150szinte sz\u00f3 a rom\u00e1n testv\u00e9rekhez (Kv., 1861); Besz\u00e9lyek 1\u20132. k. (Kv., 1862, 1864); A nemzetgazdas\u00e1g t\u00f6rt\u00e9nete Magyarorsz\u00e1gon (Pest, 1866); Ah\u00e1ny k\u00e9rd\u00e9s annyi felelet, vagyis n\u00e9pszer\u0171 term\u00e9szettan (Kv., 1867); Fogs\u00e1gom t\u00f6rt\u00e9nete (Kv., 1869; Buk., 1972); Lev\u00e9l X. Y. Z. bar\u00e1tomhoz (Bp., 1871); K\u00f6nnyelm\u0171s\u00e9g \u00e9s szerelem (Bp, 1873); Wessel\u00e9nyi Anna \u00f6zv. Cs\u00e1ky Istv\u00e1nn\u00e9 \u00e9letrajza \u00e9s levelez\u00e9se (Bp., 1875); Nagyv\u00e1rad eleste 1660-ban (Bp., 1877); Adatok a nagy Cs\u00e1ky Istv\u00e1n \u00e9let\u00e9b\u00f3l (Bp., 1877); Nagyv\u00e1rad elveszt\u00e9se 1660-ban (Bp., 1877); A Wessel\u00e9nyi csal\u00e1d \u0151seir\u0151l (Bp., 1878); Szalay \u00c1goston eml\u00e9kezete (Bp., 1879); Magyar h\u00f6lgyek levelei, 1515\u20131709. (Bp., 1879); Csengery Antal eml\u00e9kezete (Bp., 1880); Gr\u00f3f Wass Samu eml\u00e9kezete (Bp., 1880); A zom\u00e1ncz k\u00e9rd\u00e9s\u00e9hez (Bp., 1880); A szov\u00e1tai f\u00fcrd\u0151 ismertet\u00e9se (Mv., 1881); Gr\u00f3f Teleki Domokos eml\u00e9kezete (Bp., 1881); Gr\u00f3f Wessel\u00e9nyi Ferenc n\u00e1dor jellemrajza (Bp., 1882); B\u00e1thori Zs\u00f3fia (Bp., 1882); Gr\u00f3f Th\u00f6k\u00f6ly Imre levelei (Bp., 1882); A b\u00fajdos\u00f3k lev\u00e9lt\u00e1ra (Bp., 1883); Egy magyar f\u0151\u00far a XVII. sz\u00e1zadb\u00f3l: Gr\u00f3f Cs\u00e1ky Istv\u00e1n \u00e9letrajza (Bp., 1883, 1888); B\u00e1r\u00f3 Radv\u00e1nszky Antal eml\u00e9kezete (Bp., 1883); De\u00e1k Ferencz \u00e9letrajza (Pozsony-Bp., 1884); Gr\u00f3f Dessewffy Aur\u00e9l \u00e9letrajza (Pozsony-Bp., 1885, 1888); Gr\u00f3f Bethlen Mikl\u00f3s \u00e9letrajza (Pozsony-Bp, 1885, 1886); Forg\u00e1ch Zsuzsanna, 1582\u20131632. (Bp., 1885); A kolozsv\u00e1ri \u00f6tv\u00f6sleg\u00e9nyek strik\u00e9ja 1573-ban \u00e9s 1576-ban (Bp, 1886); R\u00f6vid \u00e9szrev\u00e9telek Kem\u00e9ny J\u00e1nos \u00f6n\u00e9let\u00edr\u00e1s\u00e1r\u00f3l s az erd\u00e9lyi t\u00f6rt\u00e9netirodalom rgx-k\u00e9t k\u00fatforr\u00e1s\u00e1b\u00f3l (Bp., 1886); Ifj. Gr\u00f3f P\u00e1lffy- Daun Lip\u00f3t tean\u00f3i herczeg eml\u00e9kezete (Bp., 1886); B\u00e1r\u00f3 Apor K\u00e1roly eml\u00e9kezete (Bp., 1886); Uzoni B\u00e9ldi P\u00e1l, 1621\u20131679. (Bp, 1887); Ipolyi Arnold eml\u00e9kezete (Bp., 1888); <strong>t\u00e1rssz.:<\/strong> Hazai oklev\u00e9lt\u00e1r, 1234\u20131536. (Nagy Imre, Nagy Gyula-val; Bp., 1879), <strong>antol\u00f3g.:<\/strong> Kolozsv\u00e1ri album (Kv., 1862); L\u00e1nczy Gyula: Magyar t\u00f6rt\u00e9neti jellemrajzok (Bp., 1882); Pulszky Ferencznek \u00f6tven\u00e9ves \u00edr\u00f3i m\u0171k\u00f6d\u00e9se jubileum\u00e1ra- R\u00f3mai t\u00e9gl\u00e1k kereszty\u00e9n \u00e9p\u00fclet romjai k\u00f6zt (Bp., 1884); M. Helikon 2. o. 1. k. (Pozsony-Bp., 1884); M. t\u00f6rt\u00e9neti \u00e9letrajzok. 3. k. (Bp., 1886\u201387); M. t\u00f6rt\u00e9neti t\u00e1r 13. k\u00f6t. vagy 2. folyam 1. k\u00f6t. (Pest, 1867); D\u00fcrer-Literatur in Ungarn \u2013 Jelent\u00e9s a bodoki k\u00f6nyvt\u00e1rr\u00f3l (Bp., 1928), Fogs\u00e1gom t\u00f6rt\u00e9nete = Erd\u00e9ly \u00f6r\u00f6ks\u00e9ge, 10.; <strong>szerk.:<\/strong> Kolozsv\u00e1ri album (Kv., 1862); Eml\u00e9kk\u00f6nyv a m. irodalomb\u00f3l (Pest, 1862); M. h\u00f6lgyek levelei (Bp., 1879); Gr\u00f3f T\u00f6k\u00f6ly Imre levelei a gr\u00f3f Teleki csal\u00e1d mv.-i lev\u00e9lt\u00e1r\u00e1b\u00f3l (Bp., 1882); <strong>ford.:<\/strong> Budav\u00e1r visszav\u00e9tele (Pest, 1886); Frou-frou; Seraphina; Aggleg\u00e9nyek; Rabagas; K\u00f6nnyelm\u0171s\u00e9g \u00e9s szerelem. <br \/><strong>Irod.:<\/strong> Be\u00f6thy Zsolt : A sz\u00e9ppr\u00f3zai elbesz\u00e9l\u00e9s a r\u00e9gi m. irodalomban (Bp., 1887); Bisztray Gyula: \u00cdr\u00f3 \u00e9s nemzet (Bp., 1943); De\u00e1k Farkas: Fogs\u00e1gom t\u00f6rt\u00e9nete (Pest, 1869; Buk., 1972); Eml\u00e9kbesz\u00e9dek a MTA tagjai felett (Bp., 1904); Erd\u00e9ly \u00f6r\u00f6ks\u00e9ge (Bp., 1941\u201342); F\u00fcl\u00f6p\u2013Ferencz; Gerl\u00f3czy K\u00e1roly: A magyarorsz\u00e1gi k\u00f6zm\u0171vel\u0151d\u00e9si egyes\u00fcletek \u00e9lete (Bp., 1887); Guly\u00e1s; Gy\u00e1szjelent\u0151; H\u00f3man; Id\u0151t\u00e1r 2; Ko\u00f3s Ferenc: \u00c9letem \u00e9s eml\u00e9keim (Brass\u00f3, 1890); Kriza levelez\u00e9s; A magyar irod. t\u00f6rt\u00e9nete: K\u00e9pes d\u00edszmunka (Bp., 1906\u20131907); Magyaro. k\u00f6zgazdas\u00e1gi \u00e9s k\u00f6zm\u0171vel\u0151d\u00e9si \u00e1llapota ezer\u00e9ves fenn\u00e1ll\u00e1sakor (Bp., 1897\u201398); Mv.-i lexikon; M\u00e1ln\u00e1si; MEL; Ny\u00e1r\u00e1dszereda; Ny\u00e1r\u00e1dszereda k\u00f6zs\u00e9g; Pint\u00e9r; Radv\u00e1nszky B\u00e9la: Eml\u00e9kbesz\u00e9d D. F. = A MTA elhunyt tagjai f\u00f6l\u00f6tt tartott eml\u00e9kbesz\u00e9dek. (8. k\u00f6t., 9. sz., 1895); RNL; Rugonfalvi Kiss; Sch\u00f6pflin; Sepsisz\u00e9ki; Sikl\u00f3ssy L\u00e1szl\u00f3: Az orsz\u00e1ggy\u0171l\u00e9si besz\u00e9d \u00fatja (Bp., 1939); Sipos; Szentgy\u00f6rgyi; Szinnyei; Szinnyey Ferenc: Novella- \u00e9s reg\u00e9nyirodalmunk a Bach korszakban (Bp., 1939\u201341), Szinnyei J\u00f3zsef; Todea 2013; \u00daM\u00c9L, V\u00e1zlatok a MTA f\u00e9lsz\u00e1zados t\u00f6rt\u00e9net\u00e9b\u0151l (Bp., 1881); Veress; Vigh<\/br><\/p>\n","protected":false},"excerpt":{"rendered":"<p>Mv., 1832. \u00e1pr. 4., \u2020 Mv., 1888. j\u00fan. 4. apja mellett, Ny\u00e1r\u00e1dandr\u00e1sfalv\u00e1n a ref. temet\u0151ben van eltemetve. S\u00edrfelirat\u00e1n ez \u00e1ll: \u201e A Magyar Tud\u00f3s Akad. rendes tagja, miniszteri oszt\u00e1lytan\u00e1csos, vaskoronarend tulajdonosa\u201d: t\u00f6rt\u00e9n\u00e9sz, \u00edr\u00f3, h\u00edrlap\u00edr\u00f3. \u2013 D. Ferenc ismert \u00fcgyv\u00e9d \u00e9s Miske Anna fia. Testv\u00e9rei: D. Lajos; Berta; Ida Cs\u00edki Zsigmondn\u00e9. \u2013 A mv.-i Ref. Koll.-ban [&hellip;]<\/p>\n","protected":false},"featured_media":0,"comment_status":"open","ping_status":"closed","template":"","meta":[],"product_brand":[],"product_cat":[137],"product_tag":[],"class_list":{"0":"post-6612","1":"product","2":"type-product","3":"status-publish","5":"product_cat-maros-megyei-eletrajzi-lexikon","7":"first","8":"instock","9":"shipping-taxable","10":"product-type-simple"},"_links":{"self":[{"href":"https:\/\/uj.adatbank.ro\/lexikon\/wp-json\/wp\/v2\/product\/6612","targetHints":{"allow":["GET"]}}],"collection":[{"href":"https:\/\/uj.adatbank.ro\/lexikon\/wp-json\/wp\/v2\/product"}],"about":[{"href":"https:\/\/uj.adatbank.ro\/lexikon\/wp-json\/wp\/v2\/types\/product"}],"replies":[{"embeddable":true,"href":"https:\/\/uj.adatbank.ro\/lexikon\/wp-json\/wp\/v2\/comments?post=6612"}],"wp:attachment":[{"href":"https:\/\/uj.adatbank.ro\/lexikon\/wp-json\/wp\/v2\/media?parent=6612"}],"wp:term":[{"taxonomy":"product_brand","embeddable":true,"href":"https:\/\/uj.adatbank.ro\/lexikon\/wp-json\/wp\/v2\/product_brand?post=6612"},{"taxonomy":"product_cat","embeddable":true,"href":"https:\/\/uj.adatbank.ro\/lexikon\/wp-json\/wp\/v2\/product_cat?post=6612"},{"taxonomy":"product_tag","embeddable":true,"href":"https:\/\/uj.adatbank.ro\/lexikon\/wp-json\/wp\/v2\/product_tag?post=6612"}],"curies":[{"name":"wp","href":"https:\/\/api.w.org\/{rel}","templated":true}]}}