{"id":6613,"date":"2025-06-28T17:58:35","date_gmt":"2025-06-28T15:58:35","guid":{"rendered":"https:\/\/uj.adatbank.ro\/lexikon\/termek\/deak-ferenc-kopeci\/"},"modified":"2025-06-28T17:58:35","modified_gmt":"2025-06-28T15:58:35","slug":"deak-ferenc-kopeci","status":"publish","type":"product","link":"https:\/\/uj.adatbank.ro\/lexikon\/termek\/deak-ferenc-kopeci\/","title":{"rendered":"DE\u00c1K Ferenc, k\u00f6peci"},"content":{"rendered":"<p>1797., \u2020 Mv., 1868. \u00e1pr. 4.: \u00fcgyv\u00e9d. Ny\u00e1r\u00e1dandr\u00e1sfalv\u00e1n temett\u00e9k el. \u2013 Csal\u00e1dj\u00e1t H\u00e1romsz\u00e9kr\u0151l sz\u00e1rmaztatta. Feles\u00e9ge: magyarcsesztvei Miske Anna (1812- Mv., 1880. aug. 17.), jobb\u00e1gyfalvi \u00e9s andr\u00e1sfalvi birtokos egyik l\u00e1nya. Fi\u00fak: Farkas. \u2013 Kir. T\u00e1blai \u00fcgyv\u00e9d. D\u00f3sa Eleket k\u00fclf\u00f6ld\u00f6n tart\u00f3zkod\u00e1sa idej\u00e9n a mv.-i Ref. Koll. jogakad. -\u00e1n helyettes jogtan\u00e1r. Mv.-en utca viselte a nev\u00e9t (1914\u2013). <br \/><strong>Irod.:<\/strong> Egyed \u00c1. 2006 ; Gy\u00e1szjelent; K\u00f6peci D. F. [Nekrol\u00f3g] (Sz\u00e9kely K\u00f6zl\u00f6ny, 1868. \u00e1pr. 11.); Vigh<\/br><\/p>\n","protected":false},"excerpt":{"rendered":"<p>1797., \u2020 Mv., 1868. \u00e1pr. 4.: \u00fcgyv\u00e9d. Ny\u00e1r\u00e1dandr\u00e1sfalv\u00e1n temett\u00e9k el. \u2013 Csal\u00e1dj\u00e1t H\u00e1romsz\u00e9kr\u0151l sz\u00e1rmaztatta. Feles\u00e9ge: magyarcsesztvei Miske Anna (1812- Mv., 1880. aug. 17.), jobb\u00e1gyfalvi \u00e9s andr\u00e1sfalvi birtokos egyik l\u00e1nya. Fi\u00fak: Farkas. \u2013 Kir. T\u00e1blai \u00fcgyv\u00e9d. D\u00f3sa Eleket k\u00fclf\u00f6ld\u00f6n tart\u00f3zkod\u00e1sa idej\u00e9n a mv.-i Ref. Koll. jogakad. -\u00e1n helyettes jogtan\u00e1r. Mv.-en utca viselte a nev\u00e9t (1914\u2013). Irod.: [&hellip;]<\/p>\n","protected":false},"featured_media":0,"comment_status":"open","ping_status":"closed","template":"","meta":[],"product_brand":[],"product_cat":[137],"product_tag":[],"class_list":{"0":"post-6613","1":"product","2":"type-product","3":"status-publish","5":"product_cat-maros-megyei-eletrajzi-lexikon","7":"first","8":"instock","9":"shipping-taxable","10":"product-type-simple"},"_links":{"self":[{"href":"https:\/\/uj.adatbank.ro\/lexikon\/wp-json\/wp\/v2\/product\/6613","targetHints":{"allow":["GET"]}}],"collection":[{"href":"https:\/\/uj.adatbank.ro\/lexikon\/wp-json\/wp\/v2\/product"}],"about":[{"href":"https:\/\/uj.adatbank.ro\/lexikon\/wp-json\/wp\/v2\/types\/product"}],"replies":[{"embeddable":true,"href":"https:\/\/uj.adatbank.ro\/lexikon\/wp-json\/wp\/v2\/comments?post=6613"}],"wp:attachment":[{"href":"https:\/\/uj.adatbank.ro\/lexikon\/wp-json\/wp\/v2\/media?parent=6613"}],"wp:term":[{"taxonomy":"product_brand","embeddable":true,"href":"https:\/\/uj.adatbank.ro\/lexikon\/wp-json\/wp\/v2\/product_brand?post=6613"},{"taxonomy":"product_cat","embeddable":true,"href":"https:\/\/uj.adatbank.ro\/lexikon\/wp-json\/wp\/v2\/product_cat?post=6613"},{"taxonomy":"product_tag","embeddable":true,"href":"https:\/\/uj.adatbank.ro\/lexikon\/wp-json\/wp\/v2\/product_tag?post=6613"}],"curies":[{"name":"wp","href":"https:\/\/api.w.org\/{rel}","templated":true}]}}

DEÁK Ferenc, köpeci

<p>1797., † Mv., 1868. ápr. 4.: ügyvéd. Nyárádandrásfalván temették el. – Családját Háromszékről származtatta. Felesége: magyarcsesztvei Miske Anna (1812- Mv., 1880. aug. 17.), jobbágyfalvi és andrásfalvi birtokos egyik lánya. Fiúk: Farkas. – Kir. Táblai ügyvéd. Dósa Eleket külföldön tartózkodása idején a mv.-i Ref. Koll. jogakad. -án helyettes jogtanár. Mv.-en utca viselte a nevét (1914–). <br /><strong>Irod.:</strong> Egyed Á. 2006 ; Gyászjelent; Köpeci D. F. [Nekrológ] (Székely Közlöny, 1868. ápr. 11.); Vigh</br></p>

<p>1797., † Mv., 1868. ápr. 4.: ügyvéd. Nyárádandrásfalván temették el. – Családját Háromszékről származtatta. Felesége: magyarcsesztvei Miske Anna (1812- Mv., 1880. aug. 17.), jobbágyfalvi és andrásfalvi birtokos egyik lánya. Fiúk: Farkas. – Kir. Táblai ügyvéd. Dósa Eleket külföldön tartózkodása idején a mv.-i Ref. Koll. jogakad. -án helyettes jogtanár. Mv.-en utca viselte a nevét (1914–). Irod.: [&hellip;]</p>
