{"id":6615,"date":"2025-06-28T17:58:41","date_gmt":"2025-06-28T15:58:41","guid":{"rendered":"https:\/\/uj.adatbank.ro\/lexikon\/termek\/deak-gabor-nyaradszentlaszloi\/"},"modified":"2025-06-28T17:58:41","modified_gmt":"2025-06-28T15:58:41","slug":"deak-gabor-nyaradszentlaszloi","status":"publish","type":"product","link":"https:\/\/uj.adatbank.ro\/lexikon\/termek\/deak-gabor-nyaradszentlaszloi\/","title":{"rendered":"DE\u00c1K G\u00e1bor, ny\u00e1r\u00e1dszentl\u00e1szl\u00f3i"},"content":{"rendered":"<p>Bikfalva, 1881., \u2020\u00a01950 : ref. lelk\u00e9sz. \u2013 Sepsiszentgy\u00f6rgy\u00f6n \u00e9retts\u00e9gizett (1902), a teol\u00f3gi\u00e1t Kv.-on v\u00e9gezte, papp\u00e1 szentelt\u00e9k (1909). Mez\u0151fel\u00e9ben seg\u00e9dlelk\u00e9sz (1906\u201307), lelk\u00e9sz Borb\u00e1tv\u00edz gy\u00fclekezet\u00e9ben (1908\u201311), Cs\u00edkfalv\u00e1n (1911\u201316), Magyardell\u0151n (\u20131920-ig) \u00e9s \u00fajra Mez\u0151fel\u00e9ben. A marostordai Gazdas\u00e1gi Sz\u00f6vetkezet keret\u00e9n bel\u00fcl megszervezte a felei gazdak\u00f6rt. A gazdak\u00f6ri \u00e9s Hangya Sz\u00f6vetkezeti eln\u00f6k, az Erd\u00e9lyi P\u00e1rt eln\u00f6ke. Magyars\u00e1ga miatt hadb\u00edr\u00f3s\u00e1g el\u00e9 is \u00e1ll\u00edtott\u00e1k. <br \/><strong>Irod.:<\/strong> Cs\u00e1ky\u00a0; Sz\u00e9kelyf\u00f6ld \u00ed. k.<\/br><\/p>\n","protected":false},"excerpt":{"rendered":"<p>Bikfalva, 1881., \u2020\u00a01950 : ref. lelk\u00e9sz. \u2013 Sepsiszentgy\u00f6rgy\u00f6n \u00e9retts\u00e9gizett (1902), a teol\u00f3gi\u00e1t Kv.-on v\u00e9gezte, papp\u00e1 szentelt\u00e9k (1909). Mez\u0151fel\u00e9ben seg\u00e9dlelk\u00e9sz (1906\u201307), lelk\u00e9sz Borb\u00e1tv\u00edz gy\u00fclekezet\u00e9ben (1908\u201311), Cs\u00edkfalv\u00e1n (1911\u201316), Magyardell\u0151n (\u20131920-ig) \u00e9s \u00fajra Mez\u0151fel\u00e9ben. A marostordai Gazdas\u00e1gi Sz\u00f6vetkezet keret\u00e9n bel\u00fcl megszervezte a felei gazdak\u00f6rt. A gazdak\u00f6ri \u00e9s Hangya Sz\u00f6vetkezeti eln\u00f6k, az Erd\u00e9lyi P\u00e1rt eln\u00f6ke. Magyars\u00e1ga miatt hadb\u00edr\u00f3s\u00e1g el\u00e9 [&hellip;]<\/p>\n","protected":false},"featured_media":0,"comment_status":"open","ping_status":"closed","template":"","meta":[],"product_brand":[],"product_cat":[137],"product_tag":[],"class_list":{"0":"post-6615","1":"product","2":"type-product","3":"status-publish","5":"product_cat-maros-megyei-eletrajzi-lexikon","7":"first","8":"instock","9":"shipping-taxable","10":"product-type-simple"},"_links":{"self":[{"href":"https:\/\/uj.adatbank.ro\/lexikon\/wp-json\/wp\/v2\/product\/6615","targetHints":{"allow":["GET"]}}],"collection":[{"href":"https:\/\/uj.adatbank.ro\/lexikon\/wp-json\/wp\/v2\/product"}],"about":[{"href":"https:\/\/uj.adatbank.ro\/lexikon\/wp-json\/wp\/v2\/types\/product"}],"replies":[{"embeddable":true,"href":"https:\/\/uj.adatbank.ro\/lexikon\/wp-json\/wp\/v2\/comments?post=6615"}],"wp:attachment":[{"href":"https:\/\/uj.adatbank.ro\/lexikon\/wp-json\/wp\/v2\/media?parent=6615"}],"wp:term":[{"taxonomy":"product_brand","embeddable":true,"href":"https:\/\/uj.adatbank.ro\/lexikon\/wp-json\/wp\/v2\/product_brand?post=6615"},{"taxonomy":"product_cat","embeddable":true,"href":"https:\/\/uj.adatbank.ro\/lexikon\/wp-json\/wp\/v2\/product_cat?post=6615"},{"taxonomy":"product_tag","embeddable":true,"href":"https:\/\/uj.adatbank.ro\/lexikon\/wp-json\/wp\/v2\/product_tag?post=6615"}],"curies":[{"name":"wp","href":"https:\/\/api.w.org\/{rel}","templated":true}]}}

DEÁK Gábor, nyárádszentlászlói

<p>Bikfalva, 1881., † 1950 : ref. lelkész. – Sepsiszentgyörgyön érettségizett (1902), a teológiát Kv.-on végezte, pappá szentelték (1909). Mezőfelében segédlelkész (1906–07), lelkész Borbátvíz gyülekezetében (1908–11), Csíkfalván (1911–16), Magyardellőn (–1920-ig) és újra Mezőfelében. A marostordai Gazdasági Szövetkezet keretén belül megszervezte a felei gazdakört. A gazdaköri és Hangya Szövetkezeti elnök, az Erdélyi Párt elnöke. Magyarsága miatt hadbíróság elé is állították. <br /><strong>Irod.:</strong> Csáky ; Székelyföld í. k.</br></p>

<p>Bikfalva, 1881., † 1950 : ref. lelkész. – Sepsiszentgyörgyön érettségizett (1902), a teológiát Kv.-on végezte, pappá szentelték (1909). Mezőfelében segédlelkész (1906–07), lelkész Borbátvíz gyülekezetében (1908–11), Csíkfalván (1911–16), Magyardellőn (–1920-ig) és újra Mezőfelében. A marostordai Gazdasági Szövetkezet keretén belül megszervezte a felei gazdakört. A gazdaköri és Hangya Szövetkezeti elnök, az Erdélyi Párt elnöke. Magyarsága miatt hadbíróság elé [&hellip;]</p>
