{"id":6617,"date":"2025-06-28T17:58:45","date_gmt":"2025-06-28T15:58:45","guid":{"rendered":"https:\/\/uj.adatbank.ro\/lexikon\/termek\/deak-gyula-%c2%a7\/"},"modified":"2025-06-28T17:58:45","modified_gmt":"2025-06-28T15:58:45","slug":"deak-gyula-%c2%a7","status":"publish","type":"product","link":"https:\/\/uj.adatbank.ro\/lexikon\/termek\/deak-gyula-%c2%a7\/","title":{"rendered":"DE\u00c1K Gyula \u00a7"},"content":{"rendered":"<p>Mv., 1928. \u00e1pr. 29., \u2020 Mv., 2008. szept. 30.: sportol\u00f3, k\u00f6zgazd\u00e1sz, szen\u00e1tori irodavezet\u0151. \u2013 Mv.-en a Kereskedelmi K\u00f6z\u00e9piskol\u00e1ban tanult, itt indult meg sportkarrierje is kos\u00e1rlabda- \u00e9s v\u00edzilabda orsz\u00e1gos v\u00e1logattotts\u00e1g\u00e1ig, mint a Progresul Mv. v\u00edzilabd\u00e1z\u00f3ja volt Helszinkiben a XV. Ny\u00e1ri olimpiai J\u00e1t\u00e9kokon (1952). A kv.-i BTE-n v\u00e9gzett k\u00f6zgazdas\u00e1gi szakon (1951). A mv.-i v\u00e1rosi n\u00e9ptan\u00e1cs tervez\u0151 oszt\u00e1ly\u00e1nak vezet\u0151je (1953\u201365), nyugd\u00edjaz\u00e1s\u00e1ig az \u00c1ramszog\u00e1ltat\u00f3 V\u00e1llalat \u00e9p\u00edtkez\u00e9si r\u00e9szleg\u00e9nek tervez\u0151 oszt\u00e1ly\u00e1t vezette. Az RMDSZ alap\u00edt\u00f3 tagja, a Maros megyei v\u00e1lasztm\u00e1ny\u00e1nak titk\u00e1ra (1990\u201392), Mark\u00f3 B\u00e9la szen\u00e1tor irodaf\u0151n\u00f6ke (1992\u2013). A mv.-i Kistemplom presbitere. Kos\u00e1rlabda-j\u00e1t\u00e9kosk\u00e9nt indult (1942\u201343), nemzetk\u00f6zi turn\u00e9n el\u0151sz\u00f6r Pozsonyban szerepelt (1946) a buk.-i v\u00e1logatottal. R\u00e9szt vett a sz\u00f3fiai kos\u00e1rlabda Balk\u00e1n-bajnoks\u00e1gon (1947), Jugoszl\u00e1vi\u00e1ban t\u00farn\u00e9ztak (1948), ahol verhetetlenek voltak. A kos\u00e1rlabd\u00e1z\u00e1st abbahagyta (1952). Buk.-ben a 100 m\u00e9teres h\u00e1t\u00fasz\u00e1sban az ifj\u00fas\u00e1gi bajnoks\u00e1gon a II. helyre ker\u00fclt (1946). Ekkor vett\u00e9k be a mv.-i v\u00edzilabda-csapatba (1946). Mint vizilabd\u00e1z\u00f3 a rom\u00e1n v\u00edzilabda-v\u00e1logatott tagja (1947\u201356), n\u00e9gy Vil\u00e1gifj\u00fas\u00e1gi Tal\u00e1lkoz\u00f3n vett r\u00e9szt, a Helsinkiben rendezett ollimpiai j\u00e1t\u00e9kokon is (1952). Kos\u00e1rlabdab\u00edr\u00f3 lett (1956\u2013), megszerezte a nemzetk\u00f6zi b\u00edr\u00f3i enged\u00e9lyt (1957\u2013). B\u00edr\u00e1skodott Alb\u00e1ni\u00e1ban, T\u00f6r\u00f6ko.-ban, K\u00edn\u00e1ban. A Dinam\u00f3 csapat edz\u0151je Mv.-en (1959\u201360) \u00e9s a Spartac Alimentara l\u00e1nycsapat\u00e1t is edzette. V\u00e9gleg befejezte a profi sportol\u00e1st (1965). Eg\u00e9sz \u00e9letp\u00e1ly\u00e1j\u00e1t m\u00e9ltat\u00f3 d\u00edszoklev\u00e9llel \u00e9s serleggel t\u00fcntett\u00e9k ki (1999. \u00e1pr. 23.). <br \/><strong>Irod.:<\/strong> D. Gy. (1828\u20132008) [Nekrol\u00f3g] (N\u00fa., 2008. okt. 1.); Farcz\u00e1di Attila: \u201eK\u00f6sz\u00f6nj\u00fck, hogy megeml\u00e9keztek r\u00f3lunk\u201d(N\u00fa., 1999. m\u00e1j. 10.); Kl\u00f3sz B\u00e1lint: A legend\u00e1k mindenk\u00e9ppen a F\u00f6ld\u00f6n maradnak: In memoriam D. Gy. (N\u00fa., 2008. okt. 3.); Kl\u00f3sz-Tolok\u00e1n; KKACS; N\u00fa. (2005. jan. 17.); RMKK; Vajda Gy\u00f6rgy: \u201eAz embert\u00e1rsak szeretet\u00e9re, a munka megbecs\u00fcl\u00e9s\u00e9re, a csapatszellemre tan\u00edtott a sport\u201d (N\u00fa., 1999. szept. 20.)<\/br><\/p>\n","protected":false},"excerpt":{"rendered":"<p>Mv., 1928. \u00e1pr. 29., \u2020 Mv., 2008. szept. 30.: sportol\u00f3, k\u00f6zgazd\u00e1sz, szen\u00e1tori irodavezet\u0151. \u2013 Mv.-en a Kereskedelmi K\u00f6z\u00e9piskol\u00e1ban tanult, itt indult meg sportkarrierje is kos\u00e1rlabda- \u00e9s v\u00edzilabda orsz\u00e1gos v\u00e1logattotts\u00e1g\u00e1ig, mint a Progresul Mv. v\u00edzilabd\u00e1z\u00f3ja volt Helszinkiben a XV. Ny\u00e1ri olimpiai J\u00e1t\u00e9kokon (1952). A kv.-i BTE-n v\u00e9gzett k\u00f6zgazdas\u00e1gi szakon (1951). A mv.-i v\u00e1rosi n\u00e9ptan\u00e1cs tervez\u0151 oszt\u00e1ly\u00e1nak [&hellip;]<\/p>\n","protected":false},"featured_media":0,"comment_status":"open","ping_status":"closed","template":"","meta":[],"product_brand":[],"product_cat":[137],"product_tag":[],"class_list":{"0":"post-6617","1":"product","2":"type-product","3":"status-publish","5":"product_cat-maros-megyei-eletrajzi-lexikon","7":"first","8":"instock","9":"shipping-taxable","10":"product-type-simple"},"_links":{"self":[{"href":"https:\/\/uj.adatbank.ro\/lexikon\/wp-json\/wp\/v2\/product\/6617","targetHints":{"allow":["GET"]}}],"collection":[{"href":"https:\/\/uj.adatbank.ro\/lexikon\/wp-json\/wp\/v2\/product"}],"about":[{"href":"https:\/\/uj.adatbank.ro\/lexikon\/wp-json\/wp\/v2\/types\/product"}],"replies":[{"embeddable":true,"href":"https:\/\/uj.adatbank.ro\/lexikon\/wp-json\/wp\/v2\/comments?post=6617"}],"wp:attachment":[{"href":"https:\/\/uj.adatbank.ro\/lexikon\/wp-json\/wp\/v2\/media?parent=6617"}],"wp:term":[{"taxonomy":"product_brand","embeddable":true,"href":"https:\/\/uj.adatbank.ro\/lexikon\/wp-json\/wp\/v2\/product_brand?post=6617"},{"taxonomy":"product_cat","embeddable":true,"href":"https:\/\/uj.adatbank.ro\/lexikon\/wp-json\/wp\/v2\/product_cat?post=6617"},{"taxonomy":"product_tag","embeddable":true,"href":"https:\/\/uj.adatbank.ro\/lexikon\/wp-json\/wp\/v2\/product_tag?post=6617"}],"curies":[{"name":"wp","href":"https:\/\/api.w.org\/{rel}","templated":true}]}}

DEÁK Gyula §

<p>Mv., 1928. ápr. 29., † Mv., 2008. szept. 30.: sportoló, közgazdász, szenátori irodavezető. – Mv.-en a Kereskedelmi Középiskolában tanult, itt indult meg sportkarrierje is kosárlabda- és vízilabda országos válogattottságáig, mint a Progresul Mv. vízilabdázója volt Helszinkiben a XV. Nyári olimpiai Játékokon (1952). A kv.-i BTE-n végzett közgazdasági szakon (1951). A mv.-i városi néptanács tervező osztályának vezetője (1953–65), nyugdíjazásáig az Áramszogáltató Vállalat építkezési részlegének tervező osztályát vezette. Az RMDSZ alapító tagja, a Maros megyei választmányának titkára (1990–92), Markó Béla szenátor irodafőnöke (1992–). A mv.-i Kistemplom presbitere. Kosárlabda-játékosként indult (1942–43), nemzetközi turnén először Pozsonyban szerepelt (1946) a buk.-i válogatottal. Részt vett a szófiai kosárlabda Balkán-bajnokságon (1947), Jugoszláviában túrnéztak (1948), ahol verhetetlenek voltak. A kosárlabdázást abbahagyta (1952). Buk.-ben a 100 méteres hátúszásban az ifjúsági bajnokságon a II. helyre került (1946). Ekkor vették be a mv.-i vízilabda-csapatba (1946). Mint vizilabdázó a román vízilabda-válogatott tagja (1947–56), négy Világifjúsági Találkozón vett részt, a Helsinkiben rendezett ollimpiai játékokon is (1952). Kosárlabdabíró lett (1956–), megszerezte a nemzetközi bírói engedélyt (1957–). Bíráskodott Albániában, Töröko.-ban, Kínában. A Dinamó csapat edzője Mv.-en (1959–60) és a Spartac Alimentara lánycsapatát is edzette. Végleg befejezte a profi sportolást (1965). Egész életpályáját méltató díszoklevéllel és serleggel tüntették ki (1999. ápr. 23.). <br /><strong>Irod.:</strong> D. Gy. (1828–2008) [Nekrológ] (Nú., 2008. okt. 1.); Farczádi Attila: „Köszönjük, hogy megemlékeztek rólunk”(Nú., 1999. máj. 10.); Klósz Bálint: A legendák mindenképpen a Földön maradnak: In memoriam D. Gy. (Nú., 2008. okt. 3.); Klósz-Tolokán; KKACS; Nú. (2005. jan. 17.); RMKK; Vajda György: „Az embertársak szeretetére, a munka megbecsülésére, a csapatszellemre tanított a sport” (Nú., 1999. szept. 20.)</br></p>

<p>Mv., 1928. ápr. 29., † Mv., 2008. szept. 30.: sportoló, közgazdász, szenátori irodavezető. – Mv.-en a Kereskedelmi Középiskolában tanult, itt indult meg sportkarrierje is kosárlabda- és vízilabda országos válogattottságáig, mint a Progresul Mv. vízilabdázója volt Helszinkiben a XV. Nyári olimpiai Játékokon (1952). A kv.-i BTE-n végzett közgazdasági szakon (1951). A mv.-i városi néptanács tervező osztályának [&hellip;]</p>
