{"id":6623,"date":"2025-06-28T17:58:56","date_gmt":"2025-06-28T15:58:56","guid":{"rendered":"https:\/\/uj.adatbank.ro\/lexikon\/termek\/deak-karoly-elek\/"},"modified":"2025-06-28T17:58:56","modified_gmt":"2025-06-28T15:58:56","slug":"deak-karoly-elek","status":"publish","type":"product","link":"https:\/\/uj.adatbank.ro\/lexikon\/termek\/deak-karoly-elek\/","title":{"rendered":"DE\u00c1K K\u00e1roly Elek"},"content":{"rendered":"<p>Mv., 1917. j\u00fan. 3., \u2020 Dics\u0151szentm\u00e1rton, 1944. szept. 8.: z\u00e1szl\u00f3s, dr. \u2013 A II. vh.-ban tart. z\u00e1szl\u00f3si rangban vett r\u00e9szt. Dics\u0151szentm\u00e1rtonn\u00e1l h\u0151si hal\u00e1lt halt. <br \/><strong>Irod.:<\/strong> Berekm\u00e9ri; Berekm\u00e9ri 2015<\/br><\/p>\n","protected":false},"excerpt":{"rendered":"<p>Mv., 1917. j\u00fan. 3., \u2020 Dics\u0151szentm\u00e1rton, 1944. szept. 8.: z\u00e1szl\u00f3s, dr. \u2013 A II. vh.-ban tart. z\u00e1szl\u00f3si rangban vett r\u00e9szt. Dics\u0151szentm\u00e1rtonn\u00e1l h\u0151si hal\u00e1lt halt. Irod.: Berekm\u00e9ri; Berekm\u00e9ri 2015<\/p>\n","protected":false},"featured_media":0,"comment_status":"open","ping_status":"closed","template":"","meta":[],"product_brand":[],"product_cat":[137],"product_tag":[],"class_list":{"0":"post-6623","1":"product","2":"type-product","3":"status-publish","5":"product_cat-maros-megyei-eletrajzi-lexikon","7":"first","8":"instock","9":"shipping-taxable","10":"product-type-simple"},"_links":{"self":[{"href":"https:\/\/uj.adatbank.ro\/lexikon\/wp-json\/wp\/v2\/product\/6623","targetHints":{"allow":["GET"]}}],"collection":[{"href":"https:\/\/uj.adatbank.ro\/lexikon\/wp-json\/wp\/v2\/product"}],"about":[{"href":"https:\/\/uj.adatbank.ro\/lexikon\/wp-json\/wp\/v2\/types\/product"}],"replies":[{"embeddable":true,"href":"https:\/\/uj.adatbank.ro\/lexikon\/wp-json\/wp\/v2\/comments?post=6623"}],"wp:attachment":[{"href":"https:\/\/uj.adatbank.ro\/lexikon\/wp-json\/wp\/v2\/media?parent=6623"}],"wp:term":[{"taxonomy":"product_brand","embeddable":true,"href":"https:\/\/uj.adatbank.ro\/lexikon\/wp-json\/wp\/v2\/product_brand?post=6623"},{"taxonomy":"product_cat","embeddable":true,"href":"https:\/\/uj.adatbank.ro\/lexikon\/wp-json\/wp\/v2\/product_cat?post=6623"},{"taxonomy":"product_tag","embeddable":true,"href":"https:\/\/uj.adatbank.ro\/lexikon\/wp-json\/wp\/v2\/product_tag?post=6623"}],"curies":[{"name":"wp","href":"https:\/\/api.w.org\/{rel}","templated":true}]}}