{"id":6625,"date":"2025-06-28T17:59:00","date_gmt":"2025-06-28T15:59:00","guid":{"rendered":"https:\/\/uj.adatbank.ro\/lexikon\/termek\/deak-karoly-kopeci\/"},"modified":"2025-06-28T17:59:00","modified_gmt":"2025-06-28T15:59:00","slug":"deak-karoly-kopeci","status":"publish","type":"product","link":"https:\/\/uj.adatbank.ro\/lexikon\/termek\/deak-karoly-kopeci\/","title":{"rendered":"DE\u00c1K K\u00e1roly, k\u00f6peci"},"content":{"rendered":"<p>1812.?, \u2020 Mv., 1899. szept. 5.: megyei kiad\u00f3. \u2013 Testv\u00e9re: zilahi Zilahy Ferenczn\u00e9, k\u00f6peczi De\u00e1k Anna. Feles\u00e9ge: Nyerges Anna. Fogadott fiai: D. Gyula, feles\u00e9ge \u00e1d\u00e1mosi V\u00e9gh Irma; krizbai Dese\u0151 B\u00e9la. \u2013 Az 1848\u201349-es szabads\u00e1gharcot Bem t\u00e1bor\u00e1ban k\u00fczd\u00f6tte v\u00e9gig, majd 11 h\u00f3napi fogs\u00e1gb\u00f3l tifuszos betegk\u00e9nt szabadult. Maros -Torda t\u00e1rsadalmi, k\u00f6zgazdas\u00e1gi, sz\u00e9pirodalmi \u00e9s vegyes tartalm\u00fa heti k\u00f6zl\u00f6ny (1885. okt. 3. \u2013 1986. j\u00fal. 3.) vm.-i kiad\u00f3ja volt. <br \/><strong>Irod.:<\/strong> Gy\u00e1szjelent.; P\u00e1lmay J\u00f3zsef; Popt\u0103ma\u015f\u2013M\u00f3zes<\/br><\/p>\n","protected":false},"excerpt":{"rendered":"<p>1812.?, \u2020 Mv., 1899. szept. 5.: megyei kiad\u00f3. \u2013 Testv\u00e9re: zilahi Zilahy Ferenczn\u00e9, k\u00f6peczi De\u00e1k Anna. Feles\u00e9ge: Nyerges Anna. Fogadott fiai: D. Gyula, feles\u00e9ge \u00e1d\u00e1mosi V\u00e9gh Irma; krizbai Dese\u0151 B\u00e9la. \u2013 Az 1848\u201349-es szabads\u00e1gharcot Bem t\u00e1bor\u00e1ban k\u00fczd\u00f6tte v\u00e9gig, majd 11 h\u00f3napi fogs\u00e1gb\u00f3l tifuszos betegk\u00e9nt szabadult. Maros -Torda t\u00e1rsadalmi, k\u00f6zgazdas\u00e1gi, sz\u00e9pirodalmi \u00e9s vegyes tartalm\u00fa heti k\u00f6zl\u00f6ny [&hellip;]<\/p>\n","protected":false},"featured_media":0,"comment_status":"open","ping_status":"closed","template":"","meta":[],"product_brand":[],"product_cat":[137],"product_tag":[],"class_list":{"0":"post-6625","1":"product","2":"type-product","3":"status-publish","5":"product_cat-maros-megyei-eletrajzi-lexikon","7":"first","8":"instock","9":"shipping-taxable","10":"product-type-simple"},"_links":{"self":[{"href":"https:\/\/uj.adatbank.ro\/lexikon\/wp-json\/wp\/v2\/product\/6625","targetHints":{"allow":["GET"]}}],"collection":[{"href":"https:\/\/uj.adatbank.ro\/lexikon\/wp-json\/wp\/v2\/product"}],"about":[{"href":"https:\/\/uj.adatbank.ro\/lexikon\/wp-json\/wp\/v2\/types\/product"}],"replies":[{"embeddable":true,"href":"https:\/\/uj.adatbank.ro\/lexikon\/wp-json\/wp\/v2\/comments?post=6625"}],"wp:attachment":[{"href":"https:\/\/uj.adatbank.ro\/lexikon\/wp-json\/wp\/v2\/media?parent=6625"}],"wp:term":[{"taxonomy":"product_brand","embeddable":true,"href":"https:\/\/uj.adatbank.ro\/lexikon\/wp-json\/wp\/v2\/product_brand?post=6625"},{"taxonomy":"product_cat","embeddable":true,"href":"https:\/\/uj.adatbank.ro\/lexikon\/wp-json\/wp\/v2\/product_cat?post=6625"},{"taxonomy":"product_tag","embeddable":true,"href":"https:\/\/uj.adatbank.ro\/lexikon\/wp-json\/wp\/v2\/product_tag?post=6625"}],"curies":[{"name":"wp","href":"https:\/\/api.w.org\/{rel}","templated":true}]}}

DEÁK Károly, köpeci

<p>1812.?, † Mv., 1899. szept. 5.: megyei kiadó. – Testvére: zilahi Zilahy Ferenczné, köpeczi Deák Anna. Felesége: Nyerges Anna. Fogadott fiai: D. Gyula, felesége ádámosi Végh Irma; krizbai Deseő Béla. – Az 1848–49-es szabadságharcot Bem táborában küzdötte végig, majd 11 hónapi fogságból tifuszos betegként szabadult. Maros -Torda társadalmi, közgazdasági, szépirodalmi és vegyes tartalmú heti közlöny (1885. okt. 3. – 1986. júl. 3.) vm.-i kiadója volt. <br /><strong>Irod.:</strong> Gyászjelent.; Pálmay József; Poptămaş–Mózes</br></p>

<p>1812.?, † Mv., 1899. szept. 5.: megyei kiadó. – Testvére: zilahi Zilahy Ferenczné, köpeczi Deák Anna. Felesége: Nyerges Anna. Fogadott fiai: D. Gyula, felesége ádámosi Végh Irma; krizbai Deseő Béla. – Az 1848–49-es szabadságharcot Bem táborában küzdötte végig, majd 11 hónapi fogságból tifuszos betegként szabadult. Maros -Torda társadalmi, közgazdasági, szépirodalmi és vegyes tartalmú heti közlöny [&hellip;]</p>
