{"id":6629,"date":"2025-06-28T17:59:09","date_gmt":"2025-06-28T15:59:09","guid":{"rendered":"https:\/\/uj.adatbank.ro\/lexikon\/termek\/deak-orban\/"},"modified":"2025-06-28T17:59:09","modified_gmt":"2025-06-28T15:59:09","slug":"deak-orban","status":"publish","type":"product","link":"https:\/\/uj.adatbank.ro\/lexikon\/termek\/deak-orban\/","title":{"rendered":"DE\u00c1K Orb\u00e1n"},"content":{"rendered":"<p>Fut\u00e1sfalva, 1738., \u2020 Nagyenyed, 1809. m\u00e1j. 14.: minorita szerzetes. \u2013 Tanulm\u00e1nyai befejez\u00e9se ut\u00e1n papp\u00e1 szentelt\u00e9k. Gimn.-i tan\u00e1r K\u00e9zdiv\u00e1s\u00e1rhelyen, Soborsinban. Lelk\u00e9sz volt Radn\u00f3ton. \u00d6regkor\u00e1ban Nagyenyeden \u00e9lt. Iskoladr\u00e1m\u00e1kat \u00edrt, de k\u00e9ziratai elvesztek. <br \/><strong>Irod.:<\/strong> Monay: magyaro.-i \u00e9s erd\u00e9lyi minorit\u00e1k<\/br><\/p>\n","protected":false},"excerpt":{"rendered":"<p>Fut\u00e1sfalva, 1738., \u2020 Nagyenyed, 1809. m\u00e1j. 14.: minorita szerzetes. \u2013 Tanulm\u00e1nyai befejez\u00e9se ut\u00e1n papp\u00e1 szentelt\u00e9k. Gimn.-i tan\u00e1r K\u00e9zdiv\u00e1s\u00e1rhelyen, Soborsinban. Lelk\u00e9sz volt Radn\u00f3ton. \u00d6regkor\u00e1ban Nagyenyeden \u00e9lt. Iskoladr\u00e1m\u00e1kat \u00edrt, de k\u00e9ziratai elvesztek. Irod.: Monay: magyaro.-i \u00e9s erd\u00e9lyi minorit\u00e1k<\/p>\n","protected":false},"featured_media":0,"comment_status":"open","ping_status":"closed","template":"","meta":[],"product_brand":[],"product_cat":[137],"product_tag":[],"class_list":{"0":"post-6629","1":"product","2":"type-product","3":"status-publish","5":"product_cat-maros-megyei-eletrajzi-lexikon","7":"first","8":"instock","9":"shipping-taxable","10":"product-type-simple"},"_links":{"self":[{"href":"https:\/\/uj.adatbank.ro\/lexikon\/wp-json\/wp\/v2\/product\/6629","targetHints":{"allow":["GET"]}}],"collection":[{"href":"https:\/\/uj.adatbank.ro\/lexikon\/wp-json\/wp\/v2\/product"}],"about":[{"href":"https:\/\/uj.adatbank.ro\/lexikon\/wp-json\/wp\/v2\/types\/product"}],"replies":[{"embeddable":true,"href":"https:\/\/uj.adatbank.ro\/lexikon\/wp-json\/wp\/v2\/comments?post=6629"}],"wp:attachment":[{"href":"https:\/\/uj.adatbank.ro\/lexikon\/wp-json\/wp\/v2\/media?parent=6629"}],"wp:term":[{"taxonomy":"product_brand","embeddable":true,"href":"https:\/\/uj.adatbank.ro\/lexikon\/wp-json\/wp\/v2\/product_brand?post=6629"},{"taxonomy":"product_cat","embeddable":true,"href":"https:\/\/uj.adatbank.ro\/lexikon\/wp-json\/wp\/v2\/product_cat?post=6629"},{"taxonomy":"product_tag","embeddable":true,"href":"https:\/\/uj.adatbank.ro\/lexikon\/wp-json\/wp\/v2\/product_tag?post=6629"}],"curies":[{"name":"wp","href":"https:\/\/api.w.org\/{rel}","templated":true}]}}

DEÁK Orbán

<p>Futásfalva, 1738., † Nagyenyed, 1809. máj. 14.: minorita szerzetes. – Tanulmányai befejezése után pappá szentelték. Gimn.-i tanár Kézdivásárhelyen, Soborsinban. Lelkész volt Radnóton. Öregkorában Nagyenyeden élt. Iskoladrámákat írt, de kéziratai elvesztek. <br /><strong>Irod.:</strong> Monay: magyaro.-i és erdélyi minoriták</br></p>

<p>Futásfalva, 1738., † Nagyenyed, 1809. máj. 14.: minorita szerzetes. – Tanulmányai befejezése után pappá szentelték. Gimn.-i tanár Kézdivásárhelyen, Soborsinban. Lelkész volt Radnóton. Öregkorában Nagyenyeden élt. Iskoladrámákat írt, de kéziratai elvesztek. Irod.: Monay: magyaro.-i és erdélyi minoriták</p>
