{"id":6630,"date":"2025-06-28T17:59:11","date_gmt":"2025-06-28T15:59:11","guid":{"rendered":"https:\/\/uj.adatbank.ro\/lexikon\/termek\/deak-sandor\/"},"modified":"2025-06-28T17:59:11","modified_gmt":"2025-06-28T15:59:11","slug":"deak-sandor","status":"publish","type":"product","link":"https:\/\/uj.adatbank.ro\/lexikon\/termek\/deak-sandor\/","title":{"rendered":"DE\u00c1K S\u00e1ndor"},"content":{"rendered":"<p>Mv., 1923, \u2020 Mv., 2002.: gyermekorvos. \u2013 Feles\u00e9ge dr. Gross Katalin. &#8211; Mv.-en v\u00e9gezte az egyetemet (1950) \u00e9s itt volt iskolaorvos. A ref. temet\u0151ben nyugszi <br \/><strong>Irod.:<\/strong> Kiss\u2013P\u00e9terffy\u2013P\u00e9terffy<\/br><\/p>\n","protected":false},"excerpt":{"rendered":"<p>Mv., 1923, \u2020 Mv., 2002.: gyermekorvos. \u2013 Feles\u00e9ge dr. Gross Katalin. &#8211; Mv.-en v\u00e9gezte az egyetemet (1950) \u00e9s itt volt iskolaorvos. A ref. temet\u0151ben nyugszi Irod.: Kiss\u2013P\u00e9terffy\u2013P\u00e9terffy<\/p>\n","protected":false},"featured_media":0,"comment_status":"open","ping_status":"closed","template":"","meta":[],"product_brand":[],"product_cat":[137],"product_tag":[],"class_list":{"0":"post-6630","1":"product","2":"type-product","3":"status-publish","5":"product_cat-maros-megyei-eletrajzi-lexikon","7":"first","8":"instock","9":"shipping-taxable","10":"product-type-simple"},"_links":{"self":[{"href":"https:\/\/uj.adatbank.ro\/lexikon\/wp-json\/wp\/v2\/product\/6630","targetHints":{"allow":["GET"]}}],"collection":[{"href":"https:\/\/uj.adatbank.ro\/lexikon\/wp-json\/wp\/v2\/product"}],"about":[{"href":"https:\/\/uj.adatbank.ro\/lexikon\/wp-json\/wp\/v2\/types\/product"}],"replies":[{"embeddable":true,"href":"https:\/\/uj.adatbank.ro\/lexikon\/wp-json\/wp\/v2\/comments?post=6630"}],"wp:attachment":[{"href":"https:\/\/uj.adatbank.ro\/lexikon\/wp-json\/wp\/v2\/media?parent=6630"}],"wp:term":[{"taxonomy":"product_brand","embeddable":true,"href":"https:\/\/uj.adatbank.ro\/lexikon\/wp-json\/wp\/v2\/product_brand?post=6630"},{"taxonomy":"product_cat","embeddable":true,"href":"https:\/\/uj.adatbank.ro\/lexikon\/wp-json\/wp\/v2\/product_cat?post=6630"},{"taxonomy":"product_tag","embeddable":true,"href":"https:\/\/uj.adatbank.ro\/lexikon\/wp-json\/wp\/v2\/product_tag?post=6630"}],"curies":[{"name":"wp","href":"https:\/\/api.w.org\/{rel}","templated":true}]}}