{"id":6631,"date":"2025-06-28T17:59:12","date_gmt":"2025-06-28T15:59:12","guid":{"rendered":"https:\/\/uj.adatbank.ro\/lexikon\/termek\/deak-sandor-%c2%a7-kopeci\/"},"modified":"2025-06-28T17:59:12","modified_gmt":"2025-06-28T15:59:12","slug":"deak-sandor-%c2%a7-kopeci","status":"publish","type":"product","link":"https:\/\/uj.adatbank.ro\/lexikon\/termek\/deak-sandor-%c2%a7-kopeci\/","title":{"rendered":"DE\u00c1K S\u00e1ndor, \u00a7 k\u00f6peci"},"content":{"rendered":"<p>1874. j\u00fan. 11., \u2020 Mv., 1918. j\u00fan. 11.: orvos. \u2013 Testv\u00e9re: dr. D. Albert. Feles\u00e9ge: nagyenyedi Jeney Jol\u00e1n (1879. okt. 13. \u2013 1943. dec. 19.). Gyermekeik: S\u00e1ndor, J\u00f3zsef, Katalin. \u2013 Orvosi oklevel\u00e9t Kv.-on szerezte (1899). Mv.-en j\u00e1r\u00e1si orvos, \u00e1llami k\u00f3rh\u00e1zi \u00e9s katona k\u00f3rh\u00e1zi f\u0151orvos. Maros-Torda vm. tb. f\u0151orvosa, a koron\u00e1s arany \u00e9rdemkereszt, a V\u00f6r\u00f6s-kereszt II. osz. D\u00edszjelv\u00e9ny\u00e9nek tulajdonosa. Az I. vh. idej\u00e9n a mv.-i kereskedelmi iskol\u00e1ban berendezett k\u00f3rh\u00e1zban m\u0171k\u00f6d\u00f6tt. \u2013 <strong>F. m.:<\/strong> A nemi betegs\u00e9gek \u00e9s az \u00f3vakod\u00e1s azokt\u00f3l (Mv., 1908). <br \/><strong>Irod.:<\/strong> Gy\u00e1szjelent.; Jeney csal\u00e1di inf.; Guly\u00e1s, Kiss\u2013P\u00e9terffy\u2013P\u00e9terffy; Mv. \u00e9s a h\u00e1bor\u00fa 1.<\/br><\/p>\n","protected":false},"excerpt":{"rendered":"<p>1874. j\u00fan. 11., \u2020 Mv., 1918. j\u00fan. 11.: orvos. \u2013 Testv\u00e9re: dr. D. Albert. Feles\u00e9ge: nagyenyedi Jeney Jol\u00e1n (1879. okt. 13. \u2013 1943. dec. 19.). Gyermekeik: S\u00e1ndor, J\u00f3zsef, Katalin. \u2013 Orvosi oklevel\u00e9t Kv.-on szerezte (1899). Mv.-en j\u00e1r\u00e1si orvos, \u00e1llami k\u00f3rh\u00e1zi \u00e9s katona k\u00f3rh\u00e1zi f\u0151orvos. Maros-Torda vm. tb. f\u0151orvosa, a koron\u00e1s arany \u00e9rdemkereszt, a V\u00f6r\u00f6s-kereszt II. [&hellip;]<\/p>\n","protected":false},"featured_media":0,"comment_status":"open","ping_status":"closed","template":"","meta":[],"product_brand":[],"product_cat":[137],"product_tag":[],"class_list":{"0":"post-6631","1":"product","2":"type-product","3":"status-publish","5":"product_cat-maros-megyei-eletrajzi-lexikon","7":"first","8":"instock","9":"shipping-taxable","10":"product-type-simple"},"_links":{"self":[{"href":"https:\/\/uj.adatbank.ro\/lexikon\/wp-json\/wp\/v2\/product\/6631","targetHints":{"allow":["GET"]}}],"collection":[{"href":"https:\/\/uj.adatbank.ro\/lexikon\/wp-json\/wp\/v2\/product"}],"about":[{"href":"https:\/\/uj.adatbank.ro\/lexikon\/wp-json\/wp\/v2\/types\/product"}],"replies":[{"embeddable":true,"href":"https:\/\/uj.adatbank.ro\/lexikon\/wp-json\/wp\/v2\/comments?post=6631"}],"wp:attachment":[{"href":"https:\/\/uj.adatbank.ro\/lexikon\/wp-json\/wp\/v2\/media?parent=6631"}],"wp:term":[{"taxonomy":"product_brand","embeddable":true,"href":"https:\/\/uj.adatbank.ro\/lexikon\/wp-json\/wp\/v2\/product_brand?post=6631"},{"taxonomy":"product_cat","embeddable":true,"href":"https:\/\/uj.adatbank.ro\/lexikon\/wp-json\/wp\/v2\/product_cat?post=6631"},{"taxonomy":"product_tag","embeddable":true,"href":"https:\/\/uj.adatbank.ro\/lexikon\/wp-json\/wp\/v2\/product_tag?post=6631"}],"curies":[{"name":"wp","href":"https:\/\/api.w.org\/{rel}","templated":true}]}}

DEÁK Sándor, § köpeci

<p>1874. jún. 11., † Mv., 1918. jún. 11.: orvos. – Testvére: dr. D. Albert. Felesége: nagyenyedi Jeney Jolán (1879. okt. 13. – 1943. dec. 19.). Gyermekeik: Sándor, József, Katalin. – Orvosi oklevelét Kv.-on szerezte (1899). Mv.-en járási orvos, állami kórházi és katona kórházi főorvos. Maros-Torda vm. tb. főorvosa, a koronás arany érdemkereszt, a Vörös-kereszt II. osz. Díszjelvényének tulajdonosa. Az I. vh. idején a mv.-i kereskedelmi iskolában berendezett kórházban működött. – <strong>F. m.:</strong> A nemi betegségek és az óvakodás azoktól (Mv., 1908). <br /><strong>Irod.:</strong> Gyászjelent.; Jeney családi inf.; Gulyás, Kiss–Péterffy–Péterffy; Mv. és a háború 1.</br></p>

<p>1874. jún. 11., † Mv., 1918. jún. 11.: orvos. – Testvére: dr. D. Albert. Felesége: nagyenyedi Jeney Jolán (1879. okt. 13. – 1943. dec. 19.). Gyermekeik: Sándor, József, Katalin. – Orvosi oklevelét Kv.-on szerezte (1899). Mv.-en járási orvos, állami kórházi és katona kórházi főorvos. Maros-Torda vm. tb. főorvosa, a koronás arany érdemkereszt, a Vörös-kereszt II. [&hellip;]</p>
