{"id":6632,"date":"2025-06-28T17:59:13","date_gmt":"2025-06-28T15:59:13","guid":{"rendered":"https:\/\/uj.adatbank.ro\/lexikon\/termek\/deak-sandorne-gross-katalin\/"},"modified":"2025-06-28T17:59:13","modified_gmt":"2025-06-28T15:59:13","slug":"deak-sandorne-gross-katalin","status":"publish","type":"product","link":"https:\/\/uj.adatbank.ro\/lexikon\/termek\/deak-sandorne-gross-katalin\/","title":{"rendered":"DE\u00c1K S\u00e1ndorn\u00e9 Gross Katalin"},"content":{"rendered":"<p>Mv., 1927, \u2020 Mv., 2007.: orvos. \u2013 Mv.-en v\u00e9gezte az egyetemet (1951). A Fert\u0151z\u0151klinik\u00e1n dolgozott nyugd\u00edjaz\u00e1s\u00e1ig. T\u00e1rsszerz\u0151k\u00e9nt publik\u00e1lt tanulm\u00e1nyt a hepatitisr\u0151l. <br \/><strong>Irod.:<\/strong> Kiss\u2013P\u00e9terffy\u2013P\u00e9terffy<\/br><\/p>\n","protected":false},"excerpt":{"rendered":"<p>Mv., 1927, \u2020 Mv., 2007.: orvos. \u2013 Mv.-en v\u00e9gezte az egyetemet (1951). A Fert\u0151z\u0151klinik\u00e1n dolgozott nyugd\u00edjaz\u00e1s\u00e1ig. T\u00e1rsszerz\u0151k\u00e9nt publik\u00e1lt tanulm\u00e1nyt a hepatitisr\u0151l. Irod.: Kiss\u2013P\u00e9terffy\u2013P\u00e9terffy<\/p>\n","protected":false},"featured_media":0,"comment_status":"open","ping_status":"closed","template":"","meta":[],"product_brand":[],"product_cat":[137],"product_tag":[],"class_list":{"0":"post-6632","1":"product","2":"type-product","3":"status-publish","5":"product_cat-maros-megyei-eletrajzi-lexikon","7":"first","8":"instock","9":"shipping-taxable","10":"product-type-simple"},"_links":{"self":[{"href":"https:\/\/uj.adatbank.ro\/lexikon\/wp-json\/wp\/v2\/product\/6632","targetHints":{"allow":["GET"]}}],"collection":[{"href":"https:\/\/uj.adatbank.ro\/lexikon\/wp-json\/wp\/v2\/product"}],"about":[{"href":"https:\/\/uj.adatbank.ro\/lexikon\/wp-json\/wp\/v2\/types\/product"}],"replies":[{"embeddable":true,"href":"https:\/\/uj.adatbank.ro\/lexikon\/wp-json\/wp\/v2\/comments?post=6632"}],"wp:attachment":[{"href":"https:\/\/uj.adatbank.ro\/lexikon\/wp-json\/wp\/v2\/media?parent=6632"}],"wp:term":[{"taxonomy":"product_brand","embeddable":true,"href":"https:\/\/uj.adatbank.ro\/lexikon\/wp-json\/wp\/v2\/product_brand?post=6632"},{"taxonomy":"product_cat","embeddable":true,"href":"https:\/\/uj.adatbank.ro\/lexikon\/wp-json\/wp\/v2\/product_cat?post=6632"},{"taxonomy":"product_tag","embeddable":true,"href":"https:\/\/uj.adatbank.ro\/lexikon\/wp-json\/wp\/v2\/product_tag?post=6632"}],"curies":[{"name":"wp","href":"https:\/\/api.w.org\/{rel}","templated":true}]}}