{"id":6635,"date":"2025-06-28T17:59:20","date_gmt":"2025-06-28T15:59:20","guid":{"rendered":"https:\/\/uj.adatbank.ro\/lexikon\/termek\/deaki-filep-jozsef-filep-jozsef\/"},"modified":"2025-06-28T17:59:20","modified_gmt":"2025-06-28T15:59:20","slug":"deaki-filep-jozsef-filep-jozsef","status":"publish","type":"product","link":"https:\/\/uj.adatbank.ro\/lexikon\/termek\/deaki-filep-jozsef-filep-jozsef\/","title":{"rendered":"DE\u00c1KI FILEP J\u00f3zsef, Filep J\u00f3zsef"},"content":{"rendered":"<p>Erd\u0151szentgy\u00f6rgy, 1681. aug. 4., \u2020 Kv., 1748. okt. 13.: ref. p\u00fcsp\u00f6k, egyh\u00e1zi \u00edr\u00f3. \u2013 D. F. J\u00e1nos, erd\u0151szentgy\u00f6rgyi ref. lelk\u00e9sz \u00e9s Nagy Anna fia. Feles\u00e9ge: Huszti Lov\u00e1sz Erzs\u00e9bet. \u2013 Tanult a kv.-i Ref. Koll.-ban, ahol k\u00fcl\u00f6n\u00f6sen a teol\u00f3gi\u00e1ban, b\u00f6lcseletben, zsid\u00f3 \u00e9s g\u00f6r\u00f6g nyelvekben k\u00e9pezte mag\u00e1t (1692\u201399); subscrib\u00e1lt s k\u00e9s\u0151bb k\u00f6ztan\u00edt\u00f3i lett. Tan\u00e1r a m\u00e1ramarosszigeti Ref. Gimn.-ban (1707\u20131709). K\u00fclf\u00f6ldre ment, Franekerben, Utrechtben, Oderafrankfurtban tanul (1709\u201310) teol\u00f3gi\u00e1t, b\u00f6lcseletet, g\u00f6r\u00f6g \u00e9s keleti nyelveket, r\u00e9g\u00e9szetet. Hazat\u00e9rte ut\u00e1n ref. lelk\u00e9sz D\u00e9sen\u00a0(1712\u2013); Kv.-on (1714\u2013); ott egyh\u00e1zker\u00fcleti f\u0151jegyz\u0151 (1737\u2013), ref. p\u00fcsp\u00f6k lett hal\u00e1l\u00e1ig (1740. j\u00fal. 18. \u2013), egyidej\u0171leg a kolozskalotai egyh\u00e1zm. esperese (1742\u2013). Vall\u00e1sos \u00e9rtekez\u00e9sek, k\u00f6ny\u00f6rg\u00e9sek, versek, halotti besz\u00e9dek \u00edr\u00f3ja. \u00dcdv\u00f6zl\u0151 verset \u00edrt Tholdi W. Mikl\u00f3shoz (1710), gy\u00e1szverset a Csepregi Turkovics Mih\u00e1ly (1704.) \u00e9s Szathm\u00e1rn\u00e9methi S\u00e1muel (1717.) hal\u00e1l\u00e1ra. Respondensi tisztet vitt a Descartes b\u00f6lcs\u00e9szet\u00e9nek alapelveir\u0151l tartott vit\u00e1k egyik\u00e9n. A felette So\u00f3s Ferenc, Verest\u00f3i Gy\u00f6rgy, Z\u00e1goni Aranka Gy\u00f6rgy \u00e9s Huszti Gy\u00f6rgy tartotta besz\u00e9dek szint\u00e9n megjelentek. \u2013 <strong>F. m.:<\/strong> Idvess\u00e9ges halotti tan\u00edt\u00e1s, melyet az isten nagy ember\u00e9nek. Szathm\u00e1ri N\u00e9methi S\u00e1muel uramnak, a kv.-i ref. koll.-ban 34 esztend\u0151k alatt val\u00f3 professzornak. meghidegedett teste felett 1718. Boldogasszony hava 20. elmondott (Kv., 1718); Az isteni f\u00e9lelem, j\u00f3l elv\u00e9gzett \u00e9letet k\u00f6vet\u0151 nyugalom, melyr\u0151l br. Kem\u00e9ny Simon temet\u00e9sekor besz\u00e9llet (Kv., 1724); Isten keze melynek mind b\u00f6lcses\u00e9ge mint szents\u00e9ge vil\u00e1gosan kiadta mag\u00e1t b. Kem\u00e9ny Simon \u00e9s Vaji Anna hitvesek nyavaly\u00e1i k\u00f6z\u00f6tt, legink\u00e1bb pedig akkor, mikor J\u00e1nos nev\u0171 fi\u00f3kat a hal\u00e1l t\u0151l\u00fck elragadta (Kv., 1724); Olthatatlanul t\u00fcnd\u00f6kl\u0151 sz\u00f6v\u00e9tnek, melyet m\u00e9lt. gr. Teleki P\u00e1l hal\u00e1la alkalmatoss\u00e1g\u00e1val gerjesztett szomor\u00fa \u00f6zvegye Vay Kata. (Kv., 1732); A j\u00f3 l\u00e9leknek Isten\u00e9vel val\u00f3 t\u00e1rsalkod\u00e1s\u00e1b\u00f3l sz\u00e1rmaz\u00f3 boldog nyugodalma fel\u0151l tett tan\u00edt\u00e1sa Toroczkay \u00c1gnes B\u00e1nffy Gy\u00f6rgy h\u00e1zast\u00e1rs\u00e1nak holt teste felett. 1733. m\u00e1j. 31. (Kv., 1733); Serkent\u0151 \u00f3ra. Mellyel e neh\u00e9z id\u0151kben lelki vigy\u00e1z\u00e1sra idvess\u00e9g\u00fcnk dr\u00e1ga k\u00f6nt\u00f6s\u00e9nek megoltalmaz\u00e1s\u00e1ra serkengett\u00fcnk. Wessel\u00e9nyi Istv\u00e1n \u00far. meghidegedett tetemei felett a kopors\u00f3t\u00e9telkor maga kolosv\u00e1ri palot\u00e1j\u00e1n tett r\u00f6vid tan\u00edt\u00e1sb\u00f3l (Kv., 1734); A j\u00f3l harczol\u00f3 lelki vit\u00e9znek Istene s igaz vall\u00e1sa mellett val\u00f3 \u00e1llhatatos vit\u00e9zked\u00e9s\u00e9\u00e9rt J. Krisztust\u00f3l adott fej\u00e9r k\u00f6vecske \u00e9s \u00faj n\u00e9v. 1733. szent Jakab hava 5. (Kv., 1734); Hal\u00e1lunk \u00f3r\u00e1j\u00e1ra \u00e9s az \u00f6r\u00f6k \u00e9letr\u0151l kegyess\u00e9ggel val\u00f3 gondolkoz\u00e1sra hivagat\u00f3 \u00e9s serkent\u0151 halotti pr\u00e9dik\u00e1czi\u00f3 gr. B\u00e1nffy Gy\u00f6rgy felett (Kv., 1735); Sirhalom, melyet emelt a kendi l\u00f3nyai m\u00e9lt. udvarb\u00f3l ki aludt ama dr\u00e1ga sz\u00f6v\u00e9tneknek n\u00e9hai m\u00e9lt. L. B. hadadi Wessel\u00e9nyi Susanna ifju ur asszonynak, m\u00e9lt gr. Teleki \u00c1d\u00e1m \u00e9lete p\u00e1rj\u00e1nak szomor\u00fa temet\u00e9sekor mondott sz. elm\u00e9lked\u00e9sekben 13. dec. 1739. (Kv., 1739); Testi embereknek k\u00e9nyes csemeg\u00e9jekr\u0151l a t\u00e1nczr\u00f3l val\u00f3 szent elm\u00e9lked\u00e9s. R\u00f6vid pr\u00e9dik\u00e1czi\u00f3ban kiadta egy farsangi alkalmatoss\u00e1ggal (Kv., 1739); Az igaz reformata vall\u00e1snak az apostoli sz. vall\u00e1ssal megegyez\u0151 r\u00e9gis\u00e9ge (Kv., 1740); Az igaz Istennek esmeretin kiv\u00fcl val\u00f3 minden pog\u00e1nyoknak \u00e9s sidoknak \u00e9s sok t\u00e9velyg\u0151 kereszt\u00e9nyeknek az Isten. ama nevezetes szombatj\u00e1n lejend\u0151 megt\u00e9r\u00e9seknek. megmutat\u00e1sa (Kv., 1740); Egyetemes isteni f\u00e9lelemnek jutalma, melyr\u00f3l czegei Vass D\u00e1niel tetemei f\u00f6l\u00f6tt tanit\u00e1st tett (Kv., 1741); Istenhez igaz\u00e1n megt\u00e9rt l\u00e9lek: gr. Gyulai Ferencz gener\u00e1lis felett mondott pr\u00e9dik\u00e1czi\u00f3 (Kv., 1743); Isten keze melynek szents\u00e9ge uj\u00f3lag kimutat\u00e1 mag\u00e1t. m\u00e9lt. Teleki P\u00e1l \u00farfinak. szomor\u00fa hal\u00e1l\u00e1ban 1743. Szent Andr\u00e1s hava 24. (Kv., 1746); Gr\u00f3f Sz\u00e9kely Zsuzs\u00e1nna felett elmondott tan\u00edt\u00e1sa (Kv., 1746); Dr\u00e1ga kertekb\u0151l kiv\u00e1gott sz\u00e9p liliomokon sir\u00e1nkoz\u00f3 \u00e9des atya \u00e9s anya: gr. Sz\u00e9kely Zsuzs\u00e1nna felett 1744-ben mondott pr\u00e9dik\u00e1ci\u00f3 (Kv., 1746). <br \/><strong>Irod.:<\/strong> \u00c1rva Bethlen K.; Bod P\u00e9ter: Smirnai Szent Polik\u00e1rpus (Nagyenyed, 1766); F\u00fcl\u00f6p\u2013Ferencz; Hal\u00e1la ut\u00e1n is \u00e9l\u0151 J\u00f3zsef (Kv., 1752); Halotti besz\u00e9dek; MAM\u0170L, R\u00f3th: Sz\u00fcletett nyelv\u00fcnk\u00f6n; Rugonfalvi Kiss; Szab\u00f3\u2013Sz\u00f6gi; Szinnyei; \u00daM\u00c9L, Zov\u00e1nyi<\/br><\/p>\n","protected":false},"excerpt":{"rendered":"<p>Erd\u0151szentgy\u00f6rgy, 1681. aug. 4., \u2020 Kv., 1748. okt. 13.: ref. p\u00fcsp\u00f6k, egyh\u00e1zi \u00edr\u00f3. \u2013 D. F. J\u00e1nos, erd\u0151szentgy\u00f6rgyi ref. lelk\u00e9sz \u00e9s Nagy Anna fia. Feles\u00e9ge: Huszti Lov\u00e1sz Erzs\u00e9bet. \u2013 Tanult a kv.-i Ref. Koll.-ban, ahol k\u00fcl\u00f6n\u00f6sen a teol\u00f3gi\u00e1ban, b\u00f6lcseletben, zsid\u00f3 \u00e9s g\u00f6r\u00f6g nyelvekben k\u00e9pezte mag\u00e1t (1692\u201399); subscrib\u00e1lt s k\u00e9s\u0151bb k\u00f6ztan\u00edt\u00f3i lett. Tan\u00e1r a m\u00e1ramarosszigeti Ref. [&hellip;]<\/p>\n","protected":false},"featured_media":0,"comment_status":"open","ping_status":"closed","template":"","meta":[],"product_brand":[],"product_cat":[137],"product_tag":[],"class_list":{"0":"post-6635","1":"product","2":"type-product","3":"status-publish","5":"product_cat-maros-megyei-eletrajzi-lexikon","7":"first","8":"instock","9":"shipping-taxable","10":"product-type-simple"},"_links":{"self":[{"href":"https:\/\/uj.adatbank.ro\/lexikon\/wp-json\/wp\/v2\/product\/6635","targetHints":{"allow":["GET"]}}],"collection":[{"href":"https:\/\/uj.adatbank.ro\/lexikon\/wp-json\/wp\/v2\/product"}],"about":[{"href":"https:\/\/uj.adatbank.ro\/lexikon\/wp-json\/wp\/v2\/types\/product"}],"replies":[{"embeddable":true,"href":"https:\/\/uj.adatbank.ro\/lexikon\/wp-json\/wp\/v2\/comments?post=6635"}],"wp:attachment":[{"href":"https:\/\/uj.adatbank.ro\/lexikon\/wp-json\/wp\/v2\/media?parent=6635"}],"wp:term":[{"taxonomy":"product_brand","embeddable":true,"href":"https:\/\/uj.adatbank.ro\/lexikon\/wp-json\/wp\/v2\/product_brand?post=6635"},{"taxonomy":"product_cat","embeddable":true,"href":"https:\/\/uj.adatbank.ro\/lexikon\/wp-json\/wp\/v2\/product_cat?post=6635"},{"taxonomy":"product_tag","embeddable":true,"href":"https:\/\/uj.adatbank.ro\/lexikon\/wp-json\/wp\/v2\/product_tag?post=6635"}],"curies":[{"name":"wp","href":"https:\/\/api.w.org\/{rel}","templated":true}]}}

DEÁKI FILEP József, Filep József

<p>Erdőszentgyörgy, 1681. aug. 4., † Kv., 1748. okt. 13.: ref. püspök, egyházi író. – D. F. János, erdőszentgyörgyi ref. lelkész és Nagy Anna fia. Felesége: Huszti Lovász Erzsébet. – Tanult a kv.-i Ref. Koll.-ban, ahol különösen a teológiában, bölcseletben, zsidó és görög nyelvekben képezte magát (1692–99); subscribált s később köztanítói lett. Tanár a máramarosszigeti Ref. Gimn.-ban (1707–1709). Külföldre ment, Franekerben, Utrechtben, Oderafrankfurtban tanul (1709–10) teológiát, bölcseletet, görög és keleti nyelveket, régészetet. Hazatérte után ref. lelkész Désen (1712–); Kv.-on (1714–); ott egyházkerületi főjegyző (1737–), ref. püspök lett haláláig (1740. júl. 18. –), egyidejűleg a kolozskalotai egyházm. esperese (1742–). Vallásos értekezések, könyörgések, versek, halotti beszédek írója. Üdvözlő verset írt Tholdi W. Miklóshoz (1710), gyászverset a Csepregi Turkovics Mihály (1704.) és Szathmárnémethi Sámuel (1717.) halálára. Respondensi tisztet vitt a Descartes bölcsészetének alapelveiről tartott viták egyikén. A felette Soós Ferenc, Verestói György, Zágoni Aranka György és Huszti György tartotta beszédek szintén megjelentek. – <strong>F. m.:</strong> Idvességes halotti tanítás, melyet az isten nagy emberének. Szathmári Némethi Sámuel uramnak, a kv.-i ref. koll.-ban 34 esztendők alatt való professzornak. meghidegedett teste felett 1718. Boldogasszony hava 20. elmondott (Kv., 1718); Az isteni félelem, jól elvégzett életet követő nyugalom, melyről br. Kemény Simon temetésekor beszéllet (Kv., 1724); Isten keze melynek mind bölcsesége mint szentsége világosan kiadta magát b. Kemény Simon és Vaji Anna hitvesek nyavalyái között, leginkább pedig akkor, mikor János nevű fiókat a halál tőlük elragadta (Kv., 1724); Olthatatlanul tündöklő szövétnek, melyet mélt. gr. Teleki Pál halála alkalmatosságával gerjesztett szomorú özvegye Vay Kata. (Kv., 1732); A jó léleknek Istenével való társalkodásából származó boldog nyugodalma felől tett tanítása Toroczkay Ágnes Bánffy György házastársának holt teste felett. 1733. máj. 31. (Kv., 1733); Serkentő óra. Mellyel e nehéz időkben lelki vigyázásra idvességünk drága köntösének megoltalmazására serkengettünk. Wesselényi István úr. meghidegedett tetemei felett a koporsótételkor maga kolosvári palotáján tett rövid tanításból (Kv., 1734); A jól harczoló lelki vitéznek Istene s igaz vallása mellett való állhatatos vitézkedéséért J. Krisztustól adott fejér kövecske és új név. 1733. szent Jakab hava 5. (Kv., 1734); Halálunk órájára és az örök életről kegyességgel való gondolkozásra hivagató és serkentő halotti prédikáczió gr. Bánffy György felett (Kv., 1735); Sirhalom, melyet emelt a kendi lónyai mélt. udvarból ki aludt ama drága szövétneknek néhai mélt. L. B. hadadi Wesselényi Susanna ifju ur asszonynak, mélt gr. Teleki Ádám élete párjának szomorú temetésekor mondott sz. elmélkedésekben 13. dec. 1739. (Kv., 1739); Testi embereknek kényes csemegéjekről a tánczról való szent elmélkedés. Rövid prédikáczióban kiadta egy farsangi alkalmatossággal (Kv., 1739); Az igaz reformata vallásnak az apostoli sz. vallással megegyező régisége (Kv., 1740); Az igaz Istennek esmeretin kivül való minden pogányoknak és sidoknak és sok tévelygő keresztényeknek az Isten. ama nevezetes szombatján lejendő megtéréseknek. megmutatása (Kv., 1740); Egyetemes isteni félelemnek jutalma, melyról czegei Vass Dániel tetemei fölött tanitást tett (Kv., 1741); Istenhez igazán megtért lélek: gr. Gyulai Ferencz generális felett mondott prédikáczió (Kv., 1743); Isten keze melynek szentsége ujólag kimutatá magát. mélt. Teleki Pál úrfinak. szomorú halálában 1743. Szent András hava 24. (Kv., 1746); Gróf Székely Zsuzsánna felett elmondott tanítása (Kv., 1746); Drága kertekből kivágott szép liliomokon siránkozó édes atya és anya: gr. Székely Zsuzsánna felett 1744-ben mondott prédikáció (Kv., 1746). <br /><strong>Irod.:</strong> Árva Bethlen K.; Bod Péter: Smirnai Szent Polikárpus (Nagyenyed, 1766); Fülöp–Ferencz; Halála után is élő József (Kv., 1752); Halotti beszédek; MAMŰL, Róth: Született nyelvünkön; Rugonfalvi Kiss; Szabó–Szögi; Szinnyei; ÚMÉL, Zoványi</br></p>

<p>Erdőszentgyörgy, 1681. aug. 4., † Kv., 1748. okt. 13.: ref. püspök, egyházi író. – D. F. János, erdőszentgyörgyi ref. lelkész és Nagy Anna fia. Felesége: Huszti Lovász Erzsébet. – Tanult a kv.-i Ref. Koll.-ban, ahol különösen a teológiában, bölcseletben, zsidó és görög nyelvekben képezte magát (1692–99); subscribált s később köztanítói lett. Tanár a máramarosszigeti Ref. [&hellip;]</p>
