{"id":6636,"date":"2025-06-28T17:59:22","date_gmt":"2025-06-28T15:59:22","guid":{"rendered":"https:\/\/uj.adatbank.ro\/lexikon\/termek\/deaky-lorand\/"},"modified":"2025-06-28T17:59:22","modified_gmt":"2025-06-28T15:59:22","slug":"deaky-lorand","status":"publish","type":"product","link":"https:\/\/uj.adatbank.ro\/lexikon\/termek\/deaky-lorand\/","title":{"rendered":"DE\u00c1KY L\u00f3r\u00e1nd"},"content":{"rendered":"<p>1919, \u2020 Mv., 1979. \u00e1pr. 22.: \u00fajs\u00e1g\u00edr\u00f3. \u2013 Falusi tan\u00edt\u00f3k\u00e9nt kezdte p\u00e1lyafut\u00e1s\u00e1t a Gy\u00edmesekben. A felszabadul\u00e1s ut\u00e1n \u00fajs\u00e1g\u00edr\u00f3 lett. Elv\u00e9gezte a p\u00e1rtf\u0151iskol\u00e1t \u00e9s t\u00f6rt\u00e9nelemtan\u00e1ri oklevelet kapott. Cs\u00edkszered\u00e1ban, Brass\u00f3ban volt szerk., majd Mv.-re helyezt\u00e9k. Mv.-en a V. Z. f\u0151szerkeszt\u0151-helyettese volt, v\u00e9g\u00fcl az RKP KB lapj\u00e1nak, a Sc\u00eenteia tud\u00f3s\u00edt\u00f3jak\u00e9nt betegnyugd\u00edjazt\u00e1k. <br \/><strong>Irod.:<\/strong> [Nekrol\u00f3g] (V. Z., 1979. \u00e1pr. 24.)<\/br><\/p>\n","protected":false},"excerpt":{"rendered":"<p>1919, \u2020 Mv., 1979. \u00e1pr. 22.: \u00fajs\u00e1g\u00edr\u00f3. \u2013 Falusi tan\u00edt\u00f3k\u00e9nt kezdte p\u00e1lyafut\u00e1s\u00e1t a Gy\u00edmesekben. A felszabadul\u00e1s ut\u00e1n \u00fajs\u00e1g\u00edr\u00f3 lett. Elv\u00e9gezte a p\u00e1rtf\u0151iskol\u00e1t \u00e9s t\u00f6rt\u00e9nelemtan\u00e1ri oklevelet kapott. Cs\u00edkszered\u00e1ban, Brass\u00f3ban volt szerk., majd Mv.-re helyezt\u00e9k. Mv.-en a V. Z. f\u0151szerkeszt\u0151-helyettese volt, v\u00e9g\u00fcl az RKP KB lapj\u00e1nak, a Sc\u00eenteia tud\u00f3s\u00edt\u00f3jak\u00e9nt betegnyugd\u00edjazt\u00e1k. Irod.: [Nekrol\u00f3g] (V. Z., 1979. \u00e1pr. 24.)<\/p>\n","protected":false},"featured_media":0,"comment_status":"open","ping_status":"closed","template":"","meta":[],"product_brand":[],"product_cat":[137],"product_tag":[],"class_list":{"0":"post-6636","1":"product","2":"type-product","3":"status-publish","5":"product_cat-maros-megyei-eletrajzi-lexikon","7":"first","8":"instock","9":"shipping-taxable","10":"product-type-simple"},"_links":{"self":[{"href":"https:\/\/uj.adatbank.ro\/lexikon\/wp-json\/wp\/v2\/product\/6636","targetHints":{"allow":["GET"]}}],"collection":[{"href":"https:\/\/uj.adatbank.ro\/lexikon\/wp-json\/wp\/v2\/product"}],"about":[{"href":"https:\/\/uj.adatbank.ro\/lexikon\/wp-json\/wp\/v2\/types\/product"}],"replies":[{"embeddable":true,"href":"https:\/\/uj.adatbank.ro\/lexikon\/wp-json\/wp\/v2\/comments?post=6636"}],"wp:attachment":[{"href":"https:\/\/uj.adatbank.ro\/lexikon\/wp-json\/wp\/v2\/media?parent=6636"}],"wp:term":[{"taxonomy":"product_brand","embeddable":true,"href":"https:\/\/uj.adatbank.ro\/lexikon\/wp-json\/wp\/v2\/product_brand?post=6636"},{"taxonomy":"product_cat","embeddable":true,"href":"https:\/\/uj.adatbank.ro\/lexikon\/wp-json\/wp\/v2\/product_cat?post=6636"},{"taxonomy":"product_tag","embeddable":true,"href":"https:\/\/uj.adatbank.ro\/lexikon\/wp-json\/wp\/v2\/product_tag?post=6636"}],"curies":[{"name":"wp","href":"https:\/\/api.w.org\/{rel}","templated":true}]}}

DEÁKY Lóránd

<p>1919, † Mv., 1979. ápr. 22.: újságíró. – Falusi tanítóként kezdte pályafutását a Gyímesekben. A felszabadulás után újságíró lett. Elvégezte a pártfőiskolát és történelemtanári oklevelet kapott. Csíkszeredában, Brassóban volt szerk., majd Mv.-re helyezték. Mv.-en a V. Z. főszerkesztő-helyettese volt, végül az RKP KB lapjának, a Scînteia tudósítójaként betegnyugdíjazták. <br /><strong>Irod.:</strong> [Nekrológ] (V. Z., 1979. ápr. 24.)</br></p>

<p>1919, † Mv., 1979. ápr. 22.: újságíró. – Falusi tanítóként kezdte pályafutását a Gyímesekben. A felszabadulás után újságíró lett. Elvégezte a pártfőiskolát és történelemtanári oklevelet kapott. Csíkszeredában, Brassóban volt szerk., majd Mv.-re helyezték. Mv.-en a V. Z. főszerkesztő-helyettese volt, végül az RKP KB lapjának, a Scînteia tudósítójaként betegnyugdíjazták. Irod.: [Nekrológ] (V. Z., 1979. ápr. 24.)</p>
