{"id":6638,"date":"2025-06-28T17:59:26","date_gmt":"2025-06-28T15:59:26","guid":{"rendered":"https:\/\/uj.adatbank.ro\/lexikon\/termek\/debreceni-laszlo\/"},"modified":"2025-06-28T17:59:26","modified_gmt":"2025-06-28T15:59:26","slug":"debreceni-laszlo","status":"publish","type":"product","link":"https:\/\/uj.adatbank.ro\/lexikon\/termek\/debreceni-laszlo\/","title":{"rendered":"DEBRECENI L\u00e1szl\u00f3"},"content":{"rendered":"<p>Mv., 1903., \u2020 Kv., 1986. \u2013Grafikus, \u00e9p\u00edt\u00e9sz, m\u0171v\u00e9szeti \u00edr\u00f3. K\u00f3s K\u00e1roly tan\u00edtv\u00e1nya volt. K\u00f6tete az Erd\u00e9lyi reform\u00e1tus templomok \u00e9s tornyok. 50 sz\u00ednes lin\u00f3metszetb\u0151l \u00e1ll (1929), A mi m\u0171v\u00e9szet\u00fcnk (1940). <br \/><strong>Irod.:<\/strong> Szab\u00f3\u2013K\u00e1llai<\/br><\/p>\n","protected":false},"excerpt":{"rendered":"<p>Mv., 1903., \u2020 Kv., 1986. \u2013Grafikus, \u00e9p\u00edt\u00e9sz, m\u0171v\u00e9szeti \u00edr\u00f3. K\u00f3s K\u00e1roly tan\u00edtv\u00e1nya volt. K\u00f6tete az Erd\u00e9lyi reform\u00e1tus templomok \u00e9s tornyok. 50 sz\u00ednes lin\u00f3metszetb\u0151l \u00e1ll (1929), A mi m\u0171v\u00e9szet\u00fcnk (1940). Irod.: Szab\u00f3\u2013K\u00e1llai<\/p>\n","protected":false},"featured_media":0,"comment_status":"open","ping_status":"closed","template":"","meta":[],"product_brand":[],"product_cat":[137],"product_tag":[],"class_list":{"0":"post-6638","1":"product","2":"type-product","3":"status-publish","5":"product_cat-maros-megyei-eletrajzi-lexikon","7":"first","8":"instock","9":"shipping-taxable","10":"product-type-simple"},"_links":{"self":[{"href":"https:\/\/uj.adatbank.ro\/lexikon\/wp-json\/wp\/v2\/product\/6638","targetHints":{"allow":["GET"]}}],"collection":[{"href":"https:\/\/uj.adatbank.ro\/lexikon\/wp-json\/wp\/v2\/product"}],"about":[{"href":"https:\/\/uj.adatbank.ro\/lexikon\/wp-json\/wp\/v2\/types\/product"}],"replies":[{"embeddable":true,"href":"https:\/\/uj.adatbank.ro\/lexikon\/wp-json\/wp\/v2\/comments?post=6638"}],"wp:attachment":[{"href":"https:\/\/uj.adatbank.ro\/lexikon\/wp-json\/wp\/v2\/media?parent=6638"}],"wp:term":[{"taxonomy":"product_brand","embeddable":true,"href":"https:\/\/uj.adatbank.ro\/lexikon\/wp-json\/wp\/v2\/product_brand?post=6638"},{"taxonomy":"product_cat","embeddable":true,"href":"https:\/\/uj.adatbank.ro\/lexikon\/wp-json\/wp\/v2\/product_cat?post=6638"},{"taxonomy":"product_tag","embeddable":true,"href":"https:\/\/uj.adatbank.ro\/lexikon\/wp-json\/wp\/v2\/product_tag?post=6638"}],"curies":[{"name":"wp","href":"https:\/\/api.w.org\/{rel}","templated":true}]}}