{"id":6647,"date":"2025-06-28T17:59:43","date_gmt":"2025-06-28T15:59:43","guid":{"rendered":"https:\/\/uj.adatbank.ro\/lexikon\/termek\/debreczenyi-sandor\/"},"modified":"2025-06-28T17:59:43","modified_gmt":"2025-06-28T15:59:43","slug":"debreczenyi-sandor","status":"publish","type":"product","link":"https:\/\/uj.adatbank.ro\/lexikon\/termek\/debreczenyi-sandor\/","title":{"rendered":"DEBRECZENYI S\u00e1ndor"},"content":{"rendered":"<p>? \u2020\u00a0Mv., 1903.: \u00e1rvasz\u00e9ki \u00fcln\u00f6k. \u2013 P\u00e1ly\u00e1j\u00e1t mint d\u00e9si posta- \u00e9s t\u00e1virdagyakornok kezdte (1889\u2013); postatiszt Gyulafeh\u00e9rv\u00e1ron, D\u00e9sen \u00e9s Mv.-en, itt \u00e1rvasz\u00e9ki \u00fcln\u00f6k is (\u20131901). \u2013 <strong>F. m.:<\/strong> T\u00e1rc\u00e1k (Gyulafeh\u00e9rv\u00e1r, 1894). <br \/><strong>Irod.:<\/strong> Guly\u00e1s<\/br><\/p>\n","protected":false},"excerpt":{"rendered":"<p>? \u2020\u00a0Mv., 1903.: \u00e1rvasz\u00e9ki \u00fcln\u00f6k. \u2013 P\u00e1ly\u00e1j\u00e1t mint d\u00e9si posta- \u00e9s t\u00e1virdagyakornok kezdte (1889\u2013); postatiszt Gyulafeh\u00e9rv\u00e1ron, D\u00e9sen \u00e9s Mv.-en, itt \u00e1rvasz\u00e9ki \u00fcln\u00f6k is (\u20131901). \u2013 F. m.: T\u00e1rc\u00e1k (Gyulafeh\u00e9rv\u00e1r, 1894). Irod.: Guly\u00e1s<\/p>\n","protected":false},"featured_media":0,"comment_status":"open","ping_status":"closed","template":"","meta":[],"product_brand":[],"product_cat":[137],"product_tag":[],"class_list":{"0":"post-6647","1":"product","2":"type-product","3":"status-publish","5":"product_cat-maros-megyei-eletrajzi-lexikon","7":"first","8":"instock","9":"shipping-taxable","10":"product-type-simple"},"_links":{"self":[{"href":"https:\/\/uj.adatbank.ro\/lexikon\/wp-json\/wp\/v2\/product\/6647","targetHints":{"allow":["GET"]}}],"collection":[{"href":"https:\/\/uj.adatbank.ro\/lexikon\/wp-json\/wp\/v2\/product"}],"about":[{"href":"https:\/\/uj.adatbank.ro\/lexikon\/wp-json\/wp\/v2\/types\/product"}],"replies":[{"embeddable":true,"href":"https:\/\/uj.adatbank.ro\/lexikon\/wp-json\/wp\/v2\/comments?post=6647"}],"wp:attachment":[{"href":"https:\/\/uj.adatbank.ro\/lexikon\/wp-json\/wp\/v2\/media?parent=6647"}],"wp:term":[{"taxonomy":"product_brand","embeddable":true,"href":"https:\/\/uj.adatbank.ro\/lexikon\/wp-json\/wp\/v2\/product_brand?post=6647"},{"taxonomy":"product_cat","embeddable":true,"href":"https:\/\/uj.adatbank.ro\/lexikon\/wp-json\/wp\/v2\/product_cat?post=6647"},{"taxonomy":"product_tag","embeddable":true,"href":"https:\/\/uj.adatbank.ro\/lexikon\/wp-json\/wp\/v2\/product_tag?post=6647"}],"curies":[{"name":"wp","href":"https:\/\/api.w.org\/{rel}","templated":true}]}}