{"id":6650,"date":"2025-06-28T17:59:52","date_gmt":"2025-06-28T15:59:52","guid":{"rendered":"https:\/\/uj.adatbank.ro\/lexikon\/termek\/decei-p-dionisie-%c2%a7\/"},"modified":"2025-06-28T17:59:52","modified_gmt":"2025-06-28T15:59:52","slug":"decei-p-dionisie-%c2%a7","status":"publish","type":"product","link":"https:\/\/uj.adatbank.ro\/lexikon\/termek\/decei-p-dionisie-%c2%a7\/","title":{"rendered":"DECEI P. Dionisie \u00a7"},"content":{"rendered":"<p>Kakasfalva, 1869. m\u00e1j. 24., \u2020\u00a0Teke, 1949. m\u00e1j. 24.: g\u00f6r. kat. esperes, pap, politikus. \u2013 Tanulm\u00e1nyait Oltszakad\u00e1ton a g\u00f6r. kat iskol\u00e1ban, majd Szebenben a r. k. felekezeti iskola rom\u00e1n tagozat\u00e1n (1880), a szebeni \u00e1llami gimn.-ban (1888), a bal\u00e1zsfalvi g\u00f6r. kat szemin\u00e1riumban (1892) v\u00e9gezte, papp\u00e1 szentelt\u00e9k Lugoson (1893). Szebenben tan\u00edt\u00f3 a g\u00f6r. k. iskol\u00e1ban (1892\u201393). Orl\u00e1ton pap, itt megalap\u00edtotta a St. Maria N\u0151egyletet, a sz\u00e1szok Cottenza Kongregaci\u00f3j\u00e1nak tagja, az ASTRA szelistyeni r\u00e9szleg\u00e9nek vezet\u0151s\u00e9gi tagja. B\u00e1ndon volt pap (1908\u2013). Renov\u00e1ltatta a templomot, \u00faj paplakot \u00e9p\u00edtett, templomi k\u00f3rust szervezett, megalap\u00edtotta a Sf. Maria N\u0151egyletet. Mint az ASTRA Maros megyei szervezet\u00e9nek tagja \u00e9l\u00e9nk kultur\u00e1lis tev\u00e9kenys\u00e9get folytatott, sz\u00e1mos el\u0151ad\u00e1st tartott B\u00e1ndon \u00e9s k\u00f6rny\u00e9k\u00e9n. R\u00e9szt vett a helyi politikai \u00e9letben, fell\u00e9pett a rom\u00e1n nyelv haszn\u00e1lata \u00e9rdek\u00e9ben. Politikai tev\u00e9kenys\u00e9ge miatt letart\u00f3ztatt\u00e1k (1916) \u00e9s 15 napot t\u00f6lt\u00f6tt Kv.-on bez\u00e1rva a honv\u00e9d laktany\u00e1ban. A Rom\u00e1n Nemzeti G\u00e1rda mez\u0151s\u00e9gi eln\u00f6ke, B\u00e1nd tiszteletbeli esperese, mint ilyen Maros megye hivatalos k\u00fcld\u00f6tte a gyulafeh\u00e9rv\u00e1ri nagygy\u0171l\u00e9sen (1918. dec. 1.). A Rom\u00e1n Nemzeti P\u00e1rt tagja, alap\u00edt\u00f3tagja az els\u0151 rom\u00e1n n\u00e9pbanknak \u201eIzvorul\u201d n\u00e9ven. (1920). Maros-Torda vm. k\u00f6zigazgat\u00e1si bizotts\u00e1g\u00e1nak tagja (1919). A b\u00e1ndi rom\u00e1n kaszin\u00f3 eln\u00f6ke (1919). Tek\u00e9n pap \u00e9s Farag\u00f3 ker\u00fclet esperese (1923\u201340). Az ASTRA Tekei r\u00e9szleg\u00e9nek tagja, eln\u00f6ke (1924, 1925). A \u201eTecana\u201d kereskedelmi RT \u00e9s az \u201eAjutorul\u201d tekei kereskedelmi \u00e9s hitelbank vezet\u0151s\u00e9gi tagja. Esperess\u00e9ge idej\u00e9n 7 \u00faj templom \u00e9p\u00fclt: Kisf\u00fclp\u00f6s, Teke\u00fajfal\u00fa, Teke, Oroszf\u00e1ja, Mez\u0151\u00fajlak, Mez\u0151szentandr\u00e1s, \u00faj papi lakokat \u00e9p\u00edttetett Kisf\u00fclp\u00f6s\u00f6n, Kisny\u00falason, Sz\u00e1szp\u00e9nteken, felekezi iskola \u00e9p\u00fclt Mez\u0151kir\u00e1lyfalv\u00e1n. <br \/><strong>Irod.:<\/strong> Bosoanc\u0103; C. L. (1994. nov. 29); T\u0103ureni; Todea 2013<\/br><\/p>\n","protected":false},"excerpt":{"rendered":"<p>Kakasfalva, 1869. m\u00e1j. 24., \u2020\u00a0Teke, 1949. m\u00e1j. 24.: g\u00f6r. kat. esperes, pap, politikus. \u2013 Tanulm\u00e1nyait Oltszakad\u00e1ton a g\u00f6r. kat iskol\u00e1ban, majd Szebenben a r. k. felekezeti iskola rom\u00e1n tagozat\u00e1n (1880), a szebeni \u00e1llami gimn.-ban (1888), a bal\u00e1zsfalvi g\u00f6r. kat szemin\u00e1riumban (1892) v\u00e9gezte, papp\u00e1 szentelt\u00e9k Lugoson (1893). Szebenben tan\u00edt\u00f3 a g\u00f6r. k. iskol\u00e1ban (1892\u201393). Orl\u00e1ton pap, [&hellip;]<\/p>\n","protected":false},"featured_media":0,"comment_status":"open","ping_status":"closed","template":"","meta":[],"product_brand":[],"product_cat":[137],"product_tag":[],"class_list":{"0":"post-6650","1":"product","2":"type-product","3":"status-publish","5":"product_cat-maros-megyei-eletrajzi-lexikon","7":"first","8":"instock","9":"shipping-taxable","10":"product-type-simple"},"_links":{"self":[{"href":"https:\/\/uj.adatbank.ro\/lexikon\/wp-json\/wp\/v2\/product\/6650","targetHints":{"allow":["GET"]}}],"collection":[{"href":"https:\/\/uj.adatbank.ro\/lexikon\/wp-json\/wp\/v2\/product"}],"about":[{"href":"https:\/\/uj.adatbank.ro\/lexikon\/wp-json\/wp\/v2\/types\/product"}],"replies":[{"embeddable":true,"href":"https:\/\/uj.adatbank.ro\/lexikon\/wp-json\/wp\/v2\/comments?post=6650"}],"wp:attachment":[{"href":"https:\/\/uj.adatbank.ro\/lexikon\/wp-json\/wp\/v2\/media?parent=6650"}],"wp:term":[{"taxonomy":"product_brand","embeddable":true,"href":"https:\/\/uj.adatbank.ro\/lexikon\/wp-json\/wp\/v2\/product_brand?post=6650"},{"taxonomy":"product_cat","embeddable":true,"href":"https:\/\/uj.adatbank.ro\/lexikon\/wp-json\/wp\/v2\/product_cat?post=6650"},{"taxonomy":"product_tag","embeddable":true,"href":"https:\/\/uj.adatbank.ro\/lexikon\/wp-json\/wp\/v2\/product_tag?post=6650"}],"curies":[{"name":"wp","href":"https:\/\/api.w.org\/{rel}","templated":true}]}}

<p>Kakasfalva, 1869. máj. 24., † Teke, 1949. máj. 24.: gör. kat. esperes, pap, politikus. – Tanulmányait Oltszakadáton a gör. kat iskolában, majd Szebenben a r. k. felekezeti iskola román tagozatán (1880), a szebeni állami gimn.-ban (1888), a balázsfalvi gör. kat szemináriumban (1892) végezte, pappá szentelték Lugoson (1893). Szebenben tanító a gör. k. iskolában (1892–93). Orláton pap, itt megalapította a St. Maria Nőegyletet, a szászok Cottenza Kongregaciójának tagja, az ASTRA szelistyeni részlegének vezetőségi tagja. Bándon volt pap (1908–). Renováltatta a templomot, új paplakot épített, templomi kórust szervezett, megalapította a Sf. Maria Nőegyletet. Mint az ASTRA Maros megyei szervezetének tagja élénk kulturális tevékenységet folytatott, számos előadást tartott Bándon és környékén. Részt vett a helyi politikai életben, fellépett a román nyelv használata érdekében. Politikai tevékenysége miatt letartóztatták (1916) és 15 napot töltött Kv.-on bezárva a honvéd laktanyában. A Román Nemzeti Gárda mezőségi elnöke, Bánd tiszteletbeli esperese, mint ilyen Maros megye hivatalos küldötte a gyulafehérvári nagygyűlésen (1918. dec. 1.). A Román Nemzeti Párt tagja, alapítótagja az első román népbanknak „Izvorul” néven. (1920). Maros-Torda vm. közigazgatási bizottságának tagja (1919). A bándi román kaszinó elnöke (1919). Tekén pap és Faragó kerület esperese (1923–40). Az ASTRA Tekei részlegének tagja, elnöke (1924, 1925). A „Tecana” kereskedelmi RT és az „Ajutorul” tekei kereskedelmi és hitelbank vezetőségi tagja. Esperessége idején 7 új templom épült: Kisfülpös, Tekeújfalú, Teke, Oroszfája, Mezőújlak, Mezőszentandrás, új papi lakokat építtetett Kisfülpösön, Kisnyúlason, Szászpénteken, felekezi iskola épült Mezőkirályfalván. <br /><strong>Irod.:</strong> Bosoancă; C. L. (1994. nov. 29); Tăureni; Todea 2013</br></p>

<p>Kakasfalva, 1869. máj. 24., † Teke, 1949. máj. 24.: gör. kat. esperes, pap, politikus. – Tanulmányait Oltszakadáton a gör. kat iskolában, majd Szebenben a r. k. felekezeti iskola román tagozatán (1880), a szebeni állami gimn.-ban (1888), a balázsfalvi gör. kat szemináriumban (1892) végezte, pappá szentelték Lugoson (1893). Szebenben tanító a gör. k. iskolában (1892–93). Orláton pap, [&hellip;]</p>
