{"id":6652,"date":"2025-06-28T17:59:55","date_gmt":"2025-06-28T15:59:55","guid":{"rendered":"https:\/\/uj.adatbank.ro\/lexikon\/termek\/decsei-janos\/"},"modified":"2025-06-28T17:59:55","modified_gmt":"2025-06-28T15:59:55","slug":"decsei-janos","status":"publish","type":"product","link":"https:\/\/uj.adatbank.ro\/lexikon\/termek\/decsei-janos\/","title":{"rendered":"D\u00c9CSEI J\u00e1nos"},"content":{"rendered":"<p>? \u2020\u00a01855\u201356 k.: ref. lelk\u00e9sz, k\u00f6lt\u0151. \u2013 A mv-i koll.-ban tanult (1808\u2013), tan\u00edtott is. T\u00f6k\u00e9letesen besz\u00e9lte a francia nyelvet, de m. kiejt\u00e9ssel mondta. Ref. lelkip\u00e1sztor Sz\u00e9kesen (1821\u201331), ahol a paps\u00e1ga idej\u00e9ben fejezt\u00e9k be a templom torny\u00e1nak \u00e9p\u00edt\u00e9s\u00e9t (1821\u201322), elk\u00e9sz\u00edtett\u00e9k a cinterem bej\u00e1rati fedeles kapuj\u00e1t (1829). Majd Bergeny\u00e9ben, Mez\u0151paniton szolg\u00e1lt. Lelk\u00e9szi tev\u00e9kenys\u00e9ge mellett mese \u00e9s vers\u00edr\u00e1ssal is foglalkozott. Fennmaradtak versesk\u00f6tetei. \u2013 <strong>F. m.:<\/strong> D\u00e9csei J\u00e1nos mes\u00e9ji \u00e9s versei (Pest, 1825.); D\u00e9csei J\u00e1nos verse. 2. f\u00fczet (Mv., 1829). <br \/><strong>Irod.:<\/strong> Kr\u00f3n F\u00fcz. (1937. 2\/8; 1939. 4\/7); Mez\u0151panit; MIL; Sz\u00e9kes; Szinnyei<\/br><\/p>\n","protected":false},"excerpt":{"rendered":"<p>? \u2020\u00a01855\u201356 k.: ref. lelk\u00e9sz, k\u00f6lt\u0151. \u2013 A mv-i koll.-ban tanult (1808\u2013), tan\u00edtott is. T\u00f6k\u00e9letesen besz\u00e9lte a francia nyelvet, de m. kiejt\u00e9ssel mondta. Ref. lelkip\u00e1sztor Sz\u00e9kesen (1821\u201331), ahol a paps\u00e1ga idej\u00e9ben fejezt\u00e9k be a templom torny\u00e1nak \u00e9p\u00edt\u00e9s\u00e9t (1821\u201322), elk\u00e9sz\u00edtett\u00e9k a cinterem bej\u00e1rati fedeles kapuj\u00e1t (1829). Majd Bergeny\u00e9ben, Mez\u0151paniton szolg\u00e1lt. Lelk\u00e9szi tev\u00e9kenys\u00e9ge mellett mese \u00e9s vers\u00edr\u00e1ssal [&hellip;]<\/p>\n","protected":false},"featured_media":0,"comment_status":"open","ping_status":"closed","template":"","meta":[],"product_brand":[],"product_cat":[137],"product_tag":[],"class_list":{"0":"post-6652","1":"product","2":"type-product","3":"status-publish","5":"product_cat-maros-megyei-eletrajzi-lexikon","7":"first","8":"instock","9":"shipping-taxable","10":"product-type-simple"},"_links":{"self":[{"href":"https:\/\/uj.adatbank.ro\/lexikon\/wp-json\/wp\/v2\/product\/6652","targetHints":{"allow":["GET"]}}],"collection":[{"href":"https:\/\/uj.adatbank.ro\/lexikon\/wp-json\/wp\/v2\/product"}],"about":[{"href":"https:\/\/uj.adatbank.ro\/lexikon\/wp-json\/wp\/v2\/types\/product"}],"replies":[{"embeddable":true,"href":"https:\/\/uj.adatbank.ro\/lexikon\/wp-json\/wp\/v2\/comments?post=6652"}],"wp:attachment":[{"href":"https:\/\/uj.adatbank.ro\/lexikon\/wp-json\/wp\/v2\/media?parent=6652"}],"wp:term":[{"taxonomy":"product_brand","embeddable":true,"href":"https:\/\/uj.adatbank.ro\/lexikon\/wp-json\/wp\/v2\/product_brand?post=6652"},{"taxonomy":"product_cat","embeddable":true,"href":"https:\/\/uj.adatbank.ro\/lexikon\/wp-json\/wp\/v2\/product_cat?post=6652"},{"taxonomy":"product_tag","embeddable":true,"href":"https:\/\/uj.adatbank.ro\/lexikon\/wp-json\/wp\/v2\/product_tag?post=6652"}],"curies":[{"name":"wp","href":"https:\/\/api.w.org\/{rel}","templated":true}]}}

DÉCSEI János

<p>? † 1855–56 k.: ref. lelkész, költő. – A mv-i koll.-ban tanult (1808–), tanított is. Tökéletesen beszélte a francia nyelvet, de m. kiejtéssel mondta. Ref. lelkipásztor Székesen (1821–31), ahol a papsága idejében fejezték be a templom tornyának építését (1821–22), elkészítették a cinterem bejárati fedeles kapuját (1829). Majd Bergenyében, Mezőpaniton szolgált. Lelkészi tevékenysége mellett mese és versírással is foglalkozott. Fennmaradtak verseskötetei. – <strong>F. m.:</strong> Décsei János meséji és versei (Pest, 1825.); Décsei János verse. 2. füzet (Mv., 1829). <br /><strong>Irod.:</strong> Krón Füz. (1937. 2/8; 1939. 4/7); Mezőpanit; MIL; Székes; Szinnyei</br></p>

<p>? † 1855–56 k.: ref. lelkész, költő. – A mv-i koll.-ban tanult (1808–), tanított is. Tökéletesen beszélte a francia nyelvet, de m. kiejtéssel mondta. Ref. lelkipásztor Székesen (1821–31), ahol a papsága idejében fejezték be a templom tornyának építését (1821–22), elkészítették a cinterem bejárati fedeles kapuját (1829). Majd Bergenyében, Mezőpaniton szolgált. Lelkészi tevékenysége mellett mese és versírással [&hellip;]</p>
