{"id":6657,"date":"2025-06-28T18:00:07","date_gmt":"2025-06-28T16:00:07","guid":{"rendered":"https:\/\/uj.adatbank.ro\/lexikon\/termek\/decsey-karoly\/"},"modified":"2025-06-28T18:00:07","modified_gmt":"2025-06-28T16:00:07","slug":"decsey-karoly","status":"publish","type":"product","link":"https:\/\/uj.adatbank.ro\/lexikon\/termek\/decsey-karoly\/","title":{"rendered":"D\u00c9CSEY K\u00e1roly"},"content":{"rendered":"<p>Bonyha, 1822. aug. 20., \u2020\u00a0? : teol\u00f3giai tan\u00e1r. \u2013 Iskol\u00e1it sz\u00fcl\u0151f\u00f6ldj\u00e9n kezdte, majd a kv.-i Ref. Koll. ban tanult (\u20131846). Ezut\u00e1n a M\u00e1hrai csal\u00e1dn\u00e1l nevel\u0151sk\u00f6d\u00f6tt (\u20131847), majd lelk\u00e9szi vizsg\u00e1t tett (1848). Kv.-on seg\u00e9dtan\u00e1r (1852\u2013). K\u00fclf\u00f6ldi utaz\u00e1sainak \u00e1llam\u00e1sai: G\u00f6r\u00f6go., Corfu, Konstantin\u00e1poly, Szentf\u00f6ld, Kauk\u00e1zus vid\u00e9ke, Tiflis, Smirna\u00a0(1855\u201358), G\u00f6ttinga, Edinburg (1858\u201359). A kv.-i teologi\u00e1n tan\u00edtott (1859\u201362 ), a teol\u00f3giai szemin\u00e1riummal egy\u00fctt Nagyenyeden a teol\u00f3giai tudom\u00e1nyokat tan\u00edtotta (1862\u20131911). Nyugalomba vonulva munk\u00e1it, melyek k\u00e9ziratban maradtak rendezte sajt\u00f3 al\u00e1. <br \/><strong>Irod.:<\/strong> Szinnyei<\/br><\/p>\n","protected":false},"excerpt":{"rendered":"<p>Bonyha, 1822. aug. 20., \u2020\u00a0? : teol\u00f3giai tan\u00e1r. \u2013 Iskol\u00e1it sz\u00fcl\u0151f\u00f6ldj\u00e9n kezdte, majd a kv.-i Ref. Koll. ban tanult (\u20131846). Ezut\u00e1n a M\u00e1hrai csal\u00e1dn\u00e1l nevel\u0151sk\u00f6d\u00f6tt (\u20131847), majd lelk\u00e9szi vizsg\u00e1t tett (1848). Kv.-on seg\u00e9dtan\u00e1r (1852\u2013). K\u00fclf\u00f6ldi utaz\u00e1sainak \u00e1llam\u00e1sai: G\u00f6r\u00f6go., Corfu, Konstantin\u00e1poly, Szentf\u00f6ld, Kauk\u00e1zus vid\u00e9ke, Tiflis, Smirna\u00a0(1855\u201358), G\u00f6ttinga, Edinburg (1858\u201359). A kv.-i teologi\u00e1n tan\u00edtott (1859\u201362 ), a [&hellip;]<\/p>\n","protected":false},"featured_media":0,"comment_status":"open","ping_status":"closed","template":"","meta":[],"product_brand":[],"product_cat":[137],"product_tag":[],"class_list":{"0":"post-6657","1":"product","2":"type-product","3":"status-publish","5":"product_cat-maros-megyei-eletrajzi-lexikon","7":"first","8":"instock","9":"shipping-taxable","10":"product-type-simple"},"_links":{"self":[{"href":"https:\/\/uj.adatbank.ro\/lexikon\/wp-json\/wp\/v2\/product\/6657","targetHints":{"allow":["GET"]}}],"collection":[{"href":"https:\/\/uj.adatbank.ro\/lexikon\/wp-json\/wp\/v2\/product"}],"about":[{"href":"https:\/\/uj.adatbank.ro\/lexikon\/wp-json\/wp\/v2\/types\/product"}],"replies":[{"embeddable":true,"href":"https:\/\/uj.adatbank.ro\/lexikon\/wp-json\/wp\/v2\/comments?post=6657"}],"wp:attachment":[{"href":"https:\/\/uj.adatbank.ro\/lexikon\/wp-json\/wp\/v2\/media?parent=6657"}],"wp:term":[{"taxonomy":"product_brand","embeddable":true,"href":"https:\/\/uj.adatbank.ro\/lexikon\/wp-json\/wp\/v2\/product_brand?post=6657"},{"taxonomy":"product_cat","embeddable":true,"href":"https:\/\/uj.adatbank.ro\/lexikon\/wp-json\/wp\/v2\/product_cat?post=6657"},{"taxonomy":"product_tag","embeddable":true,"href":"https:\/\/uj.adatbank.ro\/lexikon\/wp-json\/wp\/v2\/product_tag?post=6657"}],"curies":[{"name":"wp","href":"https:\/\/api.w.org\/{rel}","templated":true}]}}

DÉCSEY Károly

<p>Bonyha, 1822. aug. 20., † ? : teológiai tanár. – Iskoláit szülőföldjén kezdte, majd a kv.-i Ref. Koll. ban tanult (–1846). Ezután a Máhrai családnál nevelősködött (–1847), majd lelkészi vizsgát tett (1848). Kv.-on segédtanár (1852–). Külföldi utazásainak államásai: Görögo., Corfu, Konstantinápoly, Szentföld, Kaukázus vidéke, Tiflis, Smirna (1855–58), Göttinga, Edinburg (1858–59). A kv.-i teologián tanított (1859–62 ), a teológiai szemináriummal együtt Nagyenyeden a teológiai tudományokat tanította (1862–1911). Nyugalomba vonulva munkáit, melyek kéziratban maradtak rendezte sajtó alá. <br /><strong>Irod.:</strong> Szinnyei</br></p>

<p>Bonyha, 1822. aug. 20., † ? : teológiai tanár. – Iskoláit szülőföldjén kezdte, majd a kv.-i Ref. Koll. ban tanult (–1846). Ezután a Máhrai családnál nevelősködött (–1847), majd lelkészi vizsgát tett (1848). Kv.-on segédtanár (1852–). Külföldi utazásainak államásai: Görögo., Corfu, Konstantinápoly, Szentföld, Kaukázus vidéke, Tiflis, Smirna (1855–58), Göttinga, Edinburg (1858–59). A kv.-i teologián tanított (1859–62 ), a [&hellip;]</p>
