{"id":6660,"date":"2025-06-28T18:00:14","date_gmt":"2025-06-28T16:00:14","guid":{"rendered":"https:\/\/uj.adatbank.ro\/lexikon\/termek\/dee-andras-id\/"},"modified":"2025-06-28T18:00:14","modified_gmt":"2025-06-28T16:00:14","slug":"dee-andras-id","status":"publish","type":"product","link":"https:\/\/uj.adatbank.ro\/lexikon\/termek\/dee-andras-id\/","title":{"rendered":"DE\u00c9 Andr\u00e1s, id."},"content":{"rendered":"<p>Mv., 1869., \u2020\u00a0Mv., 1942.: gazd\u00e1lkod\u00f3. \u2013 D\u00e9dapja v. nagyapja lehet\u00a0: D. Andr\u00e1s (1801-Mv., 1890. dec. 22.), kinek feles\u00e9ge Thordai M\u00e1ria. Gyermekeik: D. J\u00f3zsef, S\u00e1ndor, Mih\u00e1ly, Anna, Andr\u00e1s. &#8211; Az iskol\u00e1i elv\u00e9gz\u00e9se ut\u00e1n a f\u00f6ld megmunk\u00e1l\u00e1s\u00e1t tanulta, \u00e9s gazd\u00e1lkodni kezdett \u00e9desapja mellett. Tekint\u00e9lyes polg\u00e1ra volt Mv.-nek, a ref. egyh\u00e1z presbitere, az Els\u0151 Sz\u00e1nt\u00f3test\u00fclet (1895\u2013), valamint a Gazdak\u00f6r v\u00e1lasztm\u00e1nyi tagja. <br \/><strong>Irod.:<\/strong> Gy\u00e1szjelent\u0151; Sz\u00e9kelyf\u00f6ld \u00ed. k.<\/br><\/p>\n","protected":false},"excerpt":{"rendered":"<p>Mv., 1869., \u2020\u00a0Mv., 1942.: gazd\u00e1lkod\u00f3. \u2013 D\u00e9dapja v. nagyapja lehet\u00a0: D. Andr\u00e1s (1801-Mv., 1890. dec. 22.), kinek feles\u00e9ge Thordai M\u00e1ria. Gyermekeik: D. J\u00f3zsef, S\u00e1ndor, Mih\u00e1ly, Anna, Andr\u00e1s. &#8211; Az iskol\u00e1i elv\u00e9gz\u00e9se ut\u00e1n a f\u00f6ld megmunk\u00e1l\u00e1s\u00e1t tanulta, \u00e9s gazd\u00e1lkodni kezdett \u00e9desapja mellett. Tekint\u00e9lyes polg\u00e1ra volt Mv.-nek, a ref. egyh\u00e1z presbitere, az Els\u0151 Sz\u00e1nt\u00f3test\u00fclet (1895\u2013), valamint a [&hellip;]<\/p>\n","protected":false},"featured_media":0,"comment_status":"open","ping_status":"closed","template":"","meta":[],"product_brand":[],"product_cat":[137],"product_tag":[],"class_list":{"0":"post-6660","1":"product","2":"type-product","3":"status-publish","5":"product_cat-maros-megyei-eletrajzi-lexikon","7":"first","8":"instock","9":"shipping-taxable","10":"product-type-simple"},"_links":{"self":[{"href":"https:\/\/uj.adatbank.ro\/lexikon\/wp-json\/wp\/v2\/product\/6660","targetHints":{"allow":["GET"]}}],"collection":[{"href":"https:\/\/uj.adatbank.ro\/lexikon\/wp-json\/wp\/v2\/product"}],"about":[{"href":"https:\/\/uj.adatbank.ro\/lexikon\/wp-json\/wp\/v2\/types\/product"}],"replies":[{"embeddable":true,"href":"https:\/\/uj.adatbank.ro\/lexikon\/wp-json\/wp\/v2\/comments?post=6660"}],"wp:attachment":[{"href":"https:\/\/uj.adatbank.ro\/lexikon\/wp-json\/wp\/v2\/media?parent=6660"}],"wp:term":[{"taxonomy":"product_brand","embeddable":true,"href":"https:\/\/uj.adatbank.ro\/lexikon\/wp-json\/wp\/v2\/product_brand?post=6660"},{"taxonomy":"product_cat","embeddable":true,"href":"https:\/\/uj.adatbank.ro\/lexikon\/wp-json\/wp\/v2\/product_cat?post=6660"},{"taxonomy":"product_tag","embeddable":true,"href":"https:\/\/uj.adatbank.ro\/lexikon\/wp-json\/wp\/v2\/product_tag?post=6660"}],"curies":[{"name":"wp","href":"https:\/\/api.w.org\/{rel}","templated":true}]}}