{"id":6663,"date":"2025-06-28T18:00:21","date_gmt":"2025-06-28T16:00:21","guid":{"rendered":"https:\/\/uj.adatbank.ro\/lexikon\/termek\/deer-judit-mende-deer-judit-szabone\/"},"modified":"2025-06-28T18:00:21","modified_gmt":"2025-06-28T16:00:21","slug":"deer-judit-mende-deer-judit-szabone","status":"publish","type":"product","link":"https:\/\/uj.adatbank.ro\/lexikon\/termek\/deer-judit-mende-deer-judit-szabone\/","title":{"rendered":"DE\u00c9R Judit; Mende De\u00e9r Judit; Szab\u00f3n\u00e9"},"content":{"rendered":"<p>? \u2020\u00a0? : sz\u00edn\u00e9sz. \u2013 D. K\u00e1lm\u00e1n, egerszegi \u00e9s Lengyel Katalin le\u00e1nya. Testv\u00e9re: Gabi, Tompa Mikl\u00f3sn\u00e9. \u2013 A mv.-i Sz\u00e9kely Sz\u00ednh\u00e1z tagja (1947\u201354). \u2013 <strong>F. sz.:<\/strong> \u00c9lise, Harpagon le\u00e1nya (Moliere: A f\u00f6sv\u00e9ny); Anna (B\u00f3kay J\u00e1nos: Szak\u00edts helyettem); Blanche (Paul Renaoul: A f\u00e9rfi sz\u00edve); Pamela (Petrov: A b\u00e9ke szigete); 1. l\u00e1ny (Szigligeti E.: A csik\u00f3s); Antonina (Gorkij: Jegor Bulicsov \u00e9s a t\u00f6bbiek); 2. summ\u00e1sl\u00e1ny (M\u00f3ricz: Uri muri); 2. asszony (Gorkij: Kispolg\u00e1rok); Tugonovszkij herceg l\u00e1ny (Gribodejov: Az \u00e9sz bajjal j\u00e1r); m\u00fazeumi l\u00e1togat\u00f3 (Tur testv\u00e9rek: Villa a mell\u00e9kutc\u00e1ban); Tan\u00edt\u00f3n\u0151 (\u00dcgyviteli sorrend = Vid\u00e1m ny\u00e1ri m\u0171sor); Zsenya (Szimonov: Leg\u00e9ny a talp\u00e1n); Egy l\u00e1ny (Boroszina-Davidzon: Harmad\u00e9vesek); Antonovna Maria (Gogoly : A revizor); 3. asszony (Kiss-Kov\u00e1ts: Vihar a havason); 2. le\u00e1ny (I. Franco: Az ellopott boldogs\u00e1g); Jefimcsik (B. Gorbatov: Ap\u00e1k ifj\u00fas\u00e1ga, 1953), Artista (Iszajev-Galics: Nem mag\u00e1n\u00fcgy); Azraela G\u00fcl baba feles\u00e9ge (Huszka: G\u00fcl baba); koreogr\u00e1fus: Ivan Franco: Az ellopott boldogs\u00e1g. <br \/><strong>Irod.:<\/strong> Horv\u00e1th Bea; Katona-K\u00f6t\u0151; Kov\u00e1cs Levente<\/br><\/p>\n","protected":false},"excerpt":{"rendered":"<p>? \u2020\u00a0? : sz\u00edn\u00e9sz. \u2013 D. K\u00e1lm\u00e1n, egerszegi \u00e9s Lengyel Katalin le\u00e1nya. Testv\u00e9re: Gabi, Tompa Mikl\u00f3sn\u00e9. \u2013 A mv.-i Sz\u00e9kely Sz\u00ednh\u00e1z tagja (1947\u201354). \u2013 F. sz.: \u00c9lise, Harpagon le\u00e1nya (Moliere: A f\u00f6sv\u00e9ny); Anna (B\u00f3kay J\u00e1nos: Szak\u00edts helyettem); Blanche (Paul Renaoul: A f\u00e9rfi sz\u00edve); Pamela (Petrov: A b\u00e9ke szigete); 1. l\u00e1ny (Szigligeti E.: A csik\u00f3s); Antonina [&hellip;]<\/p>\n","protected":false},"featured_media":0,"comment_status":"open","ping_status":"closed","template":"","meta":[],"product_brand":[],"product_cat":[137],"product_tag":[],"class_list":{"0":"post-6663","1":"product","2":"type-product","3":"status-publish","5":"product_cat-maros-megyei-eletrajzi-lexikon","7":"first","8":"instock","9":"shipping-taxable","10":"product-type-simple"},"_links":{"self":[{"href":"https:\/\/uj.adatbank.ro\/lexikon\/wp-json\/wp\/v2\/product\/6663","targetHints":{"allow":["GET"]}}],"collection":[{"href":"https:\/\/uj.adatbank.ro\/lexikon\/wp-json\/wp\/v2\/product"}],"about":[{"href":"https:\/\/uj.adatbank.ro\/lexikon\/wp-json\/wp\/v2\/types\/product"}],"replies":[{"embeddable":true,"href":"https:\/\/uj.adatbank.ro\/lexikon\/wp-json\/wp\/v2\/comments?post=6663"}],"wp:attachment":[{"href":"https:\/\/uj.adatbank.ro\/lexikon\/wp-json\/wp\/v2\/media?parent=6663"}],"wp:term":[{"taxonomy":"product_brand","embeddable":true,"href":"https:\/\/uj.adatbank.ro\/lexikon\/wp-json\/wp\/v2\/product_brand?post=6663"},{"taxonomy":"product_cat","embeddable":true,"href":"https:\/\/uj.adatbank.ro\/lexikon\/wp-json\/wp\/v2\/product_cat?post=6663"},{"taxonomy":"product_tag","embeddable":true,"href":"https:\/\/uj.adatbank.ro\/lexikon\/wp-json\/wp\/v2\/product_tag?post=6663"}],"curies":[{"name":"wp","href":"https:\/\/api.w.org\/{rel}","templated":true}]}}