{"id":6668,"date":"2025-06-28T18:00:30","date_gmt":"2025-06-28T16:00:30","guid":{"rendered":"https:\/\/uj.adatbank.ro\/lexikon\/termek\/deesi-sandor-%c2%a7-deesy-sandor-nagygelvancsi\/"},"modified":"2025-06-28T18:00:30","modified_gmt":"2025-06-28T16:00:30","slug":"deesi-sandor-%c2%a7-deesy-sandor-nagygelvancsi","status":"publish","type":"product","link":"https:\/\/uj.adatbank.ro\/lexikon\/termek\/deesi-sandor-%c2%a7-deesy-sandor-nagygelvancsi\/","title":{"rendered":"DE\u00c9SI S\u00e1ndor, \u00a7 De\u00e9sy S\u00e1ndor, nagygelv\u00e1ncsi"},"content":{"rendered":"<p>Maroskereszt\u00far, 1826., \u2020\u00a0Nagy\u00f6lyves, 1889. aug. 13.: jegyz\u0151, ogy.-i k\u00e9pvisel\u0151, f\u00f6ldbirtokos. \u2013 Testv\u00e9re: Am\u00e1lia. Feles\u00e9ge: toroczk\u00f3szentgy\u00f6rgyi br. Thoroczkay Kl\u00e1ra. Gyermekeik: G\u00e9za, Zolt\u00e1n, Kati. \u2013 Jogot v\u00e9gzett, majd jegyz\u0151 volt a kv.-i f\u0151korm\u00e1nysz\u00e9kn\u00e9l. A marossz\u00e9ki \u00f6nk\u00e9ntes nemzet\u0151rz\u00e1szl\u00f3alj seg\u00e9dtisztje (1848. szept.), sz\u00e1zados (1849. jan. 13. \u2013), Bem 3. oszt\u00e1ly\u00fa katonai \u00e9rdemrenddel t\u00fcntette ki (1849. m\u00e1rc. 19.). Ogy.-i k\u00e9pvisel\u0151. Nagy\u00f6lyvesen volt f\u00f6ldes\u00far, a ref. egyh\u00e1z patr\u00f3nusa, a g\u00f6rg\u00e9nyi egyh\u00e1zmegye algondnokak\u00e9nt r\u00e9szt vett az Erd\u00e9lyi Ref. Egyh\u00e1zker\u00fclet k\u00f6zgy\u0171l\u00e9s\u00e9n (Kv, 1888). <br \/><strong>Irod.:<\/strong> B\u00f6jthe Andor; Az Erd\u00e9lyi Ref. Egyh\u00e1zker\u00fclet k\u00f6zgy\u0171l\u00e9s\u00e9nek jegyz\u0151k\u00f6nyve (Kv, 1888); Filep; Gy\u00e1szjelent\u0151<\/br><\/p>\n","protected":false},"excerpt":{"rendered":"<p>Maroskereszt\u00far, 1826., \u2020\u00a0Nagy\u00f6lyves, 1889. aug. 13.: jegyz\u0151, ogy.-i k\u00e9pvisel\u0151, f\u00f6ldbirtokos. \u2013 Testv\u00e9re: Am\u00e1lia. Feles\u00e9ge: toroczk\u00f3szentgy\u00f6rgyi br. Thoroczkay Kl\u00e1ra. Gyermekeik: G\u00e9za, Zolt\u00e1n, Kati. \u2013 Jogot v\u00e9gzett, majd jegyz\u0151 volt a kv.-i f\u0151korm\u00e1nysz\u00e9kn\u00e9l. A marossz\u00e9ki \u00f6nk\u00e9ntes nemzet\u0151rz\u00e1szl\u00f3alj seg\u00e9dtisztje (1848. szept.), sz\u00e1zados (1849. jan. 13. \u2013), Bem 3. oszt\u00e1ly\u00fa katonai \u00e9rdemrenddel t\u00fcntette ki (1849. m\u00e1rc. 19.). Ogy.-i k\u00e9pvisel\u0151. [&hellip;]<\/p>\n","protected":false},"featured_media":0,"comment_status":"open","ping_status":"closed","template":"","meta":[],"product_brand":[],"product_cat":[137],"product_tag":[],"class_list":{"0":"post-6668","1":"product","2":"type-product","3":"status-publish","5":"product_cat-maros-megyei-eletrajzi-lexikon","7":"first","8":"instock","9":"shipping-taxable","10":"product-type-simple"},"_links":{"self":[{"href":"https:\/\/uj.adatbank.ro\/lexikon\/wp-json\/wp\/v2\/product\/6668","targetHints":{"allow":["GET"]}}],"collection":[{"href":"https:\/\/uj.adatbank.ro\/lexikon\/wp-json\/wp\/v2\/product"}],"about":[{"href":"https:\/\/uj.adatbank.ro\/lexikon\/wp-json\/wp\/v2\/types\/product"}],"replies":[{"embeddable":true,"href":"https:\/\/uj.adatbank.ro\/lexikon\/wp-json\/wp\/v2\/comments?post=6668"}],"wp:attachment":[{"href":"https:\/\/uj.adatbank.ro\/lexikon\/wp-json\/wp\/v2\/media?parent=6668"}],"wp:term":[{"taxonomy":"product_brand","embeddable":true,"href":"https:\/\/uj.adatbank.ro\/lexikon\/wp-json\/wp\/v2\/product_brand?post=6668"},{"taxonomy":"product_cat","embeddable":true,"href":"https:\/\/uj.adatbank.ro\/lexikon\/wp-json\/wp\/v2\/product_cat?post=6668"},{"taxonomy":"product_tag","embeddable":true,"href":"https:\/\/uj.adatbank.ro\/lexikon\/wp-json\/wp\/v2\/product_tag?post=6668"}],"curies":[{"name":"wp","href":"https:\/\/api.w.org\/{rel}","templated":true}]}}

DEÉSI Sándor, § Deésy Sándor, nagygelváncsi

<p>Maroskeresztúr, 1826., † Nagyölyves, 1889. aug. 13.: jegyző, ogy.-i képviselő, földbirtokos. – Testvére: Amália. Felesége: toroczkószentgyörgyi br. Thoroczkay Klára. Gyermekeik: Géza, Zoltán, Kati. – Jogot végzett, majd jegyző volt a kv.-i főkormányszéknél. A marosszéki önkéntes nemzetőrzászlóalj segédtisztje (1848. szept.), százados (1849. jan. 13. –), Bem 3. osztályú katonai érdemrenddel tüntette ki (1849. márc. 19.). Ogy.-i képviselő. Nagyölyvesen volt földesúr, a ref. egyház patrónusa, a görgényi egyházmegye algondnokaként részt vett az Erdélyi Ref. Egyházkerület közgyűlésén (Kv, 1888). <br /><strong>Irod.:</strong> Böjthe Andor; Az Erdélyi Ref. Egyházkerület közgyűlésének jegyzőkönyve (Kv, 1888); Filep; Gyászjelentő</br></p>

<p>Maroskeresztúr, 1826., † Nagyölyves, 1889. aug. 13.: jegyző, ogy.-i képviselő, földbirtokos. – Testvére: Amália. Felesége: toroczkószentgyörgyi br. Thoroczkay Klára. Gyermekeik: Géza, Zoltán, Kati. – Jogot végzett, majd jegyző volt a kv.-i főkormányszéknél. A marosszéki önkéntes nemzetőrzászlóalj segédtisztje (1848. szept.), százados (1849. jan. 13. –), Bem 3. osztályú katonai érdemrenddel tüntette ki (1849. márc. 19.). Ogy.-i képviselő. [&hellip;]</p>
