{"id":6670,"date":"2025-06-28T18:00:38","date_gmt":"2025-06-28T16:00:38","guid":{"rendered":"https:\/\/uj.adatbank.ro\/lexikon\/termek\/degenfeld-schonburg-istvan-vilmos-frigyes-kristof-marton-lajos-gr\/"},"modified":"2025-06-28T18:00:38","modified_gmt":"2025-06-28T16:00:38","slug":"degenfeld-schonburg-istvan-vilmos-frigyes-kristof-marton-lajos-gr","status":"publish","type":"product","link":"https:\/\/uj.adatbank.ro\/lexikon\/termek\/degenfeld-schonburg-istvan-vilmos-frigyes-kristof-marton-lajos-gr\/","title":{"rendered":"DEGENFELD-SCHONBURG Istv\u00e1n Vilmos Frigyes Kristof M\u00e1rton Lajos, gr."},"content":{"rendered":"<p>Kutyfalva, 1916. j\u00fal. 23., \u2020 Mv., 1995. okt. 19., a kutyfalvi csal\u00e1di kript\u00e1ba temett\u00e9k (1995. okt. 24.).: f\u00f6ldbirtokos, mar\u00f3s. \u2013 Kristof Otto Imre Lajos (1881\u20131947) \u00e9s Gerliczy Margit (1886\u20131967) fia. Feles\u00e9ge (Mv, 1944. j\u00fan. 17. \u2013) Istv\u00e1n \u00c9va, Mih\u00e1ly \u00e9s Geschmeidi Kl\u00e1ra le\u00e1nya (Mv., 1922. nov. 4. &#8211; Mv., 1994. dec. 18.). Esk. 1944. Mv.-en \u00e9ltek. Gyermekei: Kl\u00e1ra Szamovszky Istv\u00e1nn\u00e9 (Kremsm\u00fcnster, 1945. j\u00fan. 1. \u2020 Mv., 1987. m\u00e1rc. 2.); Istv\u00e1n (1957\u2013) elektrom\u00e9rn\u00f6k. \u2013 A II. vh.-ban orosz fogs\u00e1gban volt a Don partj\u00e1n Rjasan helys\u00e9gbe, megsz\u00f6k\u00f6tt, Mv.-re \u00e9rkezett (1948). A feles\u00e9ge, kisl\u00e1nya \u00e9s az apja, D-Sch. Krist\u00f3f, a menek\u00fcl\u00e9s ut\u00e1n visszat\u00e9rtek Ausztri\u00e1b\u00f3l, a feles\u00e9ge Klastrom u.-i sz\u00fcl\u0151i h\u00e1z\u00e1ba, ahonnan kik\u00f6lt\u00f6ztett\u00e9k a csal\u00e1dot egy fabarakba, majd egy pinc\u00e9be. Alkalmi munk\u00e1val kereste kenyer\u00e9t, volt vend\u00e9gl\u0151i mosogat\u00f3, kantinos B\u00e9k\u00e1son, s\u00edkk\u00f6sz\u00f6r\u00fcs a Prod Complexben stb. Feles\u00e9ge zongora\u00f3r\u00e1kat adott. <br \/><strong>Irod.:<\/strong> Erd\u00e9lyi arcok; Fekete; Gudenus; [Nekrol\u00f3g] (N\u00fa., 1995. okt. 21.); Ol\u00e1h-G\u00e1l Elvira interj\u00faja gr. Degenfeld-Schonburg Istv\u00e1nnal (Sz\u00e9kelyf\u00f6ld, 2. sz., 2015)<\/br><\/p>\n","protected":false},"excerpt":{"rendered":"<p>Kutyfalva, 1916. j\u00fal. 23., \u2020 Mv., 1995. okt. 19., a kutyfalvi csal\u00e1di kript\u00e1ba temett\u00e9k (1995. okt. 24.).: f\u00f6ldbirtokos, mar\u00f3s. \u2013 Kristof Otto Imre Lajos (1881\u20131947) \u00e9s Gerliczy Margit (1886\u20131967) fia. Feles\u00e9ge (Mv, 1944. j\u00fan. 17. \u2013) Istv\u00e1n \u00c9va, Mih\u00e1ly \u00e9s Geschmeidi Kl\u00e1ra le\u00e1nya (Mv., 1922. nov. 4. &#8211; Mv., 1994. dec. 18.). Esk. 1944. Mv.-en [&hellip;]<\/p>\n","protected":false},"featured_media":0,"comment_status":"open","ping_status":"closed","template":"","meta":[],"product_brand":[],"product_cat":[137],"product_tag":[],"class_list":{"0":"post-6670","1":"product","2":"type-product","3":"status-publish","5":"product_cat-maros-megyei-eletrajzi-lexikon","7":"first","8":"instock","9":"shipping-taxable","10":"product-type-simple"},"_links":{"self":[{"href":"https:\/\/uj.adatbank.ro\/lexikon\/wp-json\/wp\/v2\/product\/6670","targetHints":{"allow":["GET"]}}],"collection":[{"href":"https:\/\/uj.adatbank.ro\/lexikon\/wp-json\/wp\/v2\/product"}],"about":[{"href":"https:\/\/uj.adatbank.ro\/lexikon\/wp-json\/wp\/v2\/types\/product"}],"replies":[{"embeddable":true,"href":"https:\/\/uj.adatbank.ro\/lexikon\/wp-json\/wp\/v2\/comments?post=6670"}],"wp:attachment":[{"href":"https:\/\/uj.adatbank.ro\/lexikon\/wp-json\/wp\/v2\/media?parent=6670"}],"wp:term":[{"taxonomy":"product_brand","embeddable":true,"href":"https:\/\/uj.adatbank.ro\/lexikon\/wp-json\/wp\/v2\/product_brand?post=6670"},{"taxonomy":"product_cat","embeddable":true,"href":"https:\/\/uj.adatbank.ro\/lexikon\/wp-json\/wp\/v2\/product_cat?post=6670"},{"taxonomy":"product_tag","embeddable":true,"href":"https:\/\/uj.adatbank.ro\/lexikon\/wp-json\/wp\/v2\/product_tag?post=6670"}],"curies":[{"name":"wp","href":"https:\/\/api.w.org\/{rel}","templated":true}]}}

DEGENFELD-SCHONBURG István Vilmos Frigyes Kristof Márton Lajos, gr.

<p>Kutyfalva, 1916. júl. 23., † Mv., 1995. okt. 19., a kutyfalvi családi kriptába temették (1995. okt. 24.).: földbirtokos, marós. – Kristof Otto Imre Lajos (1881–1947) és Gerliczy Margit (1886–1967) fia. Felesége (Mv, 1944. jún. 17. –) István Éva, Mihály és Geschmeidi Klára leánya (Mv., 1922. nov. 4. &#8211; Mv., 1994. dec. 18.). Esk. 1944. Mv.-en éltek. Gyermekei: Klára Szamovszky Istvánné (Kremsmünster, 1945. jún. 1. † Mv., 1987. márc. 2.); István (1957–) elektromérnök. – A II. vh.-ban orosz fogságban volt a Don partján Rjasan helységbe, megszökött, Mv.-re érkezett (1948). A felesége, kislánya és az apja, D-Sch. Kristóf, a menekülés után visszatértek Ausztriából, a felesége Klastrom u.-i szülői házába, ahonnan kiköltöztették a családot egy fabarakba, majd egy pincébe. Alkalmi munkával kereste kenyerét, volt vendéglői mosogató, kantinos Békáson, síkköszörüs a Prod Complexben stb. Felesége zongoraórákat adott. <br /><strong>Irod.:</strong> Erdélyi arcok; Fekete; Gudenus; [Nekrológ] (Nú., 1995. okt. 21.); Oláh-Gál Elvira interjúja gr. Degenfeld-Schonburg Istvánnal (Székelyföld, 2. sz., 2015)</br></p>

<p>Kutyfalva, 1916. júl. 23., † Mv., 1995. okt. 19., a kutyfalvi családi kriptába temették (1995. okt. 24.).: földbirtokos, marós. – Kristof Otto Imre Lajos (1881–1947) és Gerliczy Margit (1886–1967) fia. Felesége (Mv, 1944. jún. 17. –) István Éva, Mihály és Geschmeidi Klára leánya (Mv., 1922. nov. 4. &#8211; Mv., 1994. dec. 18.). Esk. 1944. Mv.-en [&hellip;]</p>
