{"id":6671,"date":"2025-06-28T18:00:39","date_gmt":"2025-06-28T16:00:39","guid":{"rendered":"https:\/\/uj.adatbank.ro\/lexikon\/termek\/degenfeld-schonburg-kristof-otto-imre-lajos-gr\/"},"modified":"2025-06-28T18:00:39","modified_gmt":"2025-06-28T16:00:39","slug":"degenfeld-schonburg-kristof-otto-imre-lajos-gr","status":"publish","type":"product","link":"https:\/\/uj.adatbank.ro\/lexikon\/termek\/degenfeld-schonburg-kristof-otto-imre-lajos-gr\/","title":{"rendered":"DEGENFELD-SCHONBURG Krist\u00f3f Ott\u00f3 Imre Lajos, gr."},"content":{"rendered":"<p>Szir\u00e1k, 1881. aug. 22. \u2020 Mv., 1947. m\u00e1j. 28.: f\u00f6ldbirtokos. \u2013 Lajos J\u00f3zsef Krist\u00f3f (Kv., 1843-Szir\u00e1k, 1922) \u00e9s tark\u0151i Desewffy Ilona (Vonyarc, 1843-Szir\u00e1k, 1938) fia. Feles\u00e9ge: aranyi \u00e9s szentgerlistyei br. Gerliczy Margit (1886\u20131967). Esk. (Bp., 1907\u2013). Gyermekeik: Anna (1908- Caracas, 1973); Ilona Margit Olga Katalin Ludovika (Kutyfalva, 1912- Majnafrankfurt, 2005), Istv\u00e1n Vilmos Frigyes Krist\u00f3f M\u00e1rton Lajos (Kutyfalva, 1916-Mv., 1995). \u2013 2100 hold birtoka volt Kutyfalva \u00e9s P\u00e9terlaka k\u00f6rny\u00e9k\u00e9n, h\u00e1romnegyed\u00e9t elvette a f\u00f6ldreform (1921), 450 hold maradt. Mintagazdas\u00e1got vezetett, mell\u00e9kgazdas\u00e1gokat hozott l\u00e9tre, volt sz\u00e1nt\u00f3, erd\u0151, gy\u00fcm\u00f6lcs\u00f6s, baromfiteny\u00e9szt\u00e9s, kos\u00e1rfon\u00e1s. Szerepet j\u00e1tszott az erd\u00e9lyi szabadk\u0151m\u0171vess\u00e9g elleni Kv.-on folytatott perben (1942), adatokat szolg\u00e1ltatva a mv.-i tagokr\u00f3l. Ausztria fel\u00e9 menek\u00fclt a meny\u00e9vel k\u00f6z\u00f6sen (1944), visszat\u00e9rt Kutyfalv\u00e1ra, a kast\u00e9lyt kifosztva tal\u00e1lt\u00e1k, falusi h\u00e1zn\u00e1l lakott (1945 ut\u00e1n) \u00e9s a meny\u00e9n\u00e9l Mv.-en halt meg. <br \/><strong>Irod.:<\/strong> Erd\u00e9lyi arcok; Gudenus; Id\u0151t\u00e1r 3; MNZsK; Ol\u00e1h-G\u00e1l Elvira interj\u00faja gr. Degenfeld-Schonburg Istv\u00e1nnal (Sz\u00e9kelyf\u00f6ld, 2. sz., 2015)<\/br><\/p>\n","protected":false},"excerpt":{"rendered":"<p>Szir\u00e1k, 1881. aug. 22. \u2020 Mv., 1947. m\u00e1j. 28.: f\u00f6ldbirtokos. \u2013 Lajos J\u00f3zsef Krist\u00f3f (Kv., 1843-Szir\u00e1k, 1922) \u00e9s tark\u0151i Desewffy Ilona (Vonyarc, 1843-Szir\u00e1k, 1938) fia. Feles\u00e9ge: aranyi \u00e9s szentgerlistyei br. Gerliczy Margit (1886\u20131967). Esk. (Bp., 1907\u2013). Gyermekeik: Anna (1908- Caracas, 1973); Ilona Margit Olga Katalin Ludovika (Kutyfalva, 1912- Majnafrankfurt, 2005), Istv\u00e1n Vilmos Frigyes Krist\u00f3f M\u00e1rton [&hellip;]<\/p>\n","protected":false},"featured_media":0,"comment_status":"open","ping_status":"closed","template":"","meta":[],"product_brand":[],"product_cat":[137],"product_tag":[],"class_list":{"0":"post-6671","1":"product","2":"type-product","3":"status-publish","5":"product_cat-maros-megyei-eletrajzi-lexikon","7":"first","8":"instock","9":"shipping-taxable","10":"product-type-simple"},"_links":{"self":[{"href":"https:\/\/uj.adatbank.ro\/lexikon\/wp-json\/wp\/v2\/product\/6671","targetHints":{"allow":["GET"]}}],"collection":[{"href":"https:\/\/uj.adatbank.ro\/lexikon\/wp-json\/wp\/v2\/product"}],"about":[{"href":"https:\/\/uj.adatbank.ro\/lexikon\/wp-json\/wp\/v2\/types\/product"}],"replies":[{"embeddable":true,"href":"https:\/\/uj.adatbank.ro\/lexikon\/wp-json\/wp\/v2\/comments?post=6671"}],"wp:attachment":[{"href":"https:\/\/uj.adatbank.ro\/lexikon\/wp-json\/wp\/v2\/media?parent=6671"}],"wp:term":[{"taxonomy":"product_brand","embeddable":true,"href":"https:\/\/uj.adatbank.ro\/lexikon\/wp-json\/wp\/v2\/product_brand?post=6671"},{"taxonomy":"product_cat","embeddable":true,"href":"https:\/\/uj.adatbank.ro\/lexikon\/wp-json\/wp\/v2\/product_cat?post=6671"},{"taxonomy":"product_tag","embeddable":true,"href":"https:\/\/uj.adatbank.ro\/lexikon\/wp-json\/wp\/v2\/product_tag?post=6671"}],"curies":[{"name":"wp","href":"https:\/\/api.w.org\/{rel}","templated":true}]}}

DEGENFELD-SCHONBURG Kristóf Ottó Imre Lajos, gr.

<p>Szirák, 1881. aug. 22. † Mv., 1947. máj. 28.: földbirtokos. – Lajos József Kristóf (Kv., 1843-Szirák, 1922) és tarkői Desewffy Ilona (Vonyarc, 1843-Szirák, 1938) fia. Felesége: aranyi és szentgerlistyei br. Gerliczy Margit (1886–1967). Esk. (Bp., 1907–). Gyermekeik: Anna (1908- Caracas, 1973); Ilona Margit Olga Katalin Ludovika (Kutyfalva, 1912- Majnafrankfurt, 2005), István Vilmos Frigyes Kristóf Márton Lajos (Kutyfalva, 1916-Mv., 1995). – 2100 hold birtoka volt Kutyfalva és Péterlaka környékén, háromnegyedét elvette a földreform (1921), 450 hold maradt. Mintagazdaságot vezetett, mellékgazdaságokat hozott létre, volt szántó, erdő, gyümölcsös, baromfitenyésztés, kosárfonás. Szerepet játszott az erdélyi szabadkőművesség elleni Kv.-on folytatott perben (1942), adatokat szolgáltatva a mv.-i tagokról. Ausztria felé menekült a menyével közösen (1944), visszatért Kutyfalvára, a kastélyt kifosztva találták, falusi háznál lakott (1945 után) és a menyénél Mv.-en halt meg. <br /><strong>Irod.:</strong> Erdélyi arcok; Gudenus; Időtár 3; MNZsK; Oláh-Gál Elvira interjúja gr. Degenfeld-Schonburg Istvánnal (Székelyföld, 2. sz., 2015)</br></p>

<p>Szirák, 1881. aug. 22. † Mv., 1947. máj. 28.: földbirtokos. – Lajos József Kristóf (Kv., 1843-Szirák, 1922) és tarkői Desewffy Ilona (Vonyarc, 1843-Szirák, 1938) fia. Felesége: aranyi és szentgerlistyei br. Gerliczy Margit (1886–1967). Esk. (Bp., 1907–). Gyermekeik: Anna (1908- Caracas, 1973); Ilona Margit Olga Katalin Ludovika (Kutyfalva, 1912- Majnafrankfurt, 2005), István Vilmos Frigyes Kristóf Márton [&hellip;]</p>
