{"id":6672,"date":"2025-06-28T18:00:41","date_gmt":"2025-06-28T16:00:41","guid":{"rendered":"https:\/\/uj.adatbank.ro\/lexikon\/termek\/degenfeld-schonburg-lajos-jozsef-kristof-hohen-eybachy-durnaui-neuhausi-es-stauffenecki-szentbirodalmi-gr-degenfeld-lajos\/"},"modified":"2025-06-28T18:00:41","modified_gmt":"2025-06-28T16:00:41","slug":"degenfeld-schonburg-lajos-jozsef-kristof-hohen-eybachy-durnaui-neuhausi-es-stauffenecki-szentbirodalmi-gr-degenfeld-lajos","status":"publish","type":"product","link":"https:\/\/uj.adatbank.ro\/lexikon\/termek\/degenfeld-schonburg-lajos-jozsef-kristof-hohen-eybachy-durnaui-neuhausi-es-stauffenecki-szentbirodalmi-gr-degenfeld-lajos\/","title":{"rendered":"DEGENFELD-SCHONBURG Lajos J\u00f3zsef Krist\u00f3f, hohen-eybachy d\u00fcrnaui neuhausi \u00e9s stauffenecki szentbirodalmi gr., Degenfeld Lajos"},"content":{"rendered":"<p>Kv, 1843. okt. 14. \u2020 Szir\u00e1k, 1922. jan. 5.: f\u00f6ldbitokos; cs. \u00e9s kir. titkos tan\u00e1csos. Feles\u00e9ge gr. cserneki \u00e9s tarkeoi Dessewffy Ilona. Hat gyermek\u00fck volt, k\u00e9t fi\u00fa: Krist\u00f3f kapta Kutyfalv\u00e1t \u00e9s Mikl\u00f3s a szir\u00e1ki birtokot. K\u00e9pvisel\u0151 (1872\u2013), a m. f\u0151rendih\u00e1z \u00f6r\u00f6k\u00f6s tagja, N\u00f3gr\u00e1d vm. f\u0151isp\u00e1nja (1889\u20131895). \u2013 A kutyfalvi megl\u00e9v\u0151 kast\u00e9lyhoz a k\u00e9t sz\u00e9ls\u0151 sz\u00e1rny\u00e9p\u00fcletet \u00e9p\u00edtette (1907) \u00e9s a kutyfalvi gazdas\u00e1g\u00e1nak a fejleszt\u00e9s\u00e9vel foglalkozott. Marosludas ter\u00fclet\u00e9n volt k\u00f6z\u00e9pbirtoka. <br \/><strong>Irod.:<\/strong> Erd\u00e9lyi arcok; Gudenus; Keresztes Gyula: Kast\u00e9lyaink 12.: A kutyfalvi kast\u00e9ly (N\u00fa., 1992. j\u00fan. 20.); Lev\u00e9lt\u00e1ri gy\u00e1szj.; Pesty 2014; Szekeres Ad\u00e9l: A marosludasi Bels\u0151-telep r\u00f6vid t\u00f6rt\u00e9nete (N\u00fa., 1997. j\u00fan. 24.); Eml\u00e9kszob\u00e1t avatnak kutyfalv\u00e1n (N\u00fa., 2024. febr. 29.)<\/br><\/p>\n","protected":false},"excerpt":{"rendered":"<p>Kv, 1843. okt. 14. \u2020 Szir\u00e1k, 1922. jan. 5.: f\u00f6ldbitokos; cs. \u00e9s kir. titkos tan\u00e1csos. Feles\u00e9ge gr. cserneki \u00e9s tarkeoi Dessewffy Ilona. Hat gyermek\u00fck volt, k\u00e9t fi\u00fa: Krist\u00f3f kapta Kutyfalv\u00e1t \u00e9s Mikl\u00f3s a szir\u00e1ki birtokot. K\u00e9pvisel\u0151 (1872\u2013), a m. f\u0151rendih\u00e1z \u00f6r\u00f6k\u00f6s tagja, N\u00f3gr\u00e1d vm. f\u0151isp\u00e1nja (1889\u20131895). \u2013 A kutyfalvi megl\u00e9v\u0151 kast\u00e9lyhoz a k\u00e9t sz\u00e9ls\u0151 sz\u00e1rny\u00e9p\u00fcletet [&hellip;]<\/p>\n","protected":false},"featured_media":0,"comment_status":"open","ping_status":"closed","template":"","meta":[],"product_brand":[],"product_cat":[137],"product_tag":[],"class_list":{"0":"post-6672","1":"product","2":"type-product","3":"status-publish","5":"product_cat-maros-megyei-eletrajzi-lexikon","7":"first","8":"instock","9":"shipping-taxable","10":"product-type-simple"},"_links":{"self":[{"href":"https:\/\/uj.adatbank.ro\/lexikon\/wp-json\/wp\/v2\/product\/6672","targetHints":{"allow":["GET"]}}],"collection":[{"href":"https:\/\/uj.adatbank.ro\/lexikon\/wp-json\/wp\/v2\/product"}],"about":[{"href":"https:\/\/uj.adatbank.ro\/lexikon\/wp-json\/wp\/v2\/types\/product"}],"replies":[{"embeddable":true,"href":"https:\/\/uj.adatbank.ro\/lexikon\/wp-json\/wp\/v2\/comments?post=6672"}],"wp:attachment":[{"href":"https:\/\/uj.adatbank.ro\/lexikon\/wp-json\/wp\/v2\/media?parent=6672"}],"wp:term":[{"taxonomy":"product_brand","embeddable":true,"href":"https:\/\/uj.adatbank.ro\/lexikon\/wp-json\/wp\/v2\/product_brand?post=6672"},{"taxonomy":"product_cat","embeddable":true,"href":"https:\/\/uj.adatbank.ro\/lexikon\/wp-json\/wp\/v2\/product_cat?post=6672"},{"taxonomy":"product_tag","embeddable":true,"href":"https:\/\/uj.adatbank.ro\/lexikon\/wp-json\/wp\/v2\/product_tag?post=6672"}],"curies":[{"name":"wp","href":"https:\/\/api.w.org\/{rel}","templated":true}]}}

DEGENFELD-SCHONBURG Lajos József Kristóf, hohen-eybachy dürnaui neuhausi és stauffenecki szentbirodalmi gr., Degenfeld Lajos

<p>Kv, 1843. okt. 14. † Szirák, 1922. jan. 5.: földbitokos; cs. és kir. titkos tanácsos. Felesége gr. cserneki és tarkeoi Dessewffy Ilona. Hat gyermekük volt, két fiú: Kristóf kapta Kutyfalvát és Miklós a sziráki birtokot. Képviselő (1872–), a m. főrendiház örökös tagja, Nógrád vm. főispánja (1889–1895). – A kutyfalvi meglévő kastélyhoz a két szélső szárnyépületet építette (1907) és a kutyfalvi gazdaságának a fejlesztésével foglalkozott. Marosludas területén volt középbirtoka. <br /><strong>Irod.:</strong> Erdélyi arcok; Gudenus; Keresztes Gyula: Kastélyaink 12.: A kutyfalvi kastély (Nú., 1992. jún. 20.); Levéltári gyászj.; Pesty 2014; Szekeres Adél: A marosludasi Belső-telep rövid története (Nú., 1997. jún. 24.); Emlékszobát avatnak kutyfalván (Nú., 2024. febr. 29.)</br></p>

<p>Kv, 1843. okt. 14. † Szirák, 1922. jan. 5.: földbitokos; cs. és kir. titkos tanácsos. Felesége gr. cserneki és tarkeoi Dessewffy Ilona. Hat gyermekük volt, két fiú: Kristóf kapta Kutyfalvát és Miklós a sziráki birtokot. Képviselő (1872–), a m. főrendiház örökös tagja, Nógrád vm. főispánja (1889–1895). – A kutyfalvi meglévő kastélyhoz a két szélső szárnyépületet [&hellip;]</p>
