{"id":6673,"date":"2025-06-28T18:00:43","date_gmt":"2025-06-28T16:00:43","guid":{"rendered":"https:\/\/uj.adatbank.ro\/lexikon\/termek\/degenfeld-schonburg-maximilian-miksa\/"},"modified":"2025-06-28T18:00:43","modified_gmt":"2025-06-28T16:00:43","slug":"degenfeld-schonburg-maximilian-miksa","status":"publish","type":"product","link":"https:\/\/uj.adatbank.ro\/lexikon\/termek\/degenfeld-schonburg-maximilian-miksa\/","title":{"rendered":"DEGENFELD-SCHONBURG Maximilian Miksa"},"content":{"rendered":"<p>1766. \u20201816.: katona. \u2013 Feles\u00e9ge: gr. Teleki Anna, Teleki \u00c1d\u00e1m le\u00e1nya, (esk\u00fcv\u0151 1800. okt. 8). Fiaik: Ott\u00f3 (1801\u2013), Imre (1810\u2013), P\u00e1l (1814-\u2013). \u2013 Cs\u00e1sz\u00e1ri tan\u00e1csos. Erd\u0151sz\u00e1d\u00e1n (Szatm\u00e1r v\u00e1rmegy\u00e9ben) v\u00e1s\u00e1rolt birtokot \u00e9s kast\u00e9lyt \u00e9p\u00edtetett. Korai hal\u00e1la ut\u00e1n feles\u00e9ge, magyarnak \u00e9s reform\u00e1tusnak nevelte a fi\u00fakat. A gyerekeik nevel\u0151i voltak: P\u00e9terfi L\u00e1szl\u00f3, majd testv\u00e9re P\u00e9terfi K\u00e1roly, aki lelk\u00e9sz \u00e9s a mv.-i ref. koll\u00e9gium tan\u00e1ra lett. Mindh\u00e1rman t\u00e1mogatt\u00e1k a forradalmi t\u00f6rekv\u00e9seket (1848\u201349). <br \/><strong>Irod.:<\/strong> Erd\u00e9lyi arcok<\/br><\/p>\n","protected":false},"excerpt":{"rendered":"<p>1766. \u20201816.: katona. \u2013 Feles\u00e9ge: gr. Teleki Anna, Teleki \u00c1d\u00e1m le\u00e1nya, (esk\u00fcv\u0151 1800. okt. 8). Fiaik: Ott\u00f3 (1801\u2013), Imre (1810\u2013), P\u00e1l (1814-\u2013). \u2013 Cs\u00e1sz\u00e1ri tan\u00e1csos. Erd\u0151sz\u00e1d\u00e1n (Szatm\u00e1r v\u00e1rmegy\u00e9ben) v\u00e1s\u00e1rolt birtokot \u00e9s kast\u00e9lyt \u00e9p\u00edtetett. Korai hal\u00e1la ut\u00e1n feles\u00e9ge, magyarnak \u00e9s reform\u00e1tusnak nevelte a fi\u00fakat. A gyerekeik nevel\u0151i voltak: P\u00e9terfi L\u00e1szl\u00f3, majd testv\u00e9re P\u00e9terfi K\u00e1roly, aki lelk\u00e9sz [&hellip;]<\/p>\n","protected":false},"featured_media":0,"comment_status":"open","ping_status":"closed","template":"","meta":[],"product_brand":[],"product_cat":[137],"product_tag":[],"class_list":{"0":"post-6673","1":"product","2":"type-product","3":"status-publish","5":"product_cat-maros-megyei-eletrajzi-lexikon","7":"first","8":"instock","9":"shipping-taxable","10":"product-type-simple"},"_links":{"self":[{"href":"https:\/\/uj.adatbank.ro\/lexikon\/wp-json\/wp\/v2\/product\/6673","targetHints":{"allow":["GET"]}}],"collection":[{"href":"https:\/\/uj.adatbank.ro\/lexikon\/wp-json\/wp\/v2\/product"}],"about":[{"href":"https:\/\/uj.adatbank.ro\/lexikon\/wp-json\/wp\/v2\/types\/product"}],"replies":[{"embeddable":true,"href":"https:\/\/uj.adatbank.ro\/lexikon\/wp-json\/wp\/v2\/comments?post=6673"}],"wp:attachment":[{"href":"https:\/\/uj.adatbank.ro\/lexikon\/wp-json\/wp\/v2\/media?parent=6673"}],"wp:term":[{"taxonomy":"product_brand","embeddable":true,"href":"https:\/\/uj.adatbank.ro\/lexikon\/wp-json\/wp\/v2\/product_brand?post=6673"},{"taxonomy":"product_cat","embeddable":true,"href":"https:\/\/uj.adatbank.ro\/lexikon\/wp-json\/wp\/v2\/product_cat?post=6673"},{"taxonomy":"product_tag","embeddable":true,"href":"https:\/\/uj.adatbank.ro\/lexikon\/wp-json\/wp\/v2\/product_tag?post=6673"}],"curies":[{"name":"wp","href":"https:\/\/api.w.org\/{rel}","templated":true}]}}