{"id":6681,"date":"2025-06-28T18:00:59","date_gmt":"2025-06-28T16:00:59","guid":{"rendered":"https:\/\/uj.adatbank.ro\/lexikon\/termek\/demeny-dezso\/"},"modified":"2025-06-28T18:00:59","modified_gmt":"2025-06-28T16:00:59","slug":"demeny-dezso","status":"publish","type":"product","link":"https:\/\/uj.adatbank.ro\/lexikon\/termek\/demeny-dezso\/","title":{"rendered":"DEM\u00c9NY Dezs\u0151"},"content":{"rendered":"<p>Nagys\u00e1rm\u00e1s, 1915. jan. 27., \u2020\u00a0Kv., 1988. a H\u00e1zsong\u00e1rdi temet\u0151ben nyugszik: pedag\u00f3gia, l\u00e9lektan tan\u00e1r, \u00edr\u00f3. \u2013 A kv.-i Ref. Koll. elv\u00e9gz\u00e9se ut\u00e1n egy ideig ipari munk\u00e1s. Egyetemi tanulm\u00e1nyait Kv.-on fejezte be (1942), majd Berlinben k\u00e9pezte tov\u00e1bb mag\u00e1t. K\u00f6z\u00e9piskolai tan\u00e1r Kv.-on, egy ideig a Bolyai TE munkat\u00e1rsa, \u00e9veken \u00e1t volt ipari munk\u00e1s (1959\u201364); k\u00e9s\u0151bb a torock\u00f3i \u00e1lt. iskol\u00e1ban majd Gyaluban tan\u00edtott. M\u00e1r di\u00e1kkor\u00e1ban munkat\u00e1rsa volt a MADOSZ lapj\u00e1nak a Sz\u00e9kelyf\u00f6ldi N\u00e9plap-nak, k\u00f6z\u00f6lt m\u00e9g a Korunk-ban a N\u00e9pnevel\u00e9s-ben, a M\u0171vel\u0151d\u00e9sben. \u2013 <strong>F. m.:<\/strong> A tesztm\u00f3dszer szem\u00e9lyis\u00e9gvizsg\u00e1lati szerepe (Kv., 1942); T\u00e1rsadalmi alkalmazkod\u00e1s (Sokszoros\u00edtott k\u00e9rd\u0151\u00edv, Kv., 1948); Szociol\u00f3giai alapismeretek (Soksz. Kv., 1949); A l\u00e9lektan \u00e9s szociol\u00f3gia nyelv\u00e9n (k\u00e9zirat). <br \/><strong>Irod.:<\/strong> H\u00e1zsong\u00e1rd; KKACs; RMIL<\/br><\/p>\n","protected":false},"excerpt":{"rendered":"<p>Nagys\u00e1rm\u00e1s, 1915. jan. 27., \u2020\u00a0Kv., 1988. a H\u00e1zsong\u00e1rdi temet\u0151ben nyugszik: pedag\u00f3gia, l\u00e9lektan tan\u00e1r, \u00edr\u00f3. \u2013 A kv.-i Ref. Koll. elv\u00e9gz\u00e9se ut\u00e1n egy ideig ipari munk\u00e1s. Egyetemi tanulm\u00e1nyait Kv.-on fejezte be (1942), majd Berlinben k\u00e9pezte tov\u00e1bb mag\u00e1t. K\u00f6z\u00e9piskolai tan\u00e1r Kv.-on, egy ideig a Bolyai TE munkat\u00e1rsa, \u00e9veken \u00e1t volt ipari munk\u00e1s (1959\u201364); k\u00e9s\u0151bb a torock\u00f3i \u00e1lt. [&hellip;]<\/p>\n","protected":false},"featured_media":0,"comment_status":"open","ping_status":"closed","template":"","meta":[],"product_brand":[],"product_cat":[137],"product_tag":[],"class_list":{"0":"post-6681","1":"product","2":"type-product","3":"status-publish","5":"product_cat-maros-megyei-eletrajzi-lexikon","7":"first","8":"instock","9":"shipping-taxable","10":"product-type-simple"},"_links":{"self":[{"href":"https:\/\/uj.adatbank.ro\/lexikon\/wp-json\/wp\/v2\/product\/6681","targetHints":{"allow":["GET"]}}],"collection":[{"href":"https:\/\/uj.adatbank.ro\/lexikon\/wp-json\/wp\/v2\/product"}],"about":[{"href":"https:\/\/uj.adatbank.ro\/lexikon\/wp-json\/wp\/v2\/types\/product"}],"replies":[{"embeddable":true,"href":"https:\/\/uj.adatbank.ro\/lexikon\/wp-json\/wp\/v2\/comments?post=6681"}],"wp:attachment":[{"href":"https:\/\/uj.adatbank.ro\/lexikon\/wp-json\/wp\/v2\/media?parent=6681"}],"wp:term":[{"taxonomy":"product_brand","embeddable":true,"href":"https:\/\/uj.adatbank.ro\/lexikon\/wp-json\/wp\/v2\/product_brand?post=6681"},{"taxonomy":"product_cat","embeddable":true,"href":"https:\/\/uj.adatbank.ro\/lexikon\/wp-json\/wp\/v2\/product_cat?post=6681"},{"taxonomy":"product_tag","embeddable":true,"href":"https:\/\/uj.adatbank.ro\/lexikon\/wp-json\/wp\/v2\/product_tag?post=6681"}],"curies":[{"name":"wp","href":"https:\/\/api.w.org\/{rel}","templated":true}]}}

DEMÉNY Dezső

<p>Nagysármás, 1915. jan. 27., † Kv., 1988. a Házsongárdi temetőben nyugszik: pedagógia, lélektan tanár, író. – A kv.-i Ref. Koll. elvégzése után egy ideig ipari munkás. Egyetemi tanulmányait Kv.-on fejezte be (1942), majd Berlinben képezte tovább magát. Középiskolai tanár Kv.-on, egy ideig a Bolyai TE munkatársa, éveken át volt ipari munkás (1959–64); később a torockói ált. iskolában majd Gyaluban tanított. Már diákkorában munkatársa volt a MADOSZ lapjának a Székelyföldi Néplap-nak, közölt még a Korunk-ban a Népnevelés-ben, a Művelődésben. – <strong>F. m.:</strong> A tesztmódszer személyiségvizsgálati szerepe (Kv., 1942); Társadalmi alkalmazkodás (Sokszorosított kérdőív, Kv., 1948); Szociológiai alapismeretek (Soksz. Kv., 1949); A lélektan és szociológia nyelvén (kézirat). <br /><strong>Irod.:</strong> Házsongárd; KKACs; RMIL</br></p>

<p>Nagysármás, 1915. jan. 27., † Kv., 1988. a Házsongárdi temetőben nyugszik: pedagógia, lélektan tanár, író. – A kv.-i Ref. Koll. elvégzése után egy ideig ipari munkás. Egyetemi tanulmányait Kv.-on fejezte be (1942), majd Berlinben képezte tovább magát. Középiskolai tanár Kv.-on, egy ideig a Bolyai TE munkatársa, éveken át volt ipari munkás (1959–64); később a torockói ált. [&hellip;]</p>
