{"id":6682,"date":"2025-06-28T18:01:01","date_gmt":"2025-06-28T16:01:01","guid":{"rendered":"https:\/\/uj.adatbank.ro\/lexikon\/termek\/demeny-ferenc\/"},"modified":"2025-06-28T18:01:01","modified_gmt":"2025-06-28T16:01:01","slug":"demeny-ferenc","status":"publish","type":"product","link":"https:\/\/uj.adatbank.ro\/lexikon\/termek\/demeny-ferenc\/","title":{"rendered":"DEM\u00c9NY Ferenc"},"content":{"rendered":"<p>1888 \u2020 ?: tan\u00edt\u00f3. \u2013 Marosszentgy\u00f6rgy\u00f6n a r. k. iskol\u00e1ban tan\u00edtott (1921\u201340). Iskolaigazgat\u00f3 is volt (1921\u201337), amely id\u0151 alatt M\u00e1riaffy Lajos br. seg\u00edts\u00e9g\u00e9vel b\u0151v\u00edtett\u00e9k a kicsinek bizonyult ref. iskol\u00e1t (1935). A m. ifj\u00fas\u00e1gi dalk\u00f6rt \u00fajj\u00e1szervezte. <br \/><strong>Irod.:<\/strong> Berekm\u00e9ri \u00c1rp\u00e1d-R\u00f3bert: Vizit\u00e1ci\u00f3k Marosszentgy\u00f6rgy\u00f6n a 20. sz. els\u0151 \u00e9vtizedeiben (1900\u20131939) = Marosszentgy\u00f6rgy; S\u00e2ngeorgiu de Mure\u015f \u2013 \u015ecoala<\/br><\/p>\n","protected":false},"excerpt":{"rendered":"<p>1888 \u2020 ?: tan\u00edt\u00f3. \u2013 Marosszentgy\u00f6rgy\u00f6n a r. k. iskol\u00e1ban tan\u00edtott (1921\u201340). Iskolaigazgat\u00f3 is volt (1921\u201337), amely id\u0151 alatt M\u00e1riaffy Lajos br. seg\u00edts\u00e9g\u00e9vel b\u0151v\u00edtett\u00e9k a kicsinek bizonyult ref. iskol\u00e1t (1935). A m. ifj\u00fas\u00e1gi dalk\u00f6rt \u00fajj\u00e1szervezte. Irod.: Berekm\u00e9ri \u00c1rp\u00e1d-R\u00f3bert: Vizit\u00e1ci\u00f3k Marosszentgy\u00f6rgy\u00f6n a 20. sz. els\u0151 \u00e9vtizedeiben (1900\u20131939) = Marosszentgy\u00f6rgy; S\u00e2ngeorgiu de Mure\u015f \u2013 \u015ecoala<\/p>\n","protected":false},"featured_media":0,"comment_status":"open","ping_status":"closed","template":"","meta":[],"product_brand":[],"product_cat":[137],"product_tag":[],"class_list":{"0":"post-6682","1":"product","2":"type-product","3":"status-publish","5":"product_cat-maros-megyei-eletrajzi-lexikon","7":"first","8":"instock","9":"shipping-taxable","10":"product-type-simple"},"_links":{"self":[{"href":"https:\/\/uj.adatbank.ro\/lexikon\/wp-json\/wp\/v2\/product\/6682","targetHints":{"allow":["GET"]}}],"collection":[{"href":"https:\/\/uj.adatbank.ro\/lexikon\/wp-json\/wp\/v2\/product"}],"about":[{"href":"https:\/\/uj.adatbank.ro\/lexikon\/wp-json\/wp\/v2\/types\/product"}],"replies":[{"embeddable":true,"href":"https:\/\/uj.adatbank.ro\/lexikon\/wp-json\/wp\/v2\/comments?post=6682"}],"wp:attachment":[{"href":"https:\/\/uj.adatbank.ro\/lexikon\/wp-json\/wp\/v2\/media?parent=6682"}],"wp:term":[{"taxonomy":"product_brand","embeddable":true,"href":"https:\/\/uj.adatbank.ro\/lexikon\/wp-json\/wp\/v2\/product_brand?post=6682"},{"taxonomy":"product_cat","embeddable":true,"href":"https:\/\/uj.adatbank.ro\/lexikon\/wp-json\/wp\/v2\/product_cat?post=6682"},{"taxonomy":"product_tag","embeddable":true,"href":"https:\/\/uj.adatbank.ro\/lexikon\/wp-json\/wp\/v2\/product_tag?post=6682"}],"curies":[{"name":"wp","href":"https:\/\/api.w.org\/{rel}","templated":true}]}}

DEMÉNY Ferenc

<p>1888 † ?: tanító. – Marosszentgyörgyön a r. k. iskolában tanított (1921–40). Iskolaigazgató is volt (1921–37), amely idő alatt Máriaffy Lajos br. segítségével bővítették a kicsinek bizonyult ref. iskolát (1935). A m. ifjúsági dalkört újjászervezte. <br /><strong>Irod.:</strong> Berekméri Árpád-Róbert: Vizitációk Marosszentgyörgyön a 20. sz. első évtizedeiben (1900–1939) = Marosszentgyörgy; Sângeorgiu de Mureş – Şcoala</br></p>

<p>1888 † ?: tanító. – Marosszentgyörgyön a r. k. iskolában tanított (1921–40). Iskolaigazgató is volt (1921–37), amely idő alatt Máriaffy Lajos br. segítségével bővítették a kicsinek bizonyult ref. iskolát (1935). A m. ifjúsági dalkört újjászervezte. Irod.: Berekméri Árpád-Róbert: Vizitációk Marosszentgyörgyön a 20. sz. első évtizedeiben (1900–1939) = Marosszentgyörgy; Sângeorgiu de Mureş – Şcoala</p>
