{"id":6683,"date":"2025-06-28T18:01:03","date_gmt":"2025-06-28T16:01:03","guid":{"rendered":"https:\/\/uj.adatbank.ro\/lexikon\/termek\/demeny-gabor-p\/"},"modified":"2025-06-28T18:01:03","modified_gmt":"2025-06-28T16:01:03","slug":"demeny-gabor-p","status":"publish","type":"product","link":"https:\/\/uj.adatbank.ro\/lexikon\/termek\/demeny-gabor-p\/","title":{"rendered":"DEM\u00c9NY G\u00e1bor, P."},"content":{"rendered":"<p>H\u00e1romsz\u00e9k vm., 1673., \u2020 Mikh\u00e1za, 1738. j\u00fal. 1.: ferenczrendi szerzetes. \u2013 Be\u00f6lt\u00f6z\u00f6tt (1691. j\u00fan. 16.) felszentelt\u00e9k (1691). <br \/><strong>Irod.:<\/strong> Gy\u00f6rgy: A ferencrendiek<\/br><\/p>\n","protected":false},"excerpt":{"rendered":"<p>H\u00e1romsz\u00e9k vm., 1673., \u2020 Mikh\u00e1za, 1738. j\u00fal. 1.: ferenczrendi szerzetes. \u2013 Be\u00f6lt\u00f6z\u00f6tt (1691. j\u00fan. 16.) felszentelt\u00e9k (1691). Irod.: Gy\u00f6rgy: A ferencrendiek<\/p>\n","protected":false},"featured_media":0,"comment_status":"open","ping_status":"closed","template":"","meta":[],"product_brand":[],"product_cat":[137],"product_tag":[],"class_list":{"0":"post-6683","1":"product","2":"type-product","3":"status-publish","5":"product_cat-maros-megyei-eletrajzi-lexikon","7":"first","8":"instock","9":"shipping-taxable","10":"product-type-simple"},"_links":{"self":[{"href":"https:\/\/uj.adatbank.ro\/lexikon\/wp-json\/wp\/v2\/product\/6683","targetHints":{"allow":["GET"]}}],"collection":[{"href":"https:\/\/uj.adatbank.ro\/lexikon\/wp-json\/wp\/v2\/product"}],"about":[{"href":"https:\/\/uj.adatbank.ro\/lexikon\/wp-json\/wp\/v2\/types\/product"}],"replies":[{"embeddable":true,"href":"https:\/\/uj.adatbank.ro\/lexikon\/wp-json\/wp\/v2\/comments?post=6683"}],"wp:attachment":[{"href":"https:\/\/uj.adatbank.ro\/lexikon\/wp-json\/wp\/v2\/media?parent=6683"}],"wp:term":[{"taxonomy":"product_brand","embeddable":true,"href":"https:\/\/uj.adatbank.ro\/lexikon\/wp-json\/wp\/v2\/product_brand?post=6683"},{"taxonomy":"product_cat","embeddable":true,"href":"https:\/\/uj.adatbank.ro\/lexikon\/wp-json\/wp\/v2\/product_cat?post=6683"},{"taxonomy":"product_tag","embeddable":true,"href":"https:\/\/uj.adatbank.ro\/lexikon\/wp-json\/wp\/v2\/product_tag?post=6683"}],"curies":[{"name":"wp","href":"https:\/\/api.w.org\/{rel}","templated":true}]}}