{"id":6684,"date":"2025-06-28T18:01:05","date_gmt":"2025-06-28T16:01:05","guid":{"rendered":"https:\/\/uj.adatbank.ro\/lexikon\/termek\/demeny-istvan\/"},"modified":"2025-06-28T18:01:05","modified_gmt":"2025-06-28T16:01:05","slug":"demeny-istvan","status":"publish","type":"product","link":"https:\/\/uj.adatbank.ro\/lexikon\/termek\/demeny-istvan\/","title":{"rendered":"DEM\u00c9NY Istv\u00e1n"},"content":{"rendered":"<p>Kisf\u00fclp\u00f6s, 1930., \u2020\u00a0Mv., 1997. j\u00fal. 16.: \u00e1llatorvos. \u2013 \u00c9retts\u00e9gizett a mv.-i Ref. Koll.-ban (1947). Aradon v\u00e9gezte a f\u0151iskol\u00e1t. Gyakorlatra Suceava mell\u00e9 helyezt\u00e9k, onnan n\u0151s\u00fclt. A ny\u00e1r\u00e1dt\u0151i Avicola ty\u00fakkombin\u00e1t \u00e9s a helybeli pr\u00e9mes\u00e1llatteny\u00e9szt\u0151 telep igazgat\u00f3ja lett. Nyugd\u00edjba ment (1990) \u00e9s R\u00e9gen mellett \u00e1llatteny\u00e9szt\u0151 \u00e9s \u00e9rt\u00e9kes\u00edt\u0151 v\u00e1llalatot l\u00e9tes\u00edtett. Hal\u00e1la ut\u00e1n gyermekei felsz\u00e1molt\u00e1k v\u00e1llalat\u00e1t. <br \/><strong>Irod.:<\/strong> [Nekrol\u00f3g] (N\u00fa., 1997. j\u00fal. 11.); Sipos<\/br><\/p>\n","protected":false},"excerpt":{"rendered":"<p>Kisf\u00fclp\u00f6s, 1930., \u2020\u00a0Mv., 1997. j\u00fal. 16.: \u00e1llatorvos. \u2013 \u00c9retts\u00e9gizett a mv.-i Ref. Koll.-ban (1947). Aradon v\u00e9gezte a f\u0151iskol\u00e1t. Gyakorlatra Suceava mell\u00e9 helyezt\u00e9k, onnan n\u0151s\u00fclt. A ny\u00e1r\u00e1dt\u0151i Avicola ty\u00fakkombin\u00e1t \u00e9s a helybeli pr\u00e9mes\u00e1llatteny\u00e9szt\u0151 telep igazgat\u00f3ja lett. Nyugd\u00edjba ment (1990) \u00e9s R\u00e9gen mellett \u00e1llatteny\u00e9szt\u0151 \u00e9s \u00e9rt\u00e9kes\u00edt\u0151 v\u00e1llalatot l\u00e9tes\u00edtett. Hal\u00e1la ut\u00e1n gyermekei felsz\u00e1molt\u00e1k v\u00e1llalat\u00e1t. Irod.: [Nekrol\u00f3g] (N\u00fa., 1997. [&hellip;]<\/p>\n","protected":false},"featured_media":0,"comment_status":"open","ping_status":"closed","template":"","meta":[],"product_brand":[],"product_cat":[137],"product_tag":[],"class_list":{"0":"post-6684","1":"product","2":"type-product","3":"status-publish","5":"product_cat-maros-megyei-eletrajzi-lexikon","7":"first","8":"instock","9":"shipping-taxable","10":"product-type-simple"},"_links":{"self":[{"href":"https:\/\/uj.adatbank.ro\/lexikon\/wp-json\/wp\/v2\/product\/6684","targetHints":{"allow":["GET"]}}],"collection":[{"href":"https:\/\/uj.adatbank.ro\/lexikon\/wp-json\/wp\/v2\/product"}],"about":[{"href":"https:\/\/uj.adatbank.ro\/lexikon\/wp-json\/wp\/v2\/types\/product"}],"replies":[{"embeddable":true,"href":"https:\/\/uj.adatbank.ro\/lexikon\/wp-json\/wp\/v2\/comments?post=6684"}],"wp:attachment":[{"href":"https:\/\/uj.adatbank.ro\/lexikon\/wp-json\/wp\/v2\/media?parent=6684"}],"wp:term":[{"taxonomy":"product_brand","embeddable":true,"href":"https:\/\/uj.adatbank.ro\/lexikon\/wp-json\/wp\/v2\/product_brand?post=6684"},{"taxonomy":"product_cat","embeddable":true,"href":"https:\/\/uj.adatbank.ro\/lexikon\/wp-json\/wp\/v2\/product_cat?post=6684"},{"taxonomy":"product_tag","embeddable":true,"href":"https:\/\/uj.adatbank.ro\/lexikon\/wp-json\/wp\/v2\/product_tag?post=6684"}],"curies":[{"name":"wp","href":"https:\/\/api.w.org\/{rel}","templated":true}]}}

DEMÉNY István

<p>Kisfülpös, 1930., † Mv., 1997. júl. 16.: állatorvos. – Érettségizett a mv.-i Ref. Koll.-ban (1947). Aradon végezte a főiskolát. Gyakorlatra Suceava mellé helyezték, onnan nősült. A nyárádtői Avicola tyúkkombinát és a helybeli prémesállattenyésztő telep igazgatója lett. Nyugdíjba ment (1990) és Régen mellett állattenyésztő és értékesítő vállalatot létesített. Halála után gyermekei felszámolták vállalatát. <br /><strong>Irod.:</strong> [Nekrológ] (Nú., 1997. júl. 11.); Sipos</br></p>

<p>Kisfülpös, 1930., † Mv., 1997. júl. 16.: állatorvos. – Érettségizett a mv.-i Ref. Koll.-ban (1947). Aradon végezte a főiskolát. Gyakorlatra Suceava mellé helyezték, onnan nősült. A nyárádtői Avicola tyúkkombinát és a helybeli prémesállattenyésztő telep igazgatója lett. Nyugdíjba ment (1990) és Régen mellett állattenyésztő és értékesítő vállalatot létesített. Halála után gyermekei felszámolták vállalatát. Irod.: [Nekrológ] (Nú., 1997. [&hellip;]</p>
