{"id":6685,"date":"2025-06-28T18:01:08","date_gmt":"2025-06-28T16:01:08","guid":{"rendered":"https:\/\/uj.adatbank.ro\/lexikon\/termek\/demeny-istvan-pal\/"},"modified":"2025-06-28T18:01:08","modified_gmt":"2025-06-28T16:01:08","slug":"demeny-istvan-pal","status":"publish","type":"product","link":"https:\/\/uj.adatbank.ro\/lexikon\/termek\/demeny-istvan-pal\/","title":{"rendered":"DEM\u00c9NY Istv\u00e1n P\u00e1l"},"content":{"rendered":"<p>Nagyenyed, 1949. \u00e1pr. 28., \u2020 Mv., 2000. jan. 4.: irodalomt\u00f6rt\u00e9n\u00e9sz, etnogr\u00e1fus, tan\u00e1r. \u2013 A kv.-i BBTE m. nyelv \u00e9s irodalom szakos tan\u00e1ri (1972) \u00e9s doktori oklevelet szerzett (1978). Tan\u00edtott Nagypelesk\u00e9n, Nagyenyeden, Csombordon (1972\u201378), muzeol\u00f3gus a Cs\u00edkszeredai M\u00fazeumban (1978\u201385), k\u00f6nyvt\u00e1ros Sepsiszentgy\u00f6rgy\u00f6n a Kov\u00e1szna Megyei K\u00f6nyvt\u00e1rban (1985\u201390), f\u0151kutat\u00f3ja a Rom\u00e1n Akad\u00e9mia kv.-i Folkl\u00f3r Arch\u00edvum\u00e1nak (1990- ), \u00f3raad\u00f3 tan\u00e1r a BBTE M. Nyelv \u00e9s Kult\u00fara Tansz\u00e9k\u00e9n (1990- ). Kutat\u00e1si ter\u00fclete: az \u00c9ny- szib\u00e9riai n\u00e9pek epikus hagyom\u00e1nya; az erd\u00e9lyi \u00e9s moldvai m. l\u00edrai dalk\u00f6lt\u00e9szet, a m. n\u00e9pi l\u00edra sz\u00e1m\u00edt\u00f3g\u00e9pes feldolgoz\u00e1sa. Tanulm\u00e1nyait, cikkeit az Echinox, V. Z., A H\u00e9t, N\u00e9pismereti Dolgozatok, Utunk, Megyei T\u00fck\u00f6r, Eur\u00f3pai Id\u0151, NyIrK, Ethnographia, Erd\u00e9lyi M\u00fazeum, Anuarul Arhivei de Folclor, N\u00e9prajzi L\u00e1t\u00f3hat\u00e1r, M. Szemle, Honismeret, M\u0171vel\u0151d\u00e9s, Helikon, Korunk k\u00f6z\u00f6lte. \u2013 <strong>F. m.:<\/strong> Kerekes Izs\u00e1k ballad\u00e1ja: Egyetemi doktori \u00e9rtekez\u00e9s (Buk., 1980), A Szent L\u00e1szl\u00f3-legenda \u00e9s a Moln\u00e1r Anna legend\u00e1ja (Kv., 1992); A m. sz\u00f3beli h\u0151si epika (Cs\u00edkszereda, 1997); T\u00e1ltosok, kerekek, l\u00e1ngok: \u00d6sszehasonl\u00edt\u00f3 folklorisztikai tanulm\u00e1nyok (Cs\u00edkszereda, 1999); <strong>antol\u00f3g.:<\/strong> N\u00e9pismereti dolgozatok 1980 (Szerk. dr. K\u00f3s K\u00e1roly, dr. Farag\u00f3 J\u00f3zsef; Buk., 1980); N\u00e9pismereti dolgozatok 1981. (<strong>szerk.:<\/strong> dr. K\u00f3s K\u00e1roly, dr. Farag\u00f3 J\u00f3zsef; Buk., 1981). <br \/><strong>Irod.:<\/strong> R\u00e9thy-\u00dajv\u00e1ri-V\u00e1czy, Voigt Vilmos: V\u00e1ratlanul lez\u00e1rult D. I. P. \u00e9letm\u0171ve (N\u00e9prajzi L\u00e1t\u00f3hat\u00e1r, 1\u20132. sz., 2000); MMA; RMIL; R\u00daL<\/br><\/p>\n","protected":false},"excerpt":{"rendered":"<p>Nagyenyed, 1949. \u00e1pr. 28., \u2020 Mv., 2000. jan. 4.: irodalomt\u00f6rt\u00e9n\u00e9sz, etnogr\u00e1fus, tan\u00e1r. \u2013 A kv.-i BBTE m. nyelv \u00e9s irodalom szakos tan\u00e1ri (1972) \u00e9s doktori oklevelet szerzett (1978). Tan\u00edtott Nagypelesk\u00e9n, Nagyenyeden, Csombordon (1972\u201378), muzeol\u00f3gus a Cs\u00edkszeredai M\u00fazeumban (1978\u201385), k\u00f6nyvt\u00e1ros Sepsiszentgy\u00f6rgy\u00f6n a Kov\u00e1szna Megyei K\u00f6nyvt\u00e1rban (1985\u201390), f\u0151kutat\u00f3ja a Rom\u00e1n Akad\u00e9mia kv.-i Folkl\u00f3r Arch\u00edvum\u00e1nak (1990- ), \u00f3raad\u00f3 [&hellip;]<\/p>\n","protected":false},"featured_media":0,"comment_status":"open","ping_status":"closed","template":"","meta":[],"product_brand":[],"product_cat":[137],"product_tag":[],"class_list":{"0":"post-6685","1":"product","2":"type-product","3":"status-publish","5":"product_cat-maros-megyei-eletrajzi-lexikon","7":"first","8":"instock","9":"shipping-taxable","10":"product-type-simple"},"_links":{"self":[{"href":"https:\/\/uj.adatbank.ro\/lexikon\/wp-json\/wp\/v2\/product\/6685","targetHints":{"allow":["GET"]}}],"collection":[{"href":"https:\/\/uj.adatbank.ro\/lexikon\/wp-json\/wp\/v2\/product"}],"about":[{"href":"https:\/\/uj.adatbank.ro\/lexikon\/wp-json\/wp\/v2\/types\/product"}],"replies":[{"embeddable":true,"href":"https:\/\/uj.adatbank.ro\/lexikon\/wp-json\/wp\/v2\/comments?post=6685"}],"wp:attachment":[{"href":"https:\/\/uj.adatbank.ro\/lexikon\/wp-json\/wp\/v2\/media?parent=6685"}],"wp:term":[{"taxonomy":"product_brand","embeddable":true,"href":"https:\/\/uj.adatbank.ro\/lexikon\/wp-json\/wp\/v2\/product_brand?post=6685"},{"taxonomy":"product_cat","embeddable":true,"href":"https:\/\/uj.adatbank.ro\/lexikon\/wp-json\/wp\/v2\/product_cat?post=6685"},{"taxonomy":"product_tag","embeddable":true,"href":"https:\/\/uj.adatbank.ro\/lexikon\/wp-json\/wp\/v2\/product_tag?post=6685"}],"curies":[{"name":"wp","href":"https:\/\/api.w.org\/{rel}","templated":true}]}}

DEMÉNY István Pál

<p>Nagyenyed, 1949. ápr. 28., † Mv., 2000. jan. 4.: irodalomtörténész, etnográfus, tanár. – A kv.-i BBTE m. nyelv és irodalom szakos tanári (1972) és doktori oklevelet szerzett (1978). Tanított Nagypeleskén, Nagyenyeden, Csombordon (1972–78), muzeológus a Csíkszeredai Múzeumban (1978–85), könyvtáros Sepsiszentgyörgyön a Kovászna Megyei Könyvtárban (1985–90), főkutatója a Román Akadémia kv.-i Folklór Archívumának (1990- ), óraadó tanár a BBTE M. Nyelv és Kultúra Tanszékén (1990- ). Kutatási területe: az Ény- szibériai népek epikus hagyománya; az erdélyi és moldvai m. lírai dalköltészet, a m. népi líra számítógépes feldolgozása. Tanulmányait, cikkeit az Echinox, V. Z., A Hét, Népismereti Dolgozatok, Utunk, Megyei Tükör, Európai Idő, NyIrK, Ethnographia, Erdélyi Múzeum, Anuarul Arhivei de Folclor, Néprajzi Látóhatár, M. Szemle, Honismeret, Művelődés, Helikon, Korunk közölte. – <strong>F. m.:</strong> Kerekes Izsák balladája: Egyetemi doktori értekezés (Buk., 1980), A Szent László-legenda és a Molnár Anna legendája (Kv., 1992); A m. szóbeli hősi epika (Csíkszereda, 1997); Táltosok, kerekek, lángok: Összehasonlító folklorisztikai tanulmányok (Csíkszereda, 1999); <strong>antológ.:</strong> Népismereti dolgozatok 1980 (Szerk. dr. Kós Károly, dr. Faragó József; Buk., 1980); Népismereti dolgozatok 1981. (<strong>szerk.:</strong> dr. Kós Károly, dr. Faragó József; Buk., 1981). <br /><strong>Irod.:</strong> Réthy-Újvári-Váczy, Voigt Vilmos: Váratlanul lezárult D. I. P. életműve (Néprajzi Látóhatár, 1–2. sz., 2000); MMA; RMIL; RÚL</br></p>

<p>Nagyenyed, 1949. ápr. 28., † Mv., 2000. jan. 4.: irodalomtörténész, etnográfus, tanár. – A kv.-i BBTE m. nyelv és irodalom szakos tanári (1972) és doktori oklevelet szerzett (1978). Tanított Nagypeleskén, Nagyenyeden, Csombordon (1972–78), muzeológus a Csíkszeredai Múzeumban (1978–85), könyvtáros Sepsiszentgyörgyön a Kovászna Megyei Könyvtárban (1985–90), főkutatója a Román Akadémia kv.-i Folklór Archívumának (1990- ), óraadó [&hellip;]</p>
