{"id":6690,"date":"2025-06-28T18:01:23","date_gmt":"2025-06-28T16:01:23","guid":{"rendered":"https:\/\/uj.adatbank.ro\/lexikon\/termek\/demeter-andras\/"},"modified":"2025-06-28T18:01:23","modified_gmt":"2025-06-28T16:01:23","slug":"demeter-andras","status":"publish","type":"product","link":"https:\/\/uj.adatbank.ro\/lexikon\/termek\/demeter-andras\/","title":{"rendered":"DEMETER Andr\u00e1s"},"content":{"rendered":"<p>Erd\u0151szentgy\u00f6rgy, 1920. nov. 5., \u2020\u00a0Mv., 1985. okt. 12.: tan\u00e1r. \u2013 Tan\u00edt\u00f3k\u00e9pz\u0151t, majd a kv.-i BTE-en rom\u00e1n-m. fakult\u00e1st v\u00e9gzett. Tanfel\u00fcgyel\u0151 volt Erd\u0151szentgy\u00f6rgy, majd Maros rajonban (1948\u2013), megyei tanfel\u00fcgyel\u0151 Maros megy\u00e9ben. <br \/><strong>Irod.:<\/strong> Derzsi; [Nekrol\u00f3g] (V. Z., 1985. okt. 15.); Szov\u00e1ta<\/br><\/p>\n","protected":false},"excerpt":{"rendered":"<p>Erd\u0151szentgy\u00f6rgy, 1920. nov. 5., \u2020\u00a0Mv., 1985. okt. 12.: tan\u00e1r. \u2013 Tan\u00edt\u00f3k\u00e9pz\u0151t, majd a kv.-i BTE-en rom\u00e1n-m. fakult\u00e1st v\u00e9gzett. Tanfel\u00fcgyel\u0151 volt Erd\u0151szentgy\u00f6rgy, majd Maros rajonban (1948\u2013), megyei tanfel\u00fcgyel\u0151 Maros megy\u00e9ben. Irod.: Derzsi; [Nekrol\u00f3g] (V. Z., 1985. okt. 15.); Szov\u00e1ta<\/p>\n","protected":false},"featured_media":0,"comment_status":"open","ping_status":"closed","template":"","meta":[],"product_brand":[],"product_cat":[137],"product_tag":[],"class_list":{"0":"post-6690","1":"product","2":"type-product","3":"status-publish","5":"product_cat-maros-megyei-eletrajzi-lexikon","7":"first","8":"instock","9":"shipping-taxable","10":"product-type-simple"},"_links":{"self":[{"href":"https:\/\/uj.adatbank.ro\/lexikon\/wp-json\/wp\/v2\/product\/6690","targetHints":{"allow":["GET"]}}],"collection":[{"href":"https:\/\/uj.adatbank.ro\/lexikon\/wp-json\/wp\/v2\/product"}],"about":[{"href":"https:\/\/uj.adatbank.ro\/lexikon\/wp-json\/wp\/v2\/types\/product"}],"replies":[{"embeddable":true,"href":"https:\/\/uj.adatbank.ro\/lexikon\/wp-json\/wp\/v2\/comments?post=6690"}],"wp:attachment":[{"href":"https:\/\/uj.adatbank.ro\/lexikon\/wp-json\/wp\/v2\/media?parent=6690"}],"wp:term":[{"taxonomy":"product_brand","embeddable":true,"href":"https:\/\/uj.adatbank.ro\/lexikon\/wp-json\/wp\/v2\/product_brand?post=6690"},{"taxonomy":"product_cat","embeddable":true,"href":"https:\/\/uj.adatbank.ro\/lexikon\/wp-json\/wp\/v2\/product_cat?post=6690"},{"taxonomy":"product_tag","embeddable":true,"href":"https:\/\/uj.adatbank.ro\/lexikon\/wp-json\/wp\/v2\/product_tag?post=6690"}],"curies":[{"name":"wp","href":"https:\/\/api.w.org\/{rel}","templated":true}]}}