{"id":6691,"date":"2025-06-28T18:01:25","date_gmt":"2025-06-28T16:01:25","guid":{"rendered":"https:\/\/uj.adatbank.ro\/lexikon\/termek\/demeter-andras-demeter-andrei\/"},"modified":"2025-06-28T18:01:25","modified_gmt":"2025-06-28T16:01:25","slug":"demeter-andras-demeter-andrei","status":"publish","type":"product","link":"https:\/\/uj.adatbank.ro\/lexikon\/termek\/demeter-andras-demeter-andrei\/","title":{"rendered":"DEMETER Andr\u00e1s, Demeter Andrei"},"content":{"rendered":"<p>Maross\u00e1rpatak, 1927., \u2020 Brass\u00f3, 2004 v. 05 nov. 23.: orvos. &#8211; D. J\u00e1nos \u00e9s Nagy Zsuzs\u00e1nna fia, egyszer\u0171 paraszt csal\u00e1d gyermeke. \u2013 S\u00e1rpatakon kezdte iskol\u00e1it, Adorj\u00e1ni K\u00e1roly \u00e9s Sz\u00e1nt\u00f3 Istv\u00e1n tan\u00edt\u00f3k b\u00edztat\u00e1s\u00e1ra az \u00f6t\u00f6dik oszt\u00e1ly elv\u00e9gz\u00e9se ut\u00e1n a mv.-i Ref. Koll. -ba tanult, majd a MOGYI-n orvosi diplom\u00e1t szerzett. Tan\u00e1rseg\u00e9d (1954\u201359), majd el\u0151ad\u00f3tan\u00e1r a MOGYI-n. A buk.-i Sportakad\u00e9mia professzora. Kit\u0171n\u0151 sportember, a gerelydob\u00e1sban jeleskedett, orsz\u00e1gos \u00e9s nemzetk\u00f6zi versenyek r\u00e9sztvev\u0151je. Bev\u00e1lasztott\u00e1k a sport\u00e9lettant ir\u00e1ny\u00edt\u00f3 nemzetk\u00f6zi keretbe. Tudom\u00e1nyos dolgozatai jelentek meg a sport\u00e9lettanr\u00f3l. Brass\u00f3ba k\u00f6lt\u00f6z\u00f6tt (1975), ahol a poj\u00e1nai sportt\u00e1bor \u00e9lettani szak\u00e9rt\u0151je \u00e9s a brass\u00f3i egyetem el\u0151ad\u00f3 professzora. Agyinfarktus k\u00f6vetkezt\u00e9ben leb\u00e9nult (1994). \u2013 <strong>F. m.:<\/strong> Fiziologie. Manual pentru speciali\u015fti \u00een domeniul culturii fizice. (Buc., 1967); Fiziologia contrac\u0163iilor izometrice \u015fi izotonice. (Buc., 1967); Fiziologia educa\u0163iei fizice \u015fi sportului. (Buc., 1970); Fiziologia sportivilor. (Buc., 1972.); Bazele fiziolgice \u015fi biochimice ale form\u0103rii deprinderilor mortice. (Buc., 1982); Femeia \u015fi sportul. (Buc., 1984); <strong>t\u00e1rssz.:<\/strong> Fiziologia aclimatiz\u0103rii sportivilor la altitudine. (Vestianu v.-vel; Buc., 1968 ); Fiziologia sportivilor. (Acramoff Eugen, Raceanu Th. -val; Buc., 1972 ); Fiziologia \u015fi biochimie educa\u0163iei fizice \u015fi a sportului. Partea a II-a. Uz intern. (Acramoff Eugen \u2013 R\u0103ceanu Th-val; Buc., 1979.). <br \/><strong>Irod.:<\/strong> Berekm\u00e9ri\u2013G\u00e1lfi; Kl\u00f3sz \u2013 Tolok\u00e1n; R\u00e9thy-\u00dajv\u00e1ri-V\u00e1czy<\/br><\/p>\n","protected":false},"excerpt":{"rendered":"<p>Maross\u00e1rpatak, 1927., \u2020 Brass\u00f3, 2004 v. 05 nov. 23.: orvos. &#8211; D. J\u00e1nos \u00e9s Nagy Zsuzs\u00e1nna fia, egyszer\u0171 paraszt csal\u00e1d gyermeke. \u2013 S\u00e1rpatakon kezdte iskol\u00e1it, Adorj\u00e1ni K\u00e1roly \u00e9s Sz\u00e1nt\u00f3 Istv\u00e1n tan\u00edt\u00f3k b\u00edztat\u00e1s\u00e1ra az \u00f6t\u00f6dik oszt\u00e1ly elv\u00e9gz\u00e9se ut\u00e1n a mv.-i Ref. Koll. -ba tanult, majd a MOGYI-n orvosi diplom\u00e1t szerzett. Tan\u00e1rseg\u00e9d (1954\u201359), majd el\u0151ad\u00f3tan\u00e1r a MOGYI-n. [&hellip;]<\/p>\n","protected":false},"featured_media":0,"comment_status":"open","ping_status":"closed","template":"","meta":[],"product_brand":[],"product_cat":[137],"product_tag":[],"class_list":{"0":"post-6691","1":"product","2":"type-product","3":"status-publish","5":"product_cat-maros-megyei-eletrajzi-lexikon","7":"first","8":"instock","9":"shipping-taxable","10":"product-type-simple"},"_links":{"self":[{"href":"https:\/\/uj.adatbank.ro\/lexikon\/wp-json\/wp\/v2\/product\/6691","targetHints":{"allow":["GET"]}}],"collection":[{"href":"https:\/\/uj.adatbank.ro\/lexikon\/wp-json\/wp\/v2\/product"}],"about":[{"href":"https:\/\/uj.adatbank.ro\/lexikon\/wp-json\/wp\/v2\/types\/product"}],"replies":[{"embeddable":true,"href":"https:\/\/uj.adatbank.ro\/lexikon\/wp-json\/wp\/v2\/comments?post=6691"}],"wp:attachment":[{"href":"https:\/\/uj.adatbank.ro\/lexikon\/wp-json\/wp\/v2\/media?parent=6691"}],"wp:term":[{"taxonomy":"product_brand","embeddable":true,"href":"https:\/\/uj.adatbank.ro\/lexikon\/wp-json\/wp\/v2\/product_brand?post=6691"},{"taxonomy":"product_cat","embeddable":true,"href":"https:\/\/uj.adatbank.ro\/lexikon\/wp-json\/wp\/v2\/product_cat?post=6691"},{"taxonomy":"product_tag","embeddable":true,"href":"https:\/\/uj.adatbank.ro\/lexikon\/wp-json\/wp\/v2\/product_tag?post=6691"}],"curies":[{"name":"wp","href":"https:\/\/api.w.org\/{rel}","templated":true}]}}