{"id":6692,"date":"2025-06-28T18:01:26","date_gmt":"2025-06-28T16:01:26","guid":{"rendered":"https:\/\/uj.adatbank.ro\/lexikon\/termek\/demeter-andras-demeter-endre\/"},"modified":"2025-06-28T18:01:26","modified_gmt":"2025-06-28T16:01:26","slug":"demeter-andras-demeter-endre","status":"publish","type":"product","link":"https:\/\/uj.adatbank.ro\/lexikon\/termek\/demeter-andras-demeter-endre\/","title":{"rendered":"DEMETER Andr\u00e1s, Demeter Endre"},"content":{"rendered":"<p>L\u00f6v\u00e9te, 1821. m\u00e1rc. 8., \u2020\u00a01883. nov. 28.: r. k. pap. \u2013 A gimn. -ot Sz\u00e9kelyudvarhelyen \u00e9s Kv,.-on, filoz\u00f3fiai \u00e9s teol\u00f3giai tanulm\u00e1nyait Gyulafeh\u00e9rv\u00e1ron v\u00e9gezte. Papp\u00e1 szentelt\u00e9k (1844. \u00e1pr. 16.). Mv.-en gimn. tan\u00e1r, Sz\u00e9kelyhodoson pap (1847), t\u00e1bori lelk\u00e9sz (1852\u201356), majd Ol\u00e1hl\u00e1posb\u00e1ny\u00e1n pap (1863-ig), Sz\u00e1szr\u00e9genben pl\u00e9b\u00e1nos (1864\u201370), Sz\u00e9kelyudvarhelyen pl\u00e9b\u00e1nos \u00e9s f\u0151esperes (1870), Praepositi de Gajdobra (1876). <br \/><strong>Irod.:<\/strong> Abaf\u00e1ja; Cs\u00edkfalva; Ferenczi S\u00e1ndor 2009; Maros-k\u00fck\u00fcll\u0151i f\u0151esp.; Tam\u00e1si Zsolt: A marosi r\u00f3mai katolikus esperesi ker\u00fclet helyzete 1848\/49-ben = P\u00e1l-Antal \u2013 Simon<\/br><\/p>\n","protected":false},"excerpt":{"rendered":"<p>L\u00f6v\u00e9te, 1821. m\u00e1rc. 8., \u2020\u00a01883. nov. 28.: r. k. pap. \u2013 A gimn. -ot Sz\u00e9kelyudvarhelyen \u00e9s Kv,.-on, filoz\u00f3fiai \u00e9s teol\u00f3giai tanulm\u00e1nyait Gyulafeh\u00e9rv\u00e1ron v\u00e9gezte. Papp\u00e1 szentelt\u00e9k (1844. \u00e1pr. 16.). Mv.-en gimn. tan\u00e1r, Sz\u00e9kelyhodoson pap (1847), t\u00e1bori lelk\u00e9sz (1852\u201356), majd Ol\u00e1hl\u00e1posb\u00e1ny\u00e1n pap (1863-ig), Sz\u00e1szr\u00e9genben pl\u00e9b\u00e1nos (1864\u201370), Sz\u00e9kelyudvarhelyen pl\u00e9b\u00e1nos \u00e9s f\u0151esperes (1870), Praepositi de Gajdobra (1876). Irod.: Abaf\u00e1ja; [&hellip;]<\/p>\n","protected":false},"featured_media":0,"comment_status":"open","ping_status":"closed","template":"","meta":[],"product_brand":[],"product_cat":[137],"product_tag":[],"class_list":{"0":"post-6692","1":"product","2":"type-product","3":"status-publish","5":"product_cat-maros-megyei-eletrajzi-lexikon","7":"first","8":"instock","9":"shipping-taxable","10":"product-type-simple"},"_links":{"self":[{"href":"https:\/\/uj.adatbank.ro\/lexikon\/wp-json\/wp\/v2\/product\/6692","targetHints":{"allow":["GET"]}}],"collection":[{"href":"https:\/\/uj.adatbank.ro\/lexikon\/wp-json\/wp\/v2\/product"}],"about":[{"href":"https:\/\/uj.adatbank.ro\/lexikon\/wp-json\/wp\/v2\/types\/product"}],"replies":[{"embeddable":true,"href":"https:\/\/uj.adatbank.ro\/lexikon\/wp-json\/wp\/v2\/comments?post=6692"}],"wp:attachment":[{"href":"https:\/\/uj.adatbank.ro\/lexikon\/wp-json\/wp\/v2\/media?parent=6692"}],"wp:term":[{"taxonomy":"product_brand","embeddable":true,"href":"https:\/\/uj.adatbank.ro\/lexikon\/wp-json\/wp\/v2\/product_brand?post=6692"},{"taxonomy":"product_cat","embeddable":true,"href":"https:\/\/uj.adatbank.ro\/lexikon\/wp-json\/wp\/v2\/product_cat?post=6692"},{"taxonomy":"product_tag","embeddable":true,"href":"https:\/\/uj.adatbank.ro\/lexikon\/wp-json\/wp\/v2\/product_tag?post=6692"}],"curies":[{"name":"wp","href":"https:\/\/api.w.org\/{rel}","templated":true}]}}

DEMETER András, Demeter Endre

<p>Lövéte, 1821. márc. 8., † 1883. nov. 28.: r. k. pap. – A gimn. -ot Székelyudvarhelyen és Kv,.-on, filozófiai és teológiai tanulmányait Gyulafehérváron végezte. Pappá szentelték (1844. ápr. 16.). Mv.-en gimn. tanár, Székelyhodoson pap (1847), tábori lelkész (1852–56), majd Oláhláposbányán pap (1863-ig), Szászrégenben plébános (1864–70), Székelyudvarhelyen plébános és főesperes (1870), Praepositi de Gajdobra (1876). <br /><strong>Irod.:</strong> Abafája; Csíkfalva; Ferenczi Sándor 2009; Maros-küküllői főesp.; Tamási Zsolt: A marosi római katolikus esperesi kerület helyzete 1848/49-ben = Pál-Antal – Simon</br></p>

<p>Lövéte, 1821. márc. 8., † 1883. nov. 28.: r. k. pap. – A gimn. -ot Székelyudvarhelyen és Kv,.-on, filozófiai és teológiai tanulmányait Gyulafehérváron végezte. Pappá szentelték (1844. ápr. 16.). Mv.-en gimn. tanár, Székelyhodoson pap (1847), tábori lelkész (1852–56), majd Oláhláposbányán pap (1863-ig), Szászrégenben plébános (1864–70), Székelyudvarhelyen plébános és főesperes (1870), Praepositi de Gajdobra (1876). Irod.: Abafája; [&hellip;]</p>
