{"id":6695,"date":"2025-06-28T18:01:32","date_gmt":"2025-06-28T16:01:32","guid":{"rendered":"https:\/\/uj.adatbank.ro\/lexikon\/termek\/demeter-bela\/"},"modified":"2025-06-28T18:01:32","modified_gmt":"2025-06-28T16:01:32","slug":"demeter-bela","status":"publish","type":"product","link":"https:\/\/uj.adatbank.ro\/lexikon\/termek\/demeter-bela\/","title":{"rendered":"DEMETER B\u00e9la"},"content":{"rendered":"<p>? \u2020\u00a0? : \u00fajs\u00e1g\u00edr\u00f3, politikus. \u2013 R\u00e9szt vett abban a k\u00fcld\u00f6tts\u00e9gben, amely Kv.-on Silviu Dragomir korm\u00e1nybiztos el\u00e9 t\u00e1rta a mv.-i iparos r\u00e9teg panaszait (1939). \u2013 <strong>F. m.:<\/strong> Az Erd\u00e9lyi M. Gazdas\u00e1gi Egyes\u00fclet munk\u00e1ja, 1941\u20131942. (Kv., 1942).; Az Erd\u00e9lyi M. Gazdas\u00e1g iEegyes\u00fclet munk\u00e1ja, 1942\u20131943. (Kv., 1943). <br \/><strong>Irod.:<\/strong> F\u00fcl\u00f6p\u2013Ferencz; Id\u0151t\u00e1r 3<\/br><\/p>\n","protected":false},"excerpt":{"rendered":"<p>? \u2020\u00a0? : \u00fajs\u00e1g\u00edr\u00f3, politikus. \u2013 R\u00e9szt vett abban a k\u00fcld\u00f6tts\u00e9gben, amely Kv.-on Silviu Dragomir korm\u00e1nybiztos el\u00e9 t\u00e1rta a mv.-i iparos r\u00e9teg panaszait (1939). \u2013 F. m.: Az Erd\u00e9lyi M. Gazdas\u00e1gi Egyes\u00fclet munk\u00e1ja, 1941\u20131942. (Kv., 1942).; Az Erd\u00e9lyi M. Gazdas\u00e1g iEegyes\u00fclet munk\u00e1ja, 1942\u20131943. (Kv., 1943). Irod.: F\u00fcl\u00f6p\u2013Ferencz; Id\u0151t\u00e1r 3<\/p>\n","protected":false},"featured_media":0,"comment_status":"open","ping_status":"closed","template":"","meta":[],"product_brand":[],"product_cat":[137],"product_tag":[],"class_list":{"0":"post-6695","1":"product","2":"type-product","3":"status-publish","5":"product_cat-maros-megyei-eletrajzi-lexikon","7":"first","8":"instock","9":"shipping-taxable","10":"product-type-simple"},"_links":{"self":[{"href":"https:\/\/uj.adatbank.ro\/lexikon\/wp-json\/wp\/v2\/product\/6695","targetHints":{"allow":["GET"]}}],"collection":[{"href":"https:\/\/uj.adatbank.ro\/lexikon\/wp-json\/wp\/v2\/product"}],"about":[{"href":"https:\/\/uj.adatbank.ro\/lexikon\/wp-json\/wp\/v2\/types\/product"}],"replies":[{"embeddable":true,"href":"https:\/\/uj.adatbank.ro\/lexikon\/wp-json\/wp\/v2\/comments?post=6695"}],"wp:attachment":[{"href":"https:\/\/uj.adatbank.ro\/lexikon\/wp-json\/wp\/v2\/media?parent=6695"}],"wp:term":[{"taxonomy":"product_brand","embeddable":true,"href":"https:\/\/uj.adatbank.ro\/lexikon\/wp-json\/wp\/v2\/product_brand?post=6695"},{"taxonomy":"product_cat","embeddable":true,"href":"https:\/\/uj.adatbank.ro\/lexikon\/wp-json\/wp\/v2\/product_cat?post=6695"},{"taxonomy":"product_tag","embeddable":true,"href":"https:\/\/uj.adatbank.ro\/lexikon\/wp-json\/wp\/v2\/product_tag?post=6695"}],"curies":[{"name":"wp","href":"https:\/\/api.w.org\/{rel}","templated":true}]}}

DEMETER Béla

<p>? † ? : újságíró, politikus. – Részt vett abban a küldöttségben, amely Kv.-on Silviu Dragomir kormánybiztos elé tárta a mv.-i iparos réteg panaszait (1939). – <strong>F. m.:</strong> Az Erdélyi M. Gazdasági Egyesület munkája, 1941–1942. (Kv., 1942).; Az Erdélyi M. Gazdaság iEegyesület munkája, 1942–1943. (Kv., 1943). <br /><strong>Irod.:</strong> Fülöp–Ferencz; Időtár 3</br></p>

<p>? † ? : újságíró, politikus. – Részt vett abban a küldöttségben, amely Kv.-on Silviu Dragomir kormánybiztos elé tárta a mv.-i iparos réteg panaszait (1939). – F. m.: Az Erdélyi M. Gazdasági Egyesület munkája, 1941–1942. (Kv., 1942).; Az Erdélyi M. Gazdaság iEegyesület munkája, 1942–1943. (Kv., 1943). Irod.: Fülöp–Ferencz; Időtár 3</p>
