{"id":6696,"date":"2025-06-28T18:01:33","date_gmt":"2025-06-28T16:01:33","guid":{"rendered":"https:\/\/uj.adatbank.ro\/lexikon\/termek\/demeter-dezso\/"},"modified":"2025-06-28T18:01:33","modified_gmt":"2025-06-28T16:01:33","slug":"demeter-dezso","status":"publish","type":"product","link":"https:\/\/uj.adatbank.ro\/lexikon\/termek\/demeter-dezso\/","title":{"rendered":"DEMETER Dezs\u0151"},"content":{"rendered":"<p>Magyar\u00f3, 1888. \u00e1pr. 3., \u2020\u00a0? : m\u0171szaki f\u0151tan\u00e1csos. \u2013 D. S\u00e1muel \u00e9s fegyverneki Fegyverneky Berta fia. Testv\u00e9rei: R\u00f3bert, Erzs\u00e9bet dr. Nyerges G\u00e1born\u00e9, Ilonka, K\u00e1roly, Albert, S\u00e1ri. \u2013 K\u00f6z\u00e9piskol\u00e1it Mv.-en a Ref. Koll.-ban v\u00e9gezte, azut\u00e1n a kv.-i egyetem hallgat\u00f3ja mat. \u2013 fizika tan\u00e1ri szakon, majd a bp.-i M\u0171egyetemen m\u00e9rn\u00f6ki oklevelet is szerzett (1912). Vasbetontervez\u0151 mag\u00e1nirod\u00e1t nyitott, a sz\u00e9kesf\u0151v\u00e1ros szolg\u00e1lat\u00e1ba l\u00e9pett (1915\u2013), m\u0171szaki f\u0151tan\u00e1csos (1936\u2013). Cikkei a Viz\u00fcgyi K\u00f6zlem\u00e9nyek-ban. <br \/><strong>Irod.:<\/strong> Guly\u00e1s<\/br><\/p>\n","protected":false},"excerpt":{"rendered":"<p>Magyar\u00f3, 1888. \u00e1pr. 3., \u2020\u00a0? : m\u0171szaki f\u0151tan\u00e1csos. \u2013 D. S\u00e1muel \u00e9s fegyverneki Fegyverneky Berta fia. Testv\u00e9rei: R\u00f3bert, Erzs\u00e9bet dr. Nyerges G\u00e1born\u00e9, Ilonka, K\u00e1roly, Albert, S\u00e1ri. \u2013 K\u00f6z\u00e9piskol\u00e1it Mv.-en a Ref. Koll.-ban v\u00e9gezte, azut\u00e1n a kv.-i egyetem hallgat\u00f3ja mat. \u2013 fizika tan\u00e1ri szakon, majd a bp.-i M\u0171egyetemen m\u00e9rn\u00f6ki oklevelet is szerzett (1912). Vasbetontervez\u0151 mag\u00e1nirod\u00e1t nyitott, [&hellip;]<\/p>\n","protected":false},"featured_media":0,"comment_status":"open","ping_status":"closed","template":"","meta":[],"product_brand":[],"product_cat":[137],"product_tag":[],"class_list":{"0":"post-6696","1":"product","2":"type-product","3":"status-publish","5":"product_cat-maros-megyei-eletrajzi-lexikon","7":"first","8":"instock","9":"shipping-taxable","10":"product-type-simple"},"_links":{"self":[{"href":"https:\/\/uj.adatbank.ro\/lexikon\/wp-json\/wp\/v2\/product\/6696","targetHints":{"allow":["GET"]}}],"collection":[{"href":"https:\/\/uj.adatbank.ro\/lexikon\/wp-json\/wp\/v2\/product"}],"about":[{"href":"https:\/\/uj.adatbank.ro\/lexikon\/wp-json\/wp\/v2\/types\/product"}],"replies":[{"embeddable":true,"href":"https:\/\/uj.adatbank.ro\/lexikon\/wp-json\/wp\/v2\/comments?post=6696"}],"wp:attachment":[{"href":"https:\/\/uj.adatbank.ro\/lexikon\/wp-json\/wp\/v2\/media?parent=6696"}],"wp:term":[{"taxonomy":"product_brand","embeddable":true,"href":"https:\/\/uj.adatbank.ro\/lexikon\/wp-json\/wp\/v2\/product_brand?post=6696"},{"taxonomy":"product_cat","embeddable":true,"href":"https:\/\/uj.adatbank.ro\/lexikon\/wp-json\/wp\/v2\/product_cat?post=6696"},{"taxonomy":"product_tag","embeddable":true,"href":"https:\/\/uj.adatbank.ro\/lexikon\/wp-json\/wp\/v2\/product_tag?post=6696"}],"curies":[{"name":"wp","href":"https:\/\/api.w.org\/{rel}","templated":true}]}}

DEMETER Dezső

<p>Magyaró, 1888. ápr. 3., † ? : műszaki főtanácsos. – D. Sámuel és fegyverneki Fegyverneky Berta fia. Testvérei: Róbert, Erzsébet dr. Nyerges Gáborné, Ilonka, Károly, Albert, Sári. – Középiskoláit Mv.-en a Ref. Koll.-ban végezte, azután a kv.-i egyetem hallgatója mat. – fizika tanári szakon, majd a bp.-i Műegyetemen mérnöki oklevelet is szerzett (1912). Vasbetontervező magánirodát nyitott, a székesfőváros szolgálatába lépett (1915–), műszaki főtanácsos (1936–). Cikkei a Vizügyi Közlemények-ban. <br /><strong>Irod.:</strong> Gulyás</br></p>

<p>Magyaró, 1888. ápr. 3., † ? : műszaki főtanácsos. – D. Sámuel és fegyverneki Fegyverneky Berta fia. Testvérei: Róbert, Erzsébet dr. Nyerges Gáborné, Ilonka, Károly, Albert, Sári. – Középiskoláit Mv.-en a Ref. Koll.-ban végezte, azután a kv.-i egyetem hallgatója mat. – fizika tanári szakon, majd a bp.-i Műegyetemen mérnöki oklevelet is szerzett (1912). Vasbetontervező magánirodát nyitott, [&hellip;]</p>
