{"id":6702,"date":"2025-06-28T18:01:48","date_gmt":"2025-06-28T16:01:48","guid":{"rendered":"https:\/\/uj.adatbank.ro\/lexikon\/termek\/demeter-gyula\/"},"modified":"2025-06-28T18:01:48","modified_gmt":"2025-06-28T16:01:48","slug":"demeter-gyula","status":"publish","type":"product","link":"https:\/\/uj.adatbank.ro\/lexikon\/termek\/demeter-gyula\/","title":{"rendered":"DEMETER Gyula"},"content":{"rendered":"<p>Fels\u0151s\u00f3falva, 1880. j\u00fan. 19., \u2020\u00a0Mv., 1938. okt. 29.: tan\u00edt\u00f3. \u2013 Elemi isk. -t a sz\u00fcl\u0151faluban, tan\u00edt\u00f3k\u00e9pz\u0151t Sz\u00e9kelykereszt\u00faron v\u00e9gzett (1900). Gyulakut\u00e1ra nevezt\u00e9k ki, ahol \u00e9lete v\u00e9g\u00e9ig 36 \u00e9ven kereszt\u00fcl tev\u00e9kenykedett. Dal\u00e1rd\u00e1t alak\u00edtott, n\u00e9pm\u0171vel\u00e9si, gazdas\u00e1gi el\u0151ad\u00e1sokat, felolvas\u00e1sokat tartott, eln\u00f6ke volt az egyh\u00e1zmegyei tan\u00edt\u00f3i \u00e9rtekezletnek. Faiskol\u00e1t \u00e9s gy\u00fcm\u00f6lcs\u00f6st l\u00e9tes\u00edtett, ami\u00e9rt a F\u00f6ldm\u0171vel\u00e9si Miniszt\u00e9rium jutalomban r\u00e9szes\u00edtette (1911). Az \u0151 idej\u00e9ben \u00e9p\u00fclt a ma is \u00e1ll\u00f3 \u00faj iskola (1932). Az egyh\u00e1zmegyei tan\u00e1cs tan\u00edt\u00f3i k\u00e9pvisel\u0151je, majd tan\u00e1csb\u00edr\u00f3ja volt (1930). Sok kellemetlens\u00e9ge volt, mert nem ismerte a rom\u00e1n nyelvet, ez\u00e9rt is k\u00e9rte nyugd\u00edjaz\u00e1s\u00e1t (1935). Utols\u00f3 \u00e9veit Mv.-en t\u00f6lt\u00f6tte hal\u00e1l\u00e1ig. S\u00edreml\u00e9ket sz\u00e1m\u00e1ra a bekecsalji egyh\u00e1zmegye tan\u00edt\u00f3i \u00e9rtekezlete emelt. <br \/><strong>Irod.:<\/strong> [Nekrol\u00f3g] (Reggeli \u00dajs\u00e1g, 1938. okt. 30.); Gyulakuta \u00e9s egyh\u00e1za<\/br><\/p>\n","protected":false},"excerpt":{"rendered":"<p>Fels\u0151s\u00f3falva, 1880. j\u00fan. 19., \u2020\u00a0Mv., 1938. okt. 29.: tan\u00edt\u00f3. \u2013 Elemi isk. -t a sz\u00fcl\u0151faluban, tan\u00edt\u00f3k\u00e9pz\u0151t Sz\u00e9kelykereszt\u00faron v\u00e9gzett (1900). Gyulakut\u00e1ra nevezt\u00e9k ki, ahol \u00e9lete v\u00e9g\u00e9ig 36 \u00e9ven kereszt\u00fcl tev\u00e9kenykedett. Dal\u00e1rd\u00e1t alak\u00edtott, n\u00e9pm\u0171vel\u00e9si, gazdas\u00e1gi el\u0151ad\u00e1sokat, felolvas\u00e1sokat tartott, eln\u00f6ke volt az egyh\u00e1zmegyei tan\u00edt\u00f3i \u00e9rtekezletnek. Faiskol\u00e1t \u00e9s gy\u00fcm\u00f6lcs\u00f6st l\u00e9tes\u00edtett, ami\u00e9rt a F\u00f6ldm\u0171vel\u00e9si Miniszt\u00e9rium jutalomban r\u00e9szes\u00edtette (1911). Az \u0151 [&hellip;]<\/p>\n","protected":false},"featured_media":0,"comment_status":"open","ping_status":"closed","template":"","meta":[],"product_brand":[],"product_cat":[137],"product_tag":[],"class_list":{"0":"post-6702","1":"product","2":"type-product","3":"status-publish","5":"product_cat-maros-megyei-eletrajzi-lexikon","7":"first","8":"instock","9":"shipping-taxable","10":"product-type-simple"},"_links":{"self":[{"href":"https:\/\/uj.adatbank.ro\/lexikon\/wp-json\/wp\/v2\/product\/6702","targetHints":{"allow":["GET"]}}],"collection":[{"href":"https:\/\/uj.adatbank.ro\/lexikon\/wp-json\/wp\/v2\/product"}],"about":[{"href":"https:\/\/uj.adatbank.ro\/lexikon\/wp-json\/wp\/v2\/types\/product"}],"replies":[{"embeddable":true,"href":"https:\/\/uj.adatbank.ro\/lexikon\/wp-json\/wp\/v2\/comments?post=6702"}],"wp:attachment":[{"href":"https:\/\/uj.adatbank.ro\/lexikon\/wp-json\/wp\/v2\/media?parent=6702"}],"wp:term":[{"taxonomy":"product_brand","embeddable":true,"href":"https:\/\/uj.adatbank.ro\/lexikon\/wp-json\/wp\/v2\/product_brand?post=6702"},{"taxonomy":"product_cat","embeddable":true,"href":"https:\/\/uj.adatbank.ro\/lexikon\/wp-json\/wp\/v2\/product_cat?post=6702"},{"taxonomy":"product_tag","embeddable":true,"href":"https:\/\/uj.adatbank.ro\/lexikon\/wp-json\/wp\/v2\/product_tag?post=6702"}],"curies":[{"name":"wp","href":"https:\/\/api.w.org\/{rel}","templated":true}]}}