{"id":6703,"date":"2025-06-28T18:01:51","date_gmt":"2025-06-28T16:01:51","guid":{"rendered":"https:\/\/uj.adatbank.ro\/lexikon\/termek\/demeter-gyula-szemerjai\/"},"modified":"2025-06-28T18:01:51","modified_gmt":"2025-06-28T16:01:51","slug":"demeter-gyula-szemerjai","status":"publish","type":"product","link":"https:\/\/uj.adatbank.ro\/lexikon\/termek\/demeter-gyula-szemerjai\/","title":{"rendered":"DEMETER Gyula, szemerjai"},"content":{"rendered":"<p>Gyulakuta, 1907. okt. 19., \u2020 Novgorod-Seversk (Oroszo.), 1943. okt. 19.: h\u00edrlap\u00edr\u00f3. \u2013 K\u00f6z\u00e9piskol\u00e1it Nagyenyeden \u00e9s Sz\u00e9kelyudvarhelyen (1926), a b\u00f6lcs\u00e9szetet Szegeden hallgatta (1926\u201328), majd Kv.-on a Hittudom\u00e1nyi Karon v\u00e9gzett (1933). Bp.-en telepedett le (1933), ahol mint nevel\u0151, mag\u00e1n tisztvisel\u0151 tartotta fenn mag\u00e1t, majd \u00c9rsek\u00fajv\u00e1rra ker\u00fclt, ahol megn\u0151s\u00fclt. Megind\u00edtotta a Bp-en a Magyar \u00dajs\u00e1got (1936), amely m\u00e1r a 2. sz\u00e1mn\u00e1l megsz\u0171nt. Verseit, novell\u00e1it \u00e9s politikai cikkeit k\u00f6z\u00f6lte az: Enyedi \u00dajs\u00e1g, Ifj\u00fa Erd\u00e9ly, bp.-i \u0150ser\u0151, \u00c9rsek\u00fajv\u00e1r, M. Vid\u00e9k. A II. vh. harcaiban Novgorod-Severskben esett el. \u2013 <strong>F. m.:<\/strong> F\u00e1k hal\u00e1la (Torda, 1928); Balog Andr\u00e1s a sz\u00edvpoklosok k\u00f6z\u00f6tt (Bp., 1937); B\u00e9ke a n\u00e9met gy\u0151zelem ut\u00e1n (\u00c9rsek\u00fajv\u00e1r, 1941); \u0150rs\u00e9gen (\u00c9rsek\u00fajv\u00e1r, 1942). <br \/><strong>Irod.:<\/strong> Guly\u00e1s<\/br><\/p>\n","protected":false},"excerpt":{"rendered":"<p>Gyulakuta, 1907. okt. 19., \u2020 Novgorod-Seversk (Oroszo.), 1943. okt. 19.: h\u00edrlap\u00edr\u00f3. \u2013 K\u00f6z\u00e9piskol\u00e1it Nagyenyeden \u00e9s Sz\u00e9kelyudvarhelyen (1926), a b\u00f6lcs\u00e9szetet Szegeden hallgatta (1926\u201328), majd Kv.-on a Hittudom\u00e1nyi Karon v\u00e9gzett (1933). Bp.-en telepedett le (1933), ahol mint nevel\u0151, mag\u00e1n tisztvisel\u0151 tartotta fenn mag\u00e1t, majd \u00c9rsek\u00fajv\u00e1rra ker\u00fclt, ahol megn\u0151s\u00fclt. Megind\u00edtotta a Bp-en a Magyar \u00dajs\u00e1got (1936), amely m\u00e1r [&hellip;]<\/p>\n","protected":false},"featured_media":0,"comment_status":"open","ping_status":"closed","template":"","meta":[],"product_brand":[],"product_cat":[137],"product_tag":[],"class_list":{"0":"post-6703","1":"product","2":"type-product","3":"status-publish","5":"product_cat-maros-megyei-eletrajzi-lexikon","7":"first","8":"instock","9":"shipping-taxable","10":"product-type-simple"},"_links":{"self":[{"href":"https:\/\/uj.adatbank.ro\/lexikon\/wp-json\/wp\/v2\/product\/6703","targetHints":{"allow":["GET"]}}],"collection":[{"href":"https:\/\/uj.adatbank.ro\/lexikon\/wp-json\/wp\/v2\/product"}],"about":[{"href":"https:\/\/uj.adatbank.ro\/lexikon\/wp-json\/wp\/v2\/types\/product"}],"replies":[{"embeddable":true,"href":"https:\/\/uj.adatbank.ro\/lexikon\/wp-json\/wp\/v2\/comments?post=6703"}],"wp:attachment":[{"href":"https:\/\/uj.adatbank.ro\/lexikon\/wp-json\/wp\/v2\/media?parent=6703"}],"wp:term":[{"taxonomy":"product_brand","embeddable":true,"href":"https:\/\/uj.adatbank.ro\/lexikon\/wp-json\/wp\/v2\/product_brand?post=6703"},{"taxonomy":"product_cat","embeddable":true,"href":"https:\/\/uj.adatbank.ro\/lexikon\/wp-json\/wp\/v2\/product_cat?post=6703"},{"taxonomy":"product_tag","embeddable":true,"href":"https:\/\/uj.adatbank.ro\/lexikon\/wp-json\/wp\/v2\/product_tag?post=6703"}],"curies":[{"name":"wp","href":"https:\/\/api.w.org\/{rel}","templated":true}]}}

<p>Gyulakuta, 1907. okt. 19., † Novgorod-Seversk (Oroszo.), 1943. okt. 19.: hírlapíró. – Középiskoláit Nagyenyeden és Székelyudvarhelyen (1926), a bölcsészetet Szegeden hallgatta (1926–28), majd Kv.-on a Hittudományi Karon végzett (1933). Bp.-en telepedett le (1933), ahol mint nevelő, magán tisztviselő tartotta fenn magát, majd Érsekújvárra került, ahol megnősült. Megindította a Bp-en a Magyar Újságot (1936), amely már a 2. számnál megszűnt. Verseit, novelláit és politikai cikkeit közölte az: Enyedi Újság, Ifjú Erdély, bp.-i Őserő, Érsekújvár, M. Vidék. A II. vh. harcaiban Novgorod-Severskben esett el. – <strong>F. m.:</strong> Fák halála (Torda, 1928); Balog András a szívpoklosok között (Bp., 1937); Béke a német győzelem után (Érsekújvár, 1941); Őrségen (Érsekújvár, 1942). <br /><strong>Irod.:</strong> Gulyás</br></p>

<p>Gyulakuta, 1907. okt. 19., † Novgorod-Seversk (Oroszo.), 1943. okt. 19.: hírlapíró. – Középiskoláit Nagyenyeden és Székelyudvarhelyen (1926), a bölcsészetet Szegeden hallgatta (1926–28), majd Kv.-on a Hittudományi Karon végzett (1933). Bp.-en telepedett le (1933), ahol mint nevelő, magán tisztviselő tartotta fenn magát, majd Érsekújvárra került, ahol megnősült. Megindította a Bp-en a Magyar Újságot (1936), amely már [&hellip;]</p>
