{"id":6706,"date":"2025-06-28T18:01:59","date_gmt":"2025-06-28T16:01:59","guid":{"rendered":"https:\/\/uj.adatbank.ro\/lexikon\/termek\/demeter-istvan-2\/"},"modified":"2025-06-28T18:01:59","modified_gmt":"2025-06-28T16:01:59","slug":"demeter-istvan-2","status":"publish","type":"product","link":"https:\/\/uj.adatbank.ro\/lexikon\/termek\/demeter-istvan-2\/","title":{"rendered":"DEMETER Istv\u00e1n"},"content":{"rendered":"<p>Ny\u00e1r\u00e1dszentanna, 1898. \u2020\u00a0Ny\u00e1r\u00e1dszentanna, 1980. jan. 8.: ref. lelk\u00e9sz. \u2013 Tanulm\u00e1nyait Mv.-en \u00e9s Kv.-on v\u00e9gezte. Lelk\u00e9sz volt K\u00fcsm\u00f6d\u00f6n majd Ny\u00e1r\u00e1dszentann\u00e1n (1929\u2013). Az els\u0151 vh.-ban a 22. gy. ezredben az orosz fronton harcolt, mint hadapr\u00f3d\u0151rmester. A MP. -nak eln\u00f6ke, a T\u00fczolt\u00f3 Egyes\u00fclet eln\u00f6ke, az \u00dari Kaszin\u00f3 v\u00e1lasztm\u00e1nyi tagja, minden kult\u00farint\u00e9zm\u00e9ny ir\u00e1ny\u00edt\u00f3ja volt. <br \/><strong>Irod.:<\/strong> Ref. egyetemes n\u00e9vt\u00e1r; Sz\u00e9kelyf\u00f6ld \u00ed. k.; [Nekrol\u00f3g] (V. Z., 1980. jan. 9.)<\/br><\/p>\n","protected":false},"excerpt":{"rendered":"<p>Ny\u00e1r\u00e1dszentanna, 1898. \u2020\u00a0Ny\u00e1r\u00e1dszentanna, 1980. jan. 8.: ref. lelk\u00e9sz. \u2013 Tanulm\u00e1nyait Mv.-en \u00e9s Kv.-on v\u00e9gezte. Lelk\u00e9sz volt K\u00fcsm\u00f6d\u00f6n majd Ny\u00e1r\u00e1dszentann\u00e1n (1929\u2013). Az els\u0151 vh.-ban a 22. gy. ezredben az orosz fronton harcolt, mint hadapr\u00f3d\u0151rmester. A MP. -nak eln\u00f6ke, a T\u00fczolt\u00f3 Egyes\u00fclet eln\u00f6ke, az \u00dari Kaszin\u00f3 v\u00e1lasztm\u00e1nyi tagja, minden kult\u00farint\u00e9zm\u00e9ny ir\u00e1ny\u00edt\u00f3ja volt. Irod.: Ref. egyetemes n\u00e9vt\u00e1r; Sz\u00e9kelyf\u00f6ld [&hellip;]<\/p>\n","protected":false},"featured_media":0,"comment_status":"open","ping_status":"closed","template":"","meta":[],"product_brand":[],"product_cat":[137],"product_tag":[],"class_list":{"0":"post-6706","1":"product","2":"type-product","3":"status-publish","5":"product_cat-maros-megyei-eletrajzi-lexikon","7":"first","8":"instock","9":"shipping-taxable","10":"product-type-simple"},"_links":{"self":[{"href":"https:\/\/uj.adatbank.ro\/lexikon\/wp-json\/wp\/v2\/product\/6706","targetHints":{"allow":["GET"]}}],"collection":[{"href":"https:\/\/uj.adatbank.ro\/lexikon\/wp-json\/wp\/v2\/product"}],"about":[{"href":"https:\/\/uj.adatbank.ro\/lexikon\/wp-json\/wp\/v2\/types\/product"}],"replies":[{"embeddable":true,"href":"https:\/\/uj.adatbank.ro\/lexikon\/wp-json\/wp\/v2\/comments?post=6706"}],"wp:attachment":[{"href":"https:\/\/uj.adatbank.ro\/lexikon\/wp-json\/wp\/v2\/media?parent=6706"}],"wp:term":[{"taxonomy":"product_brand","embeddable":true,"href":"https:\/\/uj.adatbank.ro\/lexikon\/wp-json\/wp\/v2\/product_brand?post=6706"},{"taxonomy":"product_cat","embeddable":true,"href":"https:\/\/uj.adatbank.ro\/lexikon\/wp-json\/wp\/v2\/product_cat?post=6706"},{"taxonomy":"product_tag","embeddable":true,"href":"https:\/\/uj.adatbank.ro\/lexikon\/wp-json\/wp\/v2\/product_tag?post=6706"}],"curies":[{"name":"wp","href":"https:\/\/api.w.org\/{rel}","templated":true}]}}

DEMETER István

<p>Nyárádszentanna, 1898. † Nyárádszentanna, 1980. jan. 8.: ref. lelkész. – Tanulmányait Mv.-en és Kv.-on végezte. Lelkész volt Küsmödön majd Nyárádszentannán (1929–). Az első vh.-ban a 22. gy. ezredben az orosz fronton harcolt, mint hadapródőrmester. A MP. -nak elnöke, a Tüzoltó Egyesület elnöke, az Úri Kaszinó választmányi tagja, minden kultúrintézmény irányítója volt. <br /><strong>Irod.:</strong> Ref. egyetemes névtár; Székelyföld í. k.; [Nekrológ] (V. Z., 1980. jan. 9.)</br></p>

<p>Nyárádszentanna, 1898. † Nyárádszentanna, 1980. jan. 8.: ref. lelkész. – Tanulmányait Mv.-en és Kv.-on végezte. Lelkész volt Küsmödön majd Nyárádszentannán (1929–). Az első vh.-ban a 22. gy. ezredben az orosz fronton harcolt, mint hadapródőrmester. A MP. -nak elnöke, a Tüzoltó Egyesület elnöke, az Úri Kaszinó választmányi tagja, minden kultúrintézmény irányítója volt. Irod.: Ref. egyetemes névtár; Székelyföld [&hellip;]</p>
