{"id":6708,"date":"2025-06-28T18:02:06","date_gmt":"2025-06-28T16:02:06","guid":{"rendered":"https:\/\/uj.adatbank.ro\/lexikon\/termek\/demeter-janos\/"},"modified":"2025-06-28T18:02:06","modified_gmt":"2025-06-28T16:02:06","slug":"demeter-janos","status":"publish","type":"product","link":"https:\/\/uj.adatbank.ro\/lexikon\/termek\/demeter-janos\/","title":{"rendered":"DEMETER J\u00e1nos"},"content":{"rendered":"<p>Sz\u00e9kelymuzsna, 1788. okt. 1. \u20201838. \u00e1pr. 19.: birtokos, gazdatiszt. \u2013 Sz\u00e9kelykereszt\u00faron \u00e9s Kv.-on tanult. D\u00e9genfeld Mikl\u00f3sn\u00e9 kutyfalvi uradalm\u00e1nak volt vezet\u0151je. Sz\u00e9kelymuzsnai birtok\u00e1t a helyi egyh\u00e1zk\u00f6zs\u00e9gre hagyta. <br \/><strong>Irod.:<\/strong> Kelemen<\/br><\/p>\n","protected":false},"excerpt":{"rendered":"<p>Sz\u00e9kelymuzsna, 1788. okt. 1. \u20201838. \u00e1pr. 19.: birtokos, gazdatiszt. \u2013 Sz\u00e9kelykereszt\u00faron \u00e9s Kv.-on tanult. D\u00e9genfeld Mikl\u00f3sn\u00e9 kutyfalvi uradalm\u00e1nak volt vezet\u0151je. Sz\u00e9kelymuzsnai birtok\u00e1t a helyi egyh\u00e1zk\u00f6zs\u00e9gre hagyta. Irod.: Kelemen<\/p>\n","protected":false},"featured_media":0,"comment_status":"open","ping_status":"closed","template":"","meta":[],"product_brand":[],"product_cat":[137],"product_tag":[],"class_list":{"0":"post-6708","1":"product","2":"type-product","3":"status-publish","5":"product_cat-maros-megyei-eletrajzi-lexikon","7":"first","8":"instock","9":"shipping-taxable","10":"product-type-simple"},"_links":{"self":[{"href":"https:\/\/uj.adatbank.ro\/lexikon\/wp-json\/wp\/v2\/product\/6708","targetHints":{"allow":["GET"]}}],"collection":[{"href":"https:\/\/uj.adatbank.ro\/lexikon\/wp-json\/wp\/v2\/product"}],"about":[{"href":"https:\/\/uj.adatbank.ro\/lexikon\/wp-json\/wp\/v2\/types\/product"}],"replies":[{"embeddable":true,"href":"https:\/\/uj.adatbank.ro\/lexikon\/wp-json\/wp\/v2\/comments?post=6708"}],"wp:attachment":[{"href":"https:\/\/uj.adatbank.ro\/lexikon\/wp-json\/wp\/v2\/media?parent=6708"}],"wp:term":[{"taxonomy":"product_brand","embeddable":true,"href":"https:\/\/uj.adatbank.ro\/lexikon\/wp-json\/wp\/v2\/product_brand?post=6708"},{"taxonomy":"product_cat","embeddable":true,"href":"https:\/\/uj.adatbank.ro\/lexikon\/wp-json\/wp\/v2\/product_cat?post=6708"},{"taxonomy":"product_tag","embeddable":true,"href":"https:\/\/uj.adatbank.ro\/lexikon\/wp-json\/wp\/v2\/product_tag?post=6708"}],"curies":[{"name":"wp","href":"https:\/\/api.w.org\/{rel}","templated":true}]}}