{"id":6711,"date":"2025-06-28T18:02:11","date_gmt":"2025-06-28T16:02:11","guid":{"rendered":"https:\/\/uj.adatbank.ro\/lexikon\/termek\/demeter-jeno\/"},"modified":"2025-06-28T18:02:11","modified_gmt":"2025-06-28T16:02:11","slug":"demeter-jeno","status":"publish","type":"product","link":"https:\/\/uj.adatbank.ro\/lexikon\/termek\/demeter-jeno\/","title":{"rendered":"DEMETER Jen\u0151"},"content":{"rendered":"<p>Marosugra, 1934. m\u00e1j. 10., \u2020\u00a0Bar\u00f3t, 1984. nov. 18: orvos. \u2013 Apja J\u00e1nos, m\u00e9sz\u00e1ros, anyja M\u00e1ria, varr\u00f3n\u0151. \u00d6ccse J\u00e1nos. Feles\u00e9ge: Ungv\u00e1ri J\u00falia, koll\u00e9ga. Fiaik: J\u00e1nos (1961\u2013), Istv\u00e1n (1966\u2013) \u2013 A MOGYI \u00e1ltal\u00e1nos orvosi kar\u00e1n v\u00e9gzettek (1953). K\u00f6pecb\u00e1ny\u00e1ra ker\u00fcltek, majd Bar\u00f3tra. Sz\u00edvbetegk\u00e9nt az utols\u00f3 3 h\u00f3nap kiv\u00e9tel\u00e9vel v\u00e9gig dolgozott. <br \/><strong>Irod.:<\/strong> Nagy L.<\/br><\/p>\n","protected":false},"excerpt":{"rendered":"<p>Marosugra, 1934. m\u00e1j. 10., \u2020\u00a0Bar\u00f3t, 1984. nov. 18: orvos. \u2013 Apja J\u00e1nos, m\u00e9sz\u00e1ros, anyja M\u00e1ria, varr\u00f3n\u0151. \u00d6ccse J\u00e1nos. Feles\u00e9ge: Ungv\u00e1ri J\u00falia, koll\u00e9ga. Fiaik: J\u00e1nos (1961\u2013), Istv\u00e1n (1966\u2013) \u2013 A MOGYI \u00e1ltal\u00e1nos orvosi kar\u00e1n v\u00e9gzettek (1953). K\u00f6pecb\u00e1ny\u00e1ra ker\u00fcltek, majd Bar\u00f3tra. Sz\u00edvbetegk\u00e9nt az utols\u00f3 3 h\u00f3nap kiv\u00e9tel\u00e9vel v\u00e9gig dolgozott. Irod.: Nagy L.<\/p>\n","protected":false},"featured_media":0,"comment_status":"open","ping_status":"closed","template":"","meta":[],"product_brand":[],"product_cat":[137],"product_tag":[],"class_list":{"0":"post-6711","1":"product","2":"type-product","3":"status-publish","5":"product_cat-maros-megyei-eletrajzi-lexikon","7":"first","8":"instock","9":"shipping-taxable","10":"product-type-simple"},"_links":{"self":[{"href":"https:\/\/uj.adatbank.ro\/lexikon\/wp-json\/wp\/v2\/product\/6711","targetHints":{"allow":["GET"]}}],"collection":[{"href":"https:\/\/uj.adatbank.ro\/lexikon\/wp-json\/wp\/v2\/product"}],"about":[{"href":"https:\/\/uj.adatbank.ro\/lexikon\/wp-json\/wp\/v2\/types\/product"}],"replies":[{"embeddable":true,"href":"https:\/\/uj.adatbank.ro\/lexikon\/wp-json\/wp\/v2\/comments?post=6711"}],"wp:attachment":[{"href":"https:\/\/uj.adatbank.ro\/lexikon\/wp-json\/wp\/v2\/media?parent=6711"}],"wp:term":[{"taxonomy":"product_brand","embeddable":true,"href":"https:\/\/uj.adatbank.ro\/lexikon\/wp-json\/wp\/v2\/product_brand?post=6711"},{"taxonomy":"product_cat","embeddable":true,"href":"https:\/\/uj.adatbank.ro\/lexikon\/wp-json\/wp\/v2\/product_cat?post=6711"},{"taxonomy":"product_tag","embeddable":true,"href":"https:\/\/uj.adatbank.ro\/lexikon\/wp-json\/wp\/v2\/product_tag?post=6711"}],"curies":[{"name":"wp","href":"https:\/\/api.w.org\/{rel}","templated":true}]}}