{"id":6716,"date":"2025-06-28T18:02:21","date_gmt":"2025-06-28T16:02:21","guid":{"rendered":"https:\/\/uj.adatbank.ro\/lexikon\/termek\/demeter-karoly\/"},"modified":"2025-06-28T18:02:21","modified_gmt":"2025-06-28T16:02:21","slug":"demeter-karoly","status":"publish","type":"product","link":"https:\/\/uj.adatbank.ro\/lexikon\/termek\/demeter-karoly\/","title":{"rendered":"DEMETER K\u00e1roly"},"content":{"rendered":"<p>Kv., 1852., \u2020 Mv., 1890. m\u00e1rc. 12.: tan\u00e1r, moh\u00e1sz. \u2013 D. K\u00e1roly \u00fcgyv\u00e9d \u00e9s Horv\u00e1th Anna fia. Testv\u00e9rei: D. Ilka Herepei Gergelyn\u00e9; Dezs\u0151. Feles\u00e9ge: Fintha Gizella. Fi\u00fak: Tibor. \u2013 A k\u00f6z\u00e9piskol\u00e1t Kv.-on v\u00e9gezte a Ref. Koll.-ban (1870); a b\u00e9csi egyetem hallgat\u00f3ja, ahol vegytan, bonc-, \u00e9let-, sz\u00f6vettant tanult (1870\u201375); B\u00e9csben gyakornok a vegytan tansz\u00e9ken\u00a0(1873\u201375). Mv.-en a Ref. Koll.-ban tan\u00edtott vegytant \u00e9s term\u00e9szetrajzot (1877. \u00e1pr. 7\u20131890); 1300 t\u00e1rggyal gazdag\u00edtotta az iskola szert\u00e1r\u00e1t; szabads\u00e1gol\u00e1sa alatt a kv.-i egyetemen bio\u00adl\u00f3giai tanulm\u00e1nyokat folytatott (1880\u20138l), ismert moh\u00e1sz, b\u00f6lcs\u00e9szdoktori oklevelet szerzett a kv.-i Ferenc J\u00f3zsef TE-en (1881. j\u00fan. 18.). Sz\u00e1mos adatot k\u00f6z\u00f6lt Erd\u00e9ly \u00e9s az eg\u00e9sz orsz\u00e1g moha-fl\u00f3r\u00e1j\u00e1r\u00f3l. Tudom\u00e1nyos munk\u00e1ss\u00e1ga New-Yorkt\u00f3l Szentp\u00e9terv\u00e1rig ismert. Cikkeit \u00e9s \u00e9rtekez\u00e9seit k\u00f6z\u00f6lte a\u00a0: Kelet, Mv.-i Ev. Ref. Koll\u00e9gium \u00c9rtes\u00edt\u0151je, M. N\u00f6v\u00e9nytani Lapok, EMEt Orvos-Term. \u00c9rtes\u00edt\u0151je, Term\u00e9szettudom\u00e1nyi K\u00f6zl\u00f6ny. \u2013 <strong>F. m.:<\/strong> Az urticace\u00e1k sz\u00f6vettan\u00e1hoz (Kv., 1881); Puccinia Helianthi Schwein (Kv., s. a ); Grimmieae Tatrenses (Kv., s. a.); K\u00e9zirat\u00e1t: Adatok a Sz\u00e9kelyf\u00f6ld mohafl\u00f3r\u00e1j\u00e1hoz c. a MTA.-hoz adta be. <br \/><strong>Irod.:<\/strong> Csekme; Er\u0151s v\u00e1runk; Gy\u00e1szjelent\u0151; Koncz; M\u00c9L; A m. \u00e1llattani irodalom ismertet\u00e9se (Bp., 1891\u20131903); A magyro.-i k\u00f6z\u00e9piskol\u00e1kban 1850\u201355 \u2013ig megjelent \u00f6sszes programm\u00e9rtekez\u00e9sek repert\u00f3riuma (Bp., 1887); Ol\u00e1h-G\u00e1l R\u00f3bert: Az els\u0151 mv.-i doktorok (N\u00fa., Sz\u00ednes Vil\u00e1g, 2012. j\u00fan. 16.); P\u00e1lmay J\u00f3zsef; Par\u00e1di; Szab\u00f3\u2013Simon\u2013Sz\u00f6gi; Szinnyei; Todea\u2013F\u00fcl\u00f6p\u2013Avram; \u00daM\u00c9L<\/br><\/p>\n","protected":false},"excerpt":{"rendered":"<p>Kv., 1852., \u2020 Mv., 1890. m\u00e1rc. 12.: tan\u00e1r, moh\u00e1sz. \u2013 D. K\u00e1roly \u00fcgyv\u00e9d \u00e9s Horv\u00e1th Anna fia. Testv\u00e9rei: D. Ilka Herepei Gergelyn\u00e9; Dezs\u0151. Feles\u00e9ge: Fintha Gizella. Fi\u00fak: Tibor. \u2013 A k\u00f6z\u00e9piskol\u00e1t Kv.-on v\u00e9gezte a Ref. Koll.-ban (1870); a b\u00e9csi egyetem hallgat\u00f3ja, ahol vegytan, bonc-, \u00e9let-, sz\u00f6vettant tanult (1870\u201375); B\u00e9csben gyakornok a vegytan tansz\u00e9ken\u00a0(1873\u201375). Mv.-en a [&hellip;]<\/p>\n","protected":false},"featured_media":0,"comment_status":"open","ping_status":"closed","template":"","meta":[],"product_brand":[],"product_cat":[137],"product_tag":[],"class_list":{"0":"post-6716","1":"product","2":"type-product","3":"status-publish","5":"product_cat-maros-megyei-eletrajzi-lexikon","7":"first","8":"instock","9":"shipping-taxable","10":"product-type-simple"},"_links":{"self":[{"href":"https:\/\/uj.adatbank.ro\/lexikon\/wp-json\/wp\/v2\/product\/6716","targetHints":{"allow":["GET"]}}],"collection":[{"href":"https:\/\/uj.adatbank.ro\/lexikon\/wp-json\/wp\/v2\/product"}],"about":[{"href":"https:\/\/uj.adatbank.ro\/lexikon\/wp-json\/wp\/v2\/types\/product"}],"replies":[{"embeddable":true,"href":"https:\/\/uj.adatbank.ro\/lexikon\/wp-json\/wp\/v2\/comments?post=6716"}],"wp:attachment":[{"href":"https:\/\/uj.adatbank.ro\/lexikon\/wp-json\/wp\/v2\/media?parent=6716"}],"wp:term":[{"taxonomy":"product_brand","embeddable":true,"href":"https:\/\/uj.adatbank.ro\/lexikon\/wp-json\/wp\/v2\/product_brand?post=6716"},{"taxonomy":"product_cat","embeddable":true,"href":"https:\/\/uj.adatbank.ro\/lexikon\/wp-json\/wp\/v2\/product_cat?post=6716"},{"taxonomy":"product_tag","embeddable":true,"href":"https:\/\/uj.adatbank.ro\/lexikon\/wp-json\/wp\/v2\/product_tag?post=6716"}],"curies":[{"name":"wp","href":"https:\/\/api.w.org\/{rel}","templated":true}]}}